--
-- Host: localhost    Database: sidesi5_wp991
-- ------------------------------------------------------


--
-- Table structure for table `sidesi5_actionscheduler_actions`
--

CREATE TABLE `sidesi5_actionscheduler_actions` (
  `action_id` bigint(20) unsigned NOT NULL AUTO_INCREMENT,
  `hook` varchar(191) COLLATE utf8mb4_unicode_520_ci NOT NULL,
  `status` varchar(20) COLLATE utf8mb4_unicode_520_ci NOT NULL,
  `scheduled_date_gmt` datetime DEFAULT '0000-00-00 00:00:00',
  `scheduled_date_local` datetime DEFAULT '0000-00-00 00:00:00',
  `args` varchar(191) COLLATE utf8mb4_unicode_520_ci DEFAULT NULL,
  `schedule` longtext COLLATE utf8mb4_unicode_520_ci,
  `group_id` bigint(20) unsigned NOT NULL DEFAULT '0',
  `attempts` int(11) NOT NULL DEFAULT '0',
  `last_attempt_gmt` datetime DEFAULT '0000-00-00 00:00:00',
  `last_attempt_local` datetime DEFAULT '0000-00-00 00:00:00',
  `claim_id` bigint(20) unsigned NOT NULL DEFAULT '0',
  `extended_args` varchar(8000) COLLATE utf8mb4_unicode_520_ci DEFAULT NULL,
  `priority` tinyint(3) unsigned NOT NULL DEFAULT '10',
  PRIMARY KEY (`action_id`),
  KEY `hook` (`hook`),
  KEY `status` (`status`),
  KEY `scheduled_date_gmt` (`scheduled_date_gmt`),
  KEY `args` (`args`),
  KEY `group_id` (`group_id`),
  KEY `last_attempt_gmt` (`last_attempt_gmt`),
  KEY `claim_id_status_scheduled_date_gmt` (`claim_id`,`status`,`scheduled_date_gmt`)
) ENGINE=MyISAM AUTO_INCREMENT=8091 DEFAULT CHARSET=utf8mb4 COLLATE=utf8mb4_unicode_520_ci;

--
-- Dumping data for table `sidesi5_actionscheduler_actions`
--

INSERT INTO `sidesi5_actionscheduler_actions` VALUES (8058,'woocommerce_cleanup_draft_orders','complete','2023-12-22 23:11:05','2023-12-22 23:11:05','[]','O:32:\"ActionScheduler_IntervalSchedule\":5:{s:22:\"\0*\0scheduled_timestamp\";i:1703286665;s:18:\"\0*\0first_timestamp\";i:1666374388;s:13:\"\0*\0recurrence\";i:86400;s:49:\"\0ActionScheduler_IntervalSchedule\0start_timestamp\";i:1703286665;s:53:\"\0ActionScheduler_IntervalSchedule\0interval_in_seconds\";i:86400;}',6,1,'2023-12-22 23:11:36','2023-12-22 15:11:36',0,NULL,10),(8059,'woocommerce_cleanup_draft_orders','complete','2023-12-23 23:11:36','2023-12-23 23:11:36','[]','O:32:\"ActionScheduler_IntervalSchedule\":5:{s:22:\"\0*\0scheduled_timestamp\";i:1703373096;s:18:\"\0*\0first_timestamp\";i:1666374388;s:13:\"\0*\0recurrence\";i:86400;s:49:\"\0ActionScheduler_IntervalSchedule\0start_timestamp\";i:1703373096;s:53:\"\0ActionScheduler_IntervalSchedule\0interval_in_seconds\";i:86400;}',6,1,'2023-12-23 23:12:16','2023-12-23 15:12:16',0,NULL,10),(8060,'wc-admin_import_orders','complete','2023-12-23 16:59:09','2023-12-23 16:59:09','[7351]','O:30:\"ActionScheduler_SimpleSchedule\":2:{s:22:\"\0*\0scheduled_timestamp\";i:1703350749;s:41:\"\0ActionScheduler_SimpleSchedule\0timestamp\";i:1703350749;}',2,1,'2023-12-23 17:00:08','2023-12-23 09:00:08',0,NULL,10),(7660,'woocommerce_run_on_woocommerce_admin_updated','failed','2023-03-07 18:55:25','2023-03-07 18:55:25','[\"Automattic\\\\WooCommerce\\\\Admin\\\\RemoteInboxNotifications\\\\RemoteInboxNotificationsEngine\",\"run_on_woocommerce_admin_updated\"]','O:30:\"ActionScheduler_SimpleSchedule\":2:{s:22:\"\0*\0scheduled_timestamp\";i:1678215325;s:41:\"\0ActionScheduler_SimpleSchedule\0timestamp\";i:1678215325;}',5,1,'2023-03-07 18:55:27','2023-03-07 10:55:27',0,NULL,10),(8053,'woocommerce_cleanup_draft_orders','complete','2023-12-17 22:59:16','2023-12-17 22:59:16','[]','O:32:\"ActionScheduler_IntervalSchedule\":5:{s:22:\"\0*\0scheduled_timestamp\";i:1702853956;s:18:\"\0*\0first_timestamp\";i:1666374388;s:13:\"\0*\0recurrence\";i:86400;s:49:\"\0ActionScheduler_IntervalSchedule\0start_timestamp\";i:1702853956;s:53:\"\0ActionScheduler_IntervalSchedule\0interval_in_seconds\";i:86400;}',6,1,'2023-12-17 23:00:31','2023-12-17 15:00:31',0,NULL,10),(8062,'woocommerce_cleanup_draft_orders','complete','2023-12-25 23:13:04','2023-12-25 23:13:04','[]','O:32:\"ActionScheduler_IntervalSchedule\":5:{s:22:\"\0*\0scheduled_timestamp\";i:1703545984;s:18:\"\0*\0first_timestamp\";i:1666374388;s:13:\"\0*\0recurrence\";i:86400;s:49:\"\0ActionScheduler_IntervalSchedule\0start_timestamp\";i:1703545984;s:53:\"\0ActionScheduler_IntervalSchedule\0interval_in_seconds\";i:86400;}',6,1,'2023-12-25 23:13:04','2023-12-25 15:13:04',0,NULL,10),(7779,'woocommerce_run_on_woocommerce_admin_updated','failed','2023-05-10 01:55:19','2023-05-10 01:55:19','[\"Automattic\\\\WooCommerce\\\\Admin\\\\RemoteInboxNotifications\\\\RemoteInboxNotificationsEngine\",\"run_on_woocommerce_admin_updated\"]','O:30:\"ActionScheduler_SimpleSchedule\":2:{s:22:\"\0*\0scheduled_timestamp\";i:1683683719;s:41:\"\0ActionScheduler_SimpleSchedule\0timestamp\";i:1683683719;}',5,1,'2023-05-10 01:55:22','2023-05-09 17:55:22',0,NULL,10),(8090,'woocommerce_cleanup_draft_orders','pending','2024-01-17 23:42:03','2024-01-17 23:42:03','[]','O:32:\"ActionScheduler_IntervalSchedule\":5:{s:22:\"\0*\0scheduled_timestamp\";i:1705534923;s:18:\"\0*\0first_timestamp\";i:1666374388;s:13:\"\0*\0recurrence\";i:86400;s:49:\"\0ActionScheduler_IntervalSchedule\0start_timestamp\";i:1705534923;s:53:\"\0ActionScheduler_IntervalSchedule\0interval_in_seconds\";i:86400;}',6,0,'0000-00-00 00:00:00','0000-00-00 00:00:00',0,NULL,10),(8088,'woocommerce_run_on_woocommerce_admin_updated','complete','2024-01-15 21:26:12','2024-01-15 21:26:12','[]','O:30:\"ActionScheduler_SimpleSchedule\":2:{s:22:\"\0*\0scheduled_timestamp\";i:1705353972;s:41:\"\0ActionScheduler_SimpleSchedule\0timestamp\";i:1705353972;}',5,1,'2024-01-15 21:32:57','2024-01-15 13:32:57',0,NULL,10),(8084,'woocommerce_cleanup_draft_orders','complete','2024-01-13 23:32:34','2024-01-13 23:32:34','[]','O:32:\"ActionScheduler_IntervalSchedule\":5:{s:22:\"\0*\0scheduled_timestamp\";i:1705188754;s:18:\"\0*\0first_timestamp\";i:1666374388;s:13:\"\0*\0recurrence\";i:86400;s:49:\"\0ActionScheduler_IntervalSchedule\0start_timestamp\";i:1705188754;s:53:\"\0ActionScheduler_IntervalSchedule\0interval_in_seconds\";i:86400;}',6,1,'2024-01-13 23:35:44','2024-01-13 15:35:44',0,NULL,10),(7751,'woocommerce_run_on_woocommerce_admin_updated','failed','2023-04-14 01:35:37','2023-04-14 01:35:37','[\"Automattic\\\\WooCommerce\\\\Admin\\\\RemoteInboxNotifications\\\\RemoteInboxNotificationsEngine\",\"run_on_woocommerce_admin_updated\"]','O:30:\"ActionScheduler_SimpleSchedule\":2:{s:22:\"\0*\0scheduled_timestamp\";i:1681436137;s:41:\"\0ActionScheduler_SimpleSchedule\0timestamp\";i:1681436137;}',5,1,'2023-04-14 01:35:40','2023-04-13 17:35:40',0,NULL,10),(8063,'woocommerce_cleanup_draft_orders','complete','2023-12-26 23:13:04','2023-12-26 23:13:04','[]','O:32:\"ActionScheduler_IntervalSchedule\":5:{s:22:\"\0*\0scheduled_timestamp\";i:1703632384;s:18:\"\0*\0first_timestamp\";i:1666374388;s:13:\"\0*\0recurrence\";i:86400;s:49:\"\0ActionScheduler_IntervalSchedule\0start_timestamp\";i:1703632384;s:53:\"\0ActionScheduler_IntervalSchedule\0interval_in_seconds\";i:86400;}',6,1,'2023-12-26 23:13:33','2023-12-26 15:13:33',0,NULL,10),(8064,'woocommerce_cleanup_draft_orders','complete','2023-12-27 23:13:33','2023-12-27 23:13:33','[]','O:32:\"ActionScheduler_IntervalSchedule\":5:{s:22:\"\0*\0scheduled_timestamp\";i:1703718813;s:18:\"\0*\0first_timestamp\";i:1666374388;s:13:\"\0*\0recurrence\";i:86400;s:49:\"\0ActionScheduler_IntervalSchedule\0start_timestamp\";i:1703718813;s:53:\"\0ActionScheduler_IntervalSchedule\0interval_in_seconds\";i:86400;}',6,1,'2023-12-27 23:14:16','2023-12-27 15:14:16',0,NULL,10),(7681,'woocommerce_run_on_woocommerce_admin_updated','failed','2023-03-15 01:26:18','2023-03-15 01:26:18','[\"Automattic\\\\WooCommerce\\\\Admin\\\\RemoteInboxNotifications\\\\RemoteInboxNotificationsEngine\",\"run_on_woocommerce_admin_updated\"]','O:30:\"ActionScheduler_SimpleSchedule\":2:{s:22:\"\0*\0scheduled_timestamp\";i:1678843578;s:41:\"\0ActionScheduler_SimpleSchedule\0timestamp\";i:1678843578;}',5,1,'2023-03-15 01:27:23','2023-03-14 17:27:23',0,NULL,10),(8065,'woocommerce_cleanup_draft_orders','complete','2023-12-28 23:14:16','2023-12-28 23:14:16','[]','O:32:\"ActionScheduler_IntervalSchedule\":5:{s:22:\"\0*\0scheduled_timestamp\";i:1703805256;s:18:\"\0*\0first_timestamp\";i:1666374388;s:13:\"\0*\0recurrence\";i:86400;s:49:\"\0ActionScheduler_IntervalSchedule\0start_timestamp\";i:1703805256;s:53:\"\0ActionScheduler_IntervalSchedule\0interval_in_seconds\";i:86400;}',6,1,'2023-12-28 23:14:16','2023-12-28 15:14:16',0,NULL,10),(8067,'woocommerce_cleanup_draft_orders','complete','2023-12-30 23:14:16','2023-12-30 23:14:16','[]','O:32:\"ActionScheduler_IntervalSchedule\":5:{s:22:\"\0*\0scheduled_timestamp\";i:1703978056;s:18:\"\0*\0first_timestamp\";i:1666374388;s:13:\"\0*\0recurrence\";i:86400;s:49:\"\0ActionScheduler_IntervalSchedule\0start_timestamp\";i:1703978056;s:53:\"\0ActionScheduler_IntervalSchedule\0interval_in_seconds\";i:86400;}',6,1,'2023-12-30 23:16:37','2023-12-30 15:16:37',0,NULL,10),(8074,'wc-admin_import_orders','complete','2024-01-04 19:13:07','2024-01-04 19:13:07','[7353]','O:30:\"ActionScheduler_SimpleSchedule\":2:{s:22:\"\0*\0scheduled_timestamp\";i:1704395587;s:41:\"\0ActionScheduler_SimpleSchedule\0timestamp\";i:1704395587;}',2,1,'2024-01-04 19:14:16','2024-01-04 11:14:16',0,NULL,10),(8072,'woocommerce_cleanup_draft_orders','complete','2024-01-03 23:22:02','2024-01-03 23:22:02','[]','O:32:\"ActionScheduler_IntervalSchedule\":5:{s:22:\"\0*\0scheduled_timestamp\";i:1704324122;s:18:\"\0*\0first_timestamp\";i:1666374388;s:13:\"\0*\0recurrence\";i:86400;s:49:\"\0ActionScheduler_IntervalSchedule\0start_timestamp\";i:1704324122;s:53:\"\0ActionScheduler_IntervalSchedule\0interval_in_seconds\";i:86400;}',6,1,'2024-01-03 23:26:19','2024-01-03 15:26:19',0,NULL,10),(8068,'woocommerce_cleanup_draft_orders','complete','2023-12-31 23:16:37','2023-12-31 23:16:37','[]','O:32:\"ActionScheduler_IntervalSchedule\":5:{s:22:\"\0*\0scheduled_timestamp\";i:1704064597;s:18:\"\0*\0first_timestamp\";i:1666374388;s:13:\"\0*\0recurrence\";i:86400;s:49:\"\0ActionScheduler_IntervalSchedule\0start_timestamp\";i:1704064597;s:53:\"\0ActionScheduler_IntervalSchedule\0interval_in_seconds\";i:86400;}',6,1,'2023-12-31 23:17:57','2023-12-31 15:17:57',0,NULL,10),(8070,'woocommerce_cleanup_draft_orders','complete','2024-01-02 23:21:52','2024-01-02 23:21:52','[]','O:32:\"ActionScheduler_IntervalSchedule\":5:{s:22:\"\0*\0scheduled_timestamp\";i:1704237712;s:18:\"\0*\0first_timestamp\";i:1666374388;s:13:\"\0*\0recurrence\";i:86400;s:49:\"\0ActionScheduler_IntervalSchedule\0start_timestamp\";i:1704237712;s:53:\"\0ActionScheduler_IntervalSchedule\0interval_in_seconds\";i:86400;}',6,1,'2024-01-02 23:22:02','2024-01-02 15:22:02',0,NULL,10),(6788,'woocommerce_run_product_attribute_lookup_regeneration_callback','failed','2022-11-10 17:27:18','2022-11-10 17:27:18','[]','O:30:\"ActionScheduler_SimpleSchedule\":2:{s:22:\"\0*\0scheduled_timestamp\";i:1668101238;s:41:\"\0ActionScheduler_SimpleSchedule\0timestamp\";i:1668101238;}',4,1,'2022-11-10 17:27:25','2022-11-10 17:27:25',5535,NULL,10),(7696,'woocommerce_run_on_woocommerce_admin_updated','failed','2023-03-22 01:33:53','2023-03-22 01:33:53','[\"Automattic\\\\WooCommerce\\\\Admin\\\\RemoteInboxNotifications\\\\RemoteInboxNotificationsEngine\",\"run_on_woocommerce_admin_updated\"]','O:30:\"ActionScheduler_SimpleSchedule\":2:{s:22:\"\0*\0scheduled_timestamp\";i:1679448833;s:41:\"\0ActionScheduler_SimpleSchedule\0timestamp\";i:1679448833;}',5,1,'2023-03-22 01:34:09','2023-03-21 17:34:09',0,NULL,10),(8080,'woocommerce_run_on_woocommerce_admin_updated','complete','2024-01-09 13:15:33','2024-01-09 13:15:33','[]','O:30:\"ActionScheduler_SimpleSchedule\":2:{s:22:\"\0*\0scheduled_timestamp\";i:1704806133;s:41:\"\0ActionScheduler_SimpleSchedule\0timestamp\";i:1704806133;}',5,1,'2024-01-09 13:15:33','2024-01-09 05:15:33',0,NULL,10),(8083,'woocommerce_cleanup_draft_orders','complete','2024-01-12 23:32:34','2024-01-12 23:32:34','[]','O:32:\"ActionScheduler_IntervalSchedule\":5:{s:22:\"\0*\0scheduled_timestamp\";i:1705102354;s:18:\"\0*\0first_timestamp\";i:1666374388;s:13:\"\0*\0recurrence\";i:86400;s:49:\"\0ActionScheduler_IntervalSchedule\0start_timestamp\";i:1705102354;s:53:\"\0ActionScheduler_IntervalSchedule\0interval_in_seconds\";i:86400;}',6,1,'2024-01-12 23:32:34','2024-01-12 15:32:34',0,NULL,10),(8081,'woocommerce_cleanup_draft_orders','complete','2024-01-10 23:30:33','2024-01-10 23:30:33','[]','O:32:\"ActionScheduler_IntervalSchedule\":5:{s:22:\"\0*\0scheduled_timestamp\";i:1704929433;s:18:\"\0*\0first_timestamp\";i:1666374388;s:13:\"\0*\0recurrence\";i:86400;s:49:\"\0ActionScheduler_IntervalSchedule\0start_timestamp\";i:1704929433;s:53:\"\0ActionScheduler_IntervalSchedule\0interval_in_seconds\";i:86400;}',6,1,'2024-01-10 23:32:34','2024-01-10 15:32:34',0,NULL,10),(8077,'woocommerce_cleanup_draft_orders','complete','2024-01-07 23:28:22','2024-01-07 23:28:22','[]','O:32:\"ActionScheduler_IntervalSchedule\":5:{s:22:\"\0*\0scheduled_timestamp\";i:1704670102;s:18:\"\0*\0first_timestamp\";i:1666374388;s:13:\"\0*\0recurrence\";i:86400;s:49:\"\0ActionScheduler_IntervalSchedule\0start_timestamp\";i:1704670102;s:53:\"\0ActionScheduler_IntervalSchedule\0interval_in_seconds\";i:86400;}',6,1,'2024-01-07 23:29:16','2024-01-07 15:29:16',0,NULL,10),(8054,'woocommerce_cleanup_draft_orders','complete','2023-12-18 23:00:31','2023-12-18 23:00:31','[]','O:32:\"ActionScheduler_IntervalSchedule\":5:{s:22:\"\0*\0scheduled_timestamp\";i:1702940431;s:18:\"\0*\0first_timestamp\";i:1666374388;s:13:\"\0*\0recurrence\";i:86400;s:49:\"\0ActionScheduler_IntervalSchedule\0start_timestamp\";i:1702940431;s:53:\"\0ActionScheduler_IntervalSchedule\0interval_in_seconds\";i:86400;}',6,1,'2023-12-18 23:03:30','2023-12-18 15:03:30',0,NULL,10),(8085,'woocommerce_cleanup_draft_orders','complete','2024-01-14 23:35:44','2024-01-14 23:35:44','[]','O:32:\"ActionScheduler_IntervalSchedule\":5:{s:22:\"\0*\0scheduled_timestamp\";i:1705275344;s:18:\"\0*\0first_timestamp\";i:1666374388;s:13:\"\0*\0recurrence\";i:86400;s:49:\"\0ActionScheduler_IntervalSchedule\0start_timestamp\";i:1705275344;s:53:\"\0ActionScheduler_IntervalSchedule\0interval_in_seconds\";i:86400;}',6,1,'2024-01-14 23:39:54','2024-01-14 15:39:54',0,NULL,10),(7765,'woocommerce_run_on_woocommerce_admin_updated','failed','2023-04-27 01:24:40','2023-04-27 01:24:40','[\"Automattic\\\\WooCommerce\\\\Admin\\\\RemoteInboxNotifications\\\\RemoteInboxNotificationsEngine\",\"run_on_woocommerce_admin_updated\"]','O:30:\"ActionScheduler_SimpleSchedule\":2:{s:22:\"\0*\0scheduled_timestamp\";i:1682558680;s:41:\"\0ActionScheduler_SimpleSchedule\0timestamp\";i:1682558680;}',5,1,'2023-04-27 01:24:43','2023-04-26 17:24:43',0,NULL,10),(7766,'woocommerce_run_on_woocommerce_admin_updated','failed','2023-04-27 01:24:43','2023-04-27 01:24:43','[\"Automattic\\\\WooCommerce\\\\Admin\\\\RemoteInboxNotifications\\\\RemoteInboxNotificationsEngine\",\"run_on_woocommerce_admin_updated\"]','O:30:\"ActionScheduler_SimpleSchedule\":2:{s:22:\"\0*\0scheduled_timestamp\";i:1682558683;s:41:\"\0ActionScheduler_SimpleSchedule\0timestamp\";i:1682558683;}',5,1,'2023-04-27 01:42:02','2023-04-26 17:42:02',0,NULL,10),(7801,'woocommerce_run_on_woocommerce_admin_updated','failed','2023-05-30 13:23:31','2023-05-30 13:23:31','[\"Automattic\\\\WooCommerce\\\\Admin\\\\RemoteInboxNotifications\\\\RemoteInboxNotificationsEngine\",\"run_on_woocommerce_admin_updated\"]','O:30:\"ActionScheduler_SimpleSchedule\":2:{s:22:\"\0*\0scheduled_timestamp\";i:1685453011;s:41:\"\0ActionScheduler_SimpleSchedule\0timestamp\";i:1685453011;}',5,1,'2023-05-30 13:30:53','2023-05-30 05:30:53',0,NULL,10),(7804,'woocommerce_run_on_woocommerce_admin_updated','failed','2023-06-01 13:31:36','2023-06-01 13:31:36','[\"Automattic\\\\WooCommerce\\\\Admin\\\\RemoteInboxNotifications\\\\RemoteInboxNotificationsEngine\",\"run_on_woocommerce_admin_updated\"]','O:30:\"ActionScheduler_SimpleSchedule\":2:{s:22:\"\0*\0scheduled_timestamp\";i:1685626296;s:41:\"\0ActionScheduler_SimpleSchedule\0timestamp\";i:1685626296;}',5,1,'2023-06-01 13:31:36','2023-06-01 05:31:36',0,NULL,10),(7644,'woocommerce_run_on_woocommerce_admin_updated','failed','2023-02-24 19:28:54','2023-02-24 19:28:54','[\"Automattic\\\\WooCommerce\\\\Admin\\\\RemoteInboxNotifications\\\\RemoteInboxNotificationsEngine\",\"run_on_woocommerce_admin_updated\"]','O:30:\"ActionScheduler_SimpleSchedule\":2:{s:22:\"\0*\0scheduled_timestamp\";i:1677266934;s:41:\"\0ActionScheduler_SimpleSchedule\0timestamp\";i:1677266934;}',5,1,'2023-02-24 19:29:02','2023-02-24 11:29:02',0,NULL,10),(8086,'woocommerce_cleanup_draft_orders','complete','2024-01-15 23:39:54','2024-01-15 23:39:54','[]','O:32:\"ActionScheduler_IntervalSchedule\":5:{s:22:\"\0*\0scheduled_timestamp\";i:1705361994;s:18:\"\0*\0first_timestamp\";i:1666374388;s:13:\"\0*\0recurrence\";i:86400;s:49:\"\0ActionScheduler_IntervalSchedule\0start_timestamp\";i:1705361994;s:53:\"\0ActionScheduler_IntervalSchedule\0interval_in_seconds\";i:86400;}',6,1,'2024-01-15 23:41:39','2024-01-15 15:41:39',0,NULL,10),(8087,'woocommerce_run_on_woocommerce_admin_updated','complete','2024-01-15 21:26:12','2024-01-15 21:26:12','[]','O:30:\"ActionScheduler_SimpleSchedule\":2:{s:22:\"\0*\0scheduled_timestamp\";i:1705353972;s:41:\"\0ActionScheduler_SimpleSchedule\0timestamp\";i:1705353972;}',5,1,'2024-01-15 21:27:15','2024-01-15 13:27:15',0,NULL,10),(8089,'woocommerce_cleanup_draft_orders','complete','2024-01-16 23:41:39','2024-01-16 23:41:39','[]','O:32:\"ActionScheduler_IntervalSchedule\":5:{s:22:\"\0*\0scheduled_timestamp\";i:1705448499;s:18:\"\0*\0first_timestamp\";i:1666374388;s:13:\"\0*\0recurrence\";i:86400;s:49:\"\0ActionScheduler_IntervalSchedule\0start_timestamp\";i:1705448499;s:53:\"\0ActionScheduler_IntervalSchedule\0interval_in_seconds\";i:86400;}',6,1,'2024-01-16 23:42:03','2024-01-16 15:42:03',0,NULL,10),(8071,'wc-admin_import_orders','complete','2024-01-02 21:38:59','2024-01-02 21:38:59','[7352]','O:30:\"ActionScheduler_SimpleSchedule\":2:{s:22:\"\0*\0scheduled_timestamp\";i:1704231539;s:41:\"\0ActionScheduler_SimpleSchedule\0timestamp\";i:1704231539;}',2,1,'2024-01-02 21:41:33','2024-01-02 13:41:33',0,NULL,10),(8078,'woocommerce_cleanup_draft_orders','complete','2024-01-08 23:29:16','2024-01-08 23:29:16','[]','O:32:\"ActionScheduler_IntervalSchedule\":5:{s:22:\"\0*\0scheduled_timestamp\";i:1704756556;s:18:\"\0*\0first_timestamp\";i:1666374388;s:13:\"\0*\0recurrence\";i:86400;s:49:\"\0ActionScheduler_IntervalSchedule\0start_timestamp\";i:1704756556;s:53:\"\0ActionScheduler_IntervalSchedule\0interval_in_seconds\";i:86400;}',6,1,'2024-01-08 23:29:37','2024-01-08 15:29:37',0,NULL,10),(8073,'woocommerce_cleanup_draft_orders','complete','2024-01-04 23:26:19','2024-01-04 23:26:19','[]','O:32:\"ActionScheduler_IntervalSchedule\":5:{s:22:\"\0*\0scheduled_timestamp\";i:1704410779;s:18:\"\0*\0first_timestamp\";i:1666374388;s:13:\"\0*\0recurrence\";i:86400;s:49:\"\0ActionScheduler_IntervalSchedule\0start_timestamp\";i:1704410779;s:53:\"\0ActionScheduler_IntervalSchedule\0interval_in_seconds\";i:86400;}',6,1,'2024-01-04 23:27:10','2024-01-04 15:27:10',0,NULL,10),(8076,'woocommerce_cleanup_draft_orders','complete','2024-01-06 23:27:43','2024-01-06 23:27:43','[]','O:32:\"ActionScheduler_IntervalSchedule\":5:{s:22:\"\0*\0scheduled_timestamp\";i:1704583663;s:18:\"\0*\0first_timestamp\";i:1666374388;s:13:\"\0*\0recurrence\";i:86400;s:49:\"\0ActionScheduler_IntervalSchedule\0start_timestamp\";i:1704583663;s:53:\"\0ActionScheduler_IntervalSchedule\0interval_in_seconds\";i:86400;}',6,1,'2024-01-06 23:28:22','2024-01-06 15:28:22',0,NULL,10),(8075,'woocommerce_cleanup_draft_orders','complete','2024-01-05 23:27:10','2024-01-05 23:27:10','[]','O:32:\"ActionScheduler_IntervalSchedule\":5:{s:22:\"\0*\0scheduled_timestamp\";i:1704497230;s:18:\"\0*\0first_timestamp\";i:1666374388;s:13:\"\0*\0recurrence\";i:86400;s:49:\"\0ActionScheduler_IntervalSchedule\0start_timestamp\";i:1704497230;s:53:\"\0ActionScheduler_IntervalSchedule\0interval_in_seconds\";i:86400;}',6,1,'2024-01-05 23:27:43','2024-01-05 15:27:43',0,NULL,10),(8082,'woocommerce_cleanup_draft_orders','complete','2024-01-11 23:32:34','2024-01-11 23:32:34','[]','O:32:\"ActionScheduler_IntervalSchedule\":5:{s:22:\"\0*\0scheduled_timestamp\";i:1705015954;s:18:\"\0*\0first_timestamp\";i:1666374388;s:13:\"\0*\0recurrence\";i:86400;s:49:\"\0ActionScheduler_IntervalSchedule\0start_timestamp\";i:1705015954;s:53:\"\0ActionScheduler_IntervalSchedule\0interval_in_seconds\";i:86400;}',6,1,'2024-01-11 23:32:34','2024-01-11 15:32:34',0,NULL,10),(8069,'woocommerce_cleanup_draft_orders','complete','2024-01-01 23:17:57','2024-01-01 23:17:57','[]','O:32:\"ActionScheduler_IntervalSchedule\":5:{s:22:\"\0*\0scheduled_timestamp\";i:1704151077;s:18:\"\0*\0first_timestamp\";i:1666374388;s:13:\"\0*\0recurrence\";i:86400;s:49:\"\0ActionScheduler_IntervalSchedule\0start_timestamp\";i:1704151077;s:53:\"\0ActionScheduler_IntervalSchedule\0interval_in_seconds\";i:86400;}',6,1,'2024-01-01 23:21:52','2024-01-01 15:21:52',0,NULL,10),(8061,'woocommerce_cleanup_draft_orders','complete','2023-12-24 23:12:16','2023-12-24 23:12:16','[]','O:32:\"ActionScheduler_IntervalSchedule\":5:{s:22:\"\0*\0scheduled_timestamp\";i:1703459536;s:18:\"\0*\0first_timestamp\";i:1666374388;s:13:\"\0*\0recurrence\";i:86400;s:49:\"\0ActionScheduler_IntervalSchedule\0start_timestamp\";i:1703459536;s:53:\"\0ActionScheduler_IntervalSchedule\0interval_in_seconds\";i:86400;}',6,1,'2023-12-24 23:13:04','2023-12-24 15:13:04',0,NULL,10),(8066,'woocommerce_cleanup_draft_orders','complete','2023-12-29 23:14:16','2023-12-29 23:14:16','[]','O:32:\"ActionScheduler_IntervalSchedule\":5:{s:22:\"\0*\0scheduled_timestamp\";i:1703891656;s:18:\"\0*\0first_timestamp\";i:1666374388;s:13:\"\0*\0recurrence\";i:86400;s:49:\"\0ActionScheduler_IntervalSchedule\0start_timestamp\";i:1703891656;s:53:\"\0ActionScheduler_IntervalSchedule\0interval_in_seconds\";i:86400;}',6,1,'2023-12-29 23:14:16','2023-12-29 15:14:16',0,NULL,10),(8056,'woocommerce_cleanup_draft_orders','complete','2023-12-20 23:07:22','2023-12-20 23:07:22','[]','O:32:\"ActionScheduler_IntervalSchedule\":5:{s:22:\"\0*\0scheduled_timestamp\";i:1703113642;s:18:\"\0*\0first_timestamp\";i:1666374388;s:13:\"\0*\0recurrence\";i:86400;s:49:\"\0ActionScheduler_IntervalSchedule\0start_timestamp\";i:1703113642;s:53:\"\0ActionScheduler_IntervalSchedule\0interval_in_seconds\";i:86400;}',6,1,'2023-12-20 23:09:24','2023-12-20 15:09:24',0,NULL,10),(8055,'woocommerce_cleanup_draft_orders','complete','2023-12-19 23:03:30','2023-12-19 23:03:30','[]','O:32:\"ActionScheduler_IntervalSchedule\":5:{s:22:\"\0*\0scheduled_timestamp\";i:1703027010;s:18:\"\0*\0first_timestamp\";i:1666374388;s:13:\"\0*\0recurrence\";i:86400;s:49:\"\0ActionScheduler_IntervalSchedule\0start_timestamp\";i:1703027010;s:53:\"\0ActionScheduler_IntervalSchedule\0interval_in_seconds\";i:86400;}',6,1,'2023-12-19 23:07:22','2023-12-19 15:07:22',0,NULL,10),(8057,'woocommerce_cleanup_draft_orders','complete','2023-12-21 23:09:24','2023-12-21 23:09:24','[]','O:32:\"ActionScheduler_IntervalSchedule\":5:{s:22:\"\0*\0scheduled_timestamp\";i:1703200164;s:18:\"\0*\0first_timestamp\";i:1666374388;s:13:\"\0*\0recurrence\";i:86400;s:49:\"\0ActionScheduler_IntervalSchedule\0start_timestamp\";i:1703200164;s:53:\"\0ActionScheduler_IntervalSchedule\0interval_in_seconds\";i:86400;}',6,1,'2023-12-21 23:11:05','2023-12-21 15:11:05',0,NULL,10),(8079,'woocommerce_cleanup_draft_orders','complete','2024-01-09 23:29:37','2024-01-09 23:29:37','[]','O:32:\"ActionScheduler_IntervalSchedule\":5:{s:22:\"\0*\0scheduled_timestamp\";i:1704842977;s:18:\"\0*\0first_timestamp\";i:1666374388;s:13:\"\0*\0recurrence\";i:86400;s:49:\"\0ActionScheduler_IntervalSchedule\0start_timestamp\";i:1704842977;s:53:\"\0ActionScheduler_IntervalSchedule\0interval_in_seconds\";i:86400;}',6,1,'2024-01-09 23:30:33','2024-01-09 15:30:33',0,NULL,10);

--
-- Table structure for table `sidesi5_actionscheduler_claims`
--

CREATE TABLE `sidesi5_actionscheduler_claims` (
  `claim_id` bigint(20) unsigned NOT NULL AUTO_INCREMENT,
  `date_created_gmt` datetime DEFAULT '0000-00-00 00:00:00',
  PRIMARY KEY (`claim_id`),
  KEY `date_created_gmt` (`date_created_gmt`)
) ENGINE=MyISAM AUTO_INCREMENT=145195 DEFAULT CHARSET=utf8mb4 COLLATE=utf8mb4_unicode_520_ci;

--
-- Dumping data for table `sidesi5_actionscheduler_claims`
--

INSERT INTO `sidesi5_actionscheduler_claims` VALUES (2592,'2022-10-28 22:26:58'),(5535,'2022-11-10 17:27:25'),(142209,'2024-01-14 07:30:34'),(142252,'2024-01-14 08:42:25'),(142387,'2024-01-14 12:29:51'),(143854,'2024-01-16 04:33:48'),(143473,'2024-01-15 18:24:35'),(144873,'2024-01-17 08:23:58');

--
-- Table structure for table `sidesi5_actionscheduler_groups`
--

CREATE TABLE `sidesi5_actionscheduler_groups` (
  `group_id` bigint(20) unsigned NOT NULL AUTO_INCREMENT,
  `slug` varchar(255) COLLATE utf8mb4_unicode_520_ci NOT NULL,
  PRIMARY KEY (`group_id`),
  KEY `slug` (`slug`(191))
) ENGINE=MyISAM AUTO_INCREMENT=7 DEFAULT CHARSET=utf8mb4 COLLATE=utf8mb4_unicode_520_ci;

--
-- Dumping data for table `sidesi5_actionscheduler_groups`
--

INSERT INTO `sidesi5_actionscheduler_groups` VALUES (1,'action-scheduler-migration'),(2,'wc-admin-data'),(3,'gla'),(4,'woocommerce-db-updates'),(5,'woocommerce-remote-inbox-engine'),(6,'');

--
-- Table structure for table `sidesi5_actionscheduler_logs`
--

CREATE TABLE `sidesi5_actionscheduler_logs` (
  `log_id` bigint(20) unsigned NOT NULL AUTO_INCREMENT,
  `action_id` bigint(20) unsigned NOT NULL,
  `message` text COLLATE utf8mb4_unicode_520_ci NOT NULL,
  `log_date_gmt` datetime DEFAULT '0000-00-00 00:00:00',
  `log_date_local` datetime DEFAULT '0000-00-00 00:00:00',
  PRIMARY KEY (`log_id`),
  KEY `action_id` (`action_id`),
  KEY `log_date_gmt` (`log_date_gmt`)
) ENGINE=MyISAM AUTO_INCREMENT=5087 DEFAULT CHARSET=utf8mb4 COLLATE=utf8mb4_unicode_520_ci;

--
-- Dumping data for table `sidesi5_actionscheduler_logs`
--

INSERT INTO `sidesi5_actionscheduler_logs` VALUES (5077,8087,'action started via WP Cron','2024-01-15 21:27:14','2024-01-15 21:27:14'),(5074,8086,'action created','2024-01-14 23:39:54','2024-01-14 23:39:54'),(4990,8058,'action created','2023-12-21 23:11:05','2023-12-21 23:11:05'),(5005,8063,'action created','2023-12-25 23:13:04','2023-12-25 23:13:04'),(4999,8061,'action created','2023-12-23 23:12:16','2023-12-23 23:12:16'),(5002,8062,'action created','2023-12-24 23:13:04','2023-12-24 23:13:04'),(5038,8074,'action complete via WP Cron','2024-01-04 19:14:16','2024-01-04 19:14:16'),(5076,8087,'action created','2024-01-15 21:26:12','2024-01-15 21:26:12'),(5075,8088,'action created','2024-01-15 21:26:12','2024-01-15 21:26:12'),(5071,8085,'action created','2024-01-13 23:35:44','2024-01-13 23:35:44'),(4993,8059,'action created','2023-12-22 23:11:36','2023-12-22 23:11:36'),(4988,8057,'action started via WP Cron','2023-12-21 23:11:05','2023-12-21 23:11:05'),(5028,8071,'action started via WP Cron','2024-01-02 21:41:33','2024-01-02 21:41:33'),(4996,8060,'action complete via WP Cron','2023-12-23 17:00:08','2023-12-23 17:00:08'),(5029,8071,'action complete via WP Cron','2024-01-02 21:41:33','2024-01-02 21:41:33'),(5001,8061,'action complete via WP Cron','2023-12-24 23:13:04','2023-12-24 23:13:04'),(5008,8064,'action created','2023-12-26 23:13:33','2023-12-26 23:13:33'),(5036,8074,'action created','2024-01-04 19:13:02','2024-01-04 19:13:02'),(5037,8074,'action started via WP Cron','2024-01-04 19:14:16','2024-01-04 19:14:16'),(3795,7660,'action started via Async Request','2023-03-07 18:55:27','2023-03-07 18:55:27'),(3796,7660,'action failed via Async Request: Scheduled action for woocommerce_run_on_woocommerce_admin_updated will not be executed as no callbacks are registered.','2023-03-07 18:55:27','2023-03-07 18:55:27'),(5000,8061,'action started via WP Cron','2023-12-24 23:13:04','2023-12-24 23:13:04'),(4994,8060,'action created','2023-12-23 16:59:04','2023-12-23 16:59:04'),(4069,7751,'action failed via Async Request: Scheduled action for woocommerce_run_on_woocommerce_admin_updated will not be executed as no callbacks are registered.','2023-04-14 01:35:40','2023-04-14 01:35:40'),(3859,7681,'action failed via WP Cron: Scheduled action for woocommerce_run_on_woocommerce_admin_updated will not be executed as no callbacks are registered.','2023-03-15 01:27:23','2023-03-15 01:27:23'),(5017,8067,'action created','2023-12-29 23:14:16','2023-12-29 23:14:16'),(5014,8066,'action created','2023-12-28 23:14:16','2023-12-28 23:14:16'),(5035,8073,'action created','2024-01-03 23:26:19','2024-01-03 23:26:19'),(5053,8079,'action created','2024-01-08 23:29:37','2024-01-08 23:29:37'),(5054,8080,'action created','2024-01-09 13:15:33','2024-01-09 13:15:33'),(3857,7681,'action created','2023-03-15 01:26:18','2023-03-15 01:26:18'),(3858,7681,'action started via WP Cron','2023-03-15 01:27:23','2023-03-15 01:27:23'),(4068,7751,'action started via Async Request','2023-04-14 01:35:40','2023-04-14 01:35:40'),(4067,7751,'action created','2023-04-14 01:35:37','2023-04-14 01:35:37'),(4998,8059,'action complete via WP Cron','2023-12-23 23:12:16','2023-12-23 23:12:16'),(4997,8059,'action started via WP Cron','2023-12-23 23:12:16','2023-12-23 23:12:16'),(5020,8068,'action created','2023-12-30 23:16:37','2023-12-30 23:16:37'),(5026,8070,'action created','2024-01-01 23:21:52','2024-01-01 23:21:52'),(4218,7801,'action started via WP Cron','2023-05-30 13:30:53','2023-05-30 13:30:53'),(4219,7801,'action failed via WP Cron: Scheduled action for woocommerce_run_on_woocommerce_admin_updated will not be executed as no callbacks are registered.','2023-05-30 13:30:53','2023-05-30 13:30:53'),(4992,8058,'action complete via WP Cron','2023-12-22 23:11:36','2023-12-22 23:11:36'),(4991,8058,'action started via WP Cron','2023-12-22 23:11:36','2023-12-22 23:11:36'),(1178,6788,'action created','2022-11-10 17:27:17','2022-11-10 17:27:17'),(1179,6788,'action started via Async Request','2022-11-10 17:27:25','2022-11-10 17:27:25'),(1180,6788,'action marked as failed after 300 seconds. Unknown error occurred. Check server, PHP and database error logs to diagnose cause.','2022-11-10 17:33:52','2022-11-10 17:33:52'),(5011,8065,'action created','2023-12-27 23:14:16','2023-12-27 23:14:16'),(5023,8069,'action created','2023-12-31 23:17:57','2023-12-31 23:17:57'),(5004,8062,'action complete via WP Cron','2023-12-25 23:13:04','2023-12-25 23:13:04'),(5003,8062,'action started via WP Cron','2023-12-25 23:13:04','2023-12-25 23:13:04'),(5032,8072,'action created','2024-01-02 23:22:02','2024-01-02 23:22:02'),(5050,8078,'action created','2024-01-07 23:29:16','2024-01-07 23:29:16'),(5024,8069,'action started via WP Cron','2024-01-01 23:21:52','2024-01-01 23:21:52'),(5025,8069,'action complete via WP Cron','2024-01-01 23:21:52','2024-01-01 23:21:52'),(5041,8075,'action created','2024-01-04 23:27:10','2024-01-04 23:27:10'),(5044,8076,'action created','2024-01-05 23:27:43','2024-01-05 23:27:43'),(5065,8083,'action created','2024-01-11 23:32:34','2024-01-11 23:32:34'),(5068,8084,'action created','2024-01-12 23:32:34','2024-01-12 23:32:34'),(5006,8063,'action started via WP Cron','2023-12-26 23:13:33','2023-12-26 23:13:33'),(5007,8063,'action complete via WP Cron','2023-12-26 23:13:33','2023-12-26 23:13:33'),(5013,8065,'action complete via WP Cron','2023-12-28 23:14:16','2023-12-28 23:14:16'),(5016,8066,'action complete via WP Cron','2023-12-29 23:14:16','2023-12-29 23:14:16'),(5019,8067,'action complete via WP Cron','2023-12-30 23:16:37','2023-12-30 23:16:37'),(5018,8067,'action started via WP Cron','2023-12-30 23:16:37','2023-12-30 23:16:37'),(5059,8081,'action created','2024-01-09 23:30:33','2024-01-09 23:30:33'),(5045,8076,'action started via WP Cron','2024-01-06 23:28:22','2024-01-06 23:28:22'),(5049,8077,'action complete via WP Cron','2024-01-07 23:29:16','2024-01-07 23:29:16'),(5062,8082,'action created','2024-01-10 23:32:34','2024-01-10 23:32:34'),(5010,8064,'action complete via WP Cron','2023-12-27 23:14:16','2023-12-27 23:14:16'),(5009,8064,'action started via WP Cron','2023-12-27 23:14:16','2023-12-27 23:14:16'),(5012,8065,'action started via WP Cron','2023-12-28 23:14:16','2023-12-28 23:14:16'),(5015,8066,'action started via WP Cron','2023-12-29 23:14:16','2023-12-29 23:14:16'),(3902,7696,'action created','2023-03-22 01:33:53','2023-03-22 01:33:53'),(3903,7696,'action started via Async Request','2023-03-22 01:34:09','2023-03-22 01:34:09'),(3904,7696,'action failed via Async Request: Scheduled action for woocommerce_run_on_woocommerce_admin_updated will not be executed as no callbacks are registered.','2023-03-22 01:34:09','2023-03-22 01:34:09'),(4109,7765,'action created','2023-04-27 01:24:40','2023-04-27 01:24:40'),(4110,7765,'action started via WP Cron','2023-04-27 01:24:43','2023-04-27 01:24:43'),(4111,7765,'action failed via WP Cron: Scheduled action for woocommerce_run_on_woocommerce_admin_updated will not be executed as no callbacks are registered.','2023-04-27 01:24:43','2023-04-27 01:24:43'),(4112,7766,'action created','2023-04-27 01:24:43','2023-04-27 01:24:43'),(4113,7766,'action started via WP Cron','2023-04-27 01:42:02','2023-04-27 01:42:02'),(4114,7766,'action failed via WP Cron: Scheduled action for woocommerce_run_on_woocommerce_admin_updated will not be executed as no callbacks are registered.','2023-04-27 01:42:02','2023-04-27 01:42:02'),(5070,8084,'action complete via WP Cron','2024-01-13 23:35:44','2024-01-13 23:35:44'),(4226,7804,'action created','2023-06-01 13:31:36','2023-06-01 13:31:36'),(4227,7804,'action started via WP Cron','2023-06-01 13:31:36','2023-06-01 13:31:36'),(4228,7804,'action failed via WP Cron: Scheduled action for woocommerce_run_on_woocommerce_admin_updated will not be executed as no callbacks are registered.','2023-06-01 13:31:36','2023-06-01 13:31:36'),(3746,7644,'action created','2023-02-24 19:28:54','2023-02-24 19:28:54'),(3747,7644,'action started via WP Cron','2023-02-24 19:29:02','2023-02-24 19:29:02'),(3748,7644,'action failed via WP Cron: Scheduled action for woocommerce_run_on_woocommerce_admin_updated will not be executed as no callbacks are registered.','2023-02-24 19:29:02','2023-02-24 19:29:02'),(5048,8077,'action started via WP Cron','2024-01-07 23:29:16','2024-01-07 23:29:16'),(4217,7801,'action created','2023-05-30 13:23:31','2023-05-30 13:23:31'),(5047,8077,'action created','2024-01-06 23:28:22','2024-01-06 23:28:22'),(5034,8072,'action complete via WP Cron','2024-01-03 23:26:19','2024-01-03 23:26:19'),(5033,8072,'action started via WP Cron','2024-01-03 23:26:19','2024-01-03 23:26:19'),(5022,8068,'action complete via WP Cron','2023-12-31 23:17:57','2023-12-31 23:17:57'),(5021,8068,'action started via WP Cron','2023-12-31 23:17:57','2023-12-31 23:17:57'),(5031,8070,'action complete via WP Cron','2024-01-02 23:22:02','2024-01-02 23:22:02'),(5030,8070,'action started via WP Cron','2024-01-02 23:22:02','2024-01-02 23:22:02'),(5040,8073,'action complete via WP Cron','2024-01-04 23:27:10','2024-01-04 23:27:10'),(5069,8084,'action started via WP Cron','2024-01-13 23:35:44','2024-01-13 23:35:44'),(5039,8073,'action started via WP Cron','2024-01-04 23:27:10','2024-01-04 23:27:10'),(5043,8075,'action complete via WP Cron','2024-01-05 23:27:43','2024-01-05 23:27:43'),(5042,8075,'action started via WP Cron','2024-01-05 23:27:43','2024-01-05 23:27:43'),(5046,8076,'action complete via WP Cron','2024-01-06 23:28:22','2024-01-06 23:28:22'),(5052,8078,'action complete via WP Cron','2024-01-08 23:29:37','2024-01-08 23:29:37'),(5051,8078,'action started via WP Cron','2024-01-08 23:29:37','2024-01-08 23:29:37'),(5058,8079,'action complete via WP Cron','2024-01-09 23:30:33','2024-01-09 23:30:33'),(5057,8079,'action started via WP Cron','2024-01-09 23:30:33','2024-01-09 23:30:33'),(5061,8081,'action complete via WP Cron','2024-01-10 23:32:34','2024-01-10 23:32:34'),(5060,8081,'action started via WP Cron','2024-01-10 23:32:34','2024-01-10 23:32:34'),(5063,8082,'action started via WP Cron','2024-01-11 23:32:34','2024-01-11 23:32:34'),(5064,8082,'action complete via WP Cron','2024-01-11 23:32:34','2024-01-11 23:32:34'),(5056,8080,'action complete via WP Cron','2024-01-09 13:15:33','2024-01-09 13:15:33'),(5083,8089,'action created','2024-01-15 23:41:39','2024-01-15 23:41:39'),(5067,8083,'action complete via WP Cron','2024-01-12 23:32:34','2024-01-12 23:32:34'),(5066,8083,'action started via WP Cron','2024-01-12 23:32:34','2024-01-12 23:32:34'),(3794,7660,'action created','2023-03-07 18:55:25','2023-03-07 18:55:25'),(4153,7779,'action failed via Async Request: Scheduled action for woocommerce_run_on_woocommerce_admin_updated will not be executed as no callbacks are registered.','2023-05-10 01:55:22','2023-05-10 01:55:22'),(4152,7779,'action started via Async Request','2023-05-10 01:55:22','2023-05-10 01:55:22'),(4151,7779,'action created','2023-05-10 01:55:19','2023-05-10 01:55:19'),(5073,8085,'action complete via WP Cron','2024-01-14 23:39:54','2024-01-14 23:39:54'),(4995,8060,'action started via WP Cron','2023-12-23 17:00:08','2023-12-23 17:00:08'),(4987,8057,'action created','2023-12-20 23:09:24','2023-12-20 23:09:24'),(4986,8056,'action complete via WP Cron','2023-12-20 23:09:24','2023-12-20 23:09:24'),(4989,8057,'action complete via WP Cron','2023-12-21 23:11:05','2023-12-21 23:11:05'),(5072,8085,'action started via WP Cron','2024-01-14 23:39:53','2024-01-14 23:39:53'),(5086,8090,'action created','2024-01-16 23:42:03','2024-01-16 23:42:03'),(5082,8086,'action complete via WP Cron','2024-01-15 23:41:39','2024-01-15 23:41:39'),(5081,8086,'action started via WP Cron','2024-01-15 23:41:39','2024-01-15 23:41:39'),(4975,8053,'action created','2023-12-16 22:59:16','2023-12-16 22:59:16'),(5085,8089,'action complete via WP Cron','2024-01-16 23:42:03','2024-01-16 23:42:03'),(5084,8089,'action started via WP Cron','2024-01-16 23:42:03','2024-01-16 23:42:03'),(4978,8054,'action created','2023-12-17 23:00:31','2023-12-17 23:00:31'),(4977,8053,'action complete via WP Cron','2023-12-17 23:00:31','2023-12-17 23:00:31'),(4976,8053,'action started via WP Cron','2023-12-17 23:00:31','2023-12-17 23:00:31'),(4981,8055,'action created','2023-12-18 23:03:30','2023-12-18 23:03:30'),(5055,8080,'action started via WP Cron','2024-01-09 13:15:33','2024-01-09 13:15:33'),(4980,8054,'action complete via WP Cron','2023-12-18 23:03:30','2023-12-18 23:03:30'),(4979,8054,'action started via WP Cron','2023-12-18 23:03:30','2023-12-18 23:03:30'),(4984,8056,'action created','2023-12-19 23:07:22','2023-12-19 23:07:22'),(4983,8055,'action complete via WP Cron','2023-12-19 23:07:22','2023-12-19 23:07:22'),(4982,8055,'action started via WP Cron','2023-12-19 23:07:22','2023-12-19 23:07:22'),(4985,8056,'action started via WP Cron','2023-12-20 23:09:24','2023-12-20 23:09:24'),(5027,8071,'action created','2024-01-02 21:38:54','2024-01-02 21:38:54'),(5078,8087,'action complete via WP Cron','2024-01-15 21:27:15','2024-01-15 21:27:15'),(5079,8088,'action started via WP Cron','2024-01-15 21:32:57','2024-01-15 21:32:57'),(5080,8088,'action complete via WP Cron','2024-01-15 21:32:57','2024-01-15 21:32:57');

--
-- Table structure for table `sidesi5_awb_critical_css`
--

CREATE TABLE `sidesi5_awb_critical_css` (
  `id` bigint(20) NOT NULL AUTO_INCREMENT,
  `css_key` varchar(255) COLLATE utf8mb4_unicode_520_ci NOT NULL,
  `mobile_css` longtext COLLATE utf8mb4_unicode_520_ci NOT NULL,
  `desktop_css` longtext COLLATE utf8mb4_unicode_520_ci NOT NULL,
  `mobile_preloads` longtext COLLATE utf8mb4_unicode_520_ci NOT NULL,
  `desktop_preloads` longtext COLLATE utf8mb4_unicode_520_ci NOT NULL,
  `updated_at` varchar(25) COLLATE utf8mb4_unicode_520_ci NOT NULL,
  PRIMARY KEY (`id`),
  UNIQUE KEY `id` (`id`)
) ENGINE=MyISAM DEFAULT CHARSET=utf8mb4 COLLATE=utf8mb4_unicode_520_ci;

--
-- Dumping data for table `sidesi5_awb_critical_css`
--


--
-- Table structure for table `sidesi5_commentmeta`
--

CREATE TABLE `sidesi5_commentmeta` (
  `meta_id` bigint(20) unsigned NOT NULL AUTO_INCREMENT,
  `comment_id` bigint(20) unsigned NOT NULL DEFAULT '0',
  `meta_key` varchar(255) COLLATE utf8mb4_unicode_520_ci DEFAULT NULL,
  `meta_value` longtext COLLATE utf8mb4_unicode_520_ci,
  PRIMARY KEY (`meta_id`),
  KEY `comment_id` (`comment_id`),
  KEY `meta_key` (`meta_key`(191))
) ENGINE=MyISAM AUTO_INCREMENT=213 DEFAULT CHARSET=utf8mb4 COLLATE=utf8mb4_unicode_520_ci;

--
-- Dumping data for table `sidesi5_commentmeta`
--

INSERT INTO `sidesi5_commentmeta` VALUES (137,125,'_wp_trash_meta_status','0'),(138,125,'_wp_trash_meta_time','1705016460'),(139,124,'_wp_trash_meta_status','0'),(23,43,'rating','5'),(24,43,'verified','0'),(47,65,'rating','5'),(48,65,'verified','0'),(99,85,'rating','5'),(100,85,'verified','0'),(97,84,'rating','5'),(98,84,'verified','0'),(95,81,'rating','2'),(96,81,'verified','0'),(33,54,'rating','1'),(34,54,'verified','0'),(35,55,'rating','1'),(36,55,'verified','0'),(37,56,'rating','1'),(38,56,'verified','0'),(39,57,'rating','1'),(40,57,'verified','0'),(41,58,'rating','1'),(42,58,'verified','0'),(43,59,'rating','1'),(44,59,'verified','0'),(45,63,'rating','5'),(46,63,'verified','0'),(136,128,'_wp_trash_meta_time','1705016460'),(135,128,'_wp_trash_meta_status','0'),(133,129,'_wp_trash_meta_status','0'),(134,129,'_wp_trash_meta_time','1705016460'),(132,131,'_wp_trash_meta_time','1705016460'),(130,132,'_wp_trash_meta_time','1705016460'),(131,131,'_wp_trash_meta_status','0'),(109,115,'verified','0'),(129,132,'_wp_trash_meta_status','0'),(107,114,'verified','0'),(108,115,'rating','4'),(65,66,'rating','4'),(66,66,'verified','0'),(128,133,'_wp_trash_meta_time','1705016460'),(127,133,'_wp_trash_meta_status','0'),(126,135,'_wp_trash_meta_time','1705016460'),(125,135,'_wp_trash_meta_status','0'),(124,136,'_wp_trash_meta_time','1705016460'),(123,136,'_wp_trash_meta_status','0'),(122,139,'_wp_trash_meta_time','1705016460'),(120,140,'_wp_trash_meta_time','1705016460'),(121,139,'_wp_trash_meta_status','0'),(118,138,'verified','0'),(119,140,'_wp_trash_meta_status','0'),(116,137,'verified','0'),(117,138,'rating','5'),(114,134,'rating','3'),(115,134,'verified','0'),(110,127,'rating','5'),(111,127,'verified','0'),(87,75,'rating','5'),(88,75,'verified','0'),(89,77,'rating','5'),(90,77,'verified','0'),(91,78,'rating','5'),(92,78,'verified','0'),(112,130,'rating','4'),(113,130,'verified','0'),(101,86,'rating','5'),(102,86,'verified','0'),(103,107,'rating','2'),(104,107,'verified','0'),(105,109,'rating','5'),(106,109,'verified','0'),(140,124,'_wp_trash_meta_time','1705016460'),(141,122,'_wp_trash_meta_status','0'),(142,122,'_wp_trash_meta_time','1705016460'),(143,121,'_wp_trash_meta_status','0'),(144,121,'_wp_trash_meta_time','1705016460'),(145,120,'_wp_trash_meta_status','0'),(146,120,'_wp_trash_meta_time','1705016460'),(147,119,'_wp_trash_meta_status','0'),(148,119,'_wp_trash_meta_time','1705016460'),(149,118,'_wp_trash_meta_status','0'),(150,118,'_wp_trash_meta_time','1705016460'),(151,117,'_wp_trash_meta_status','0'),(152,117,'_wp_trash_meta_time','1705016460'),(153,116,'_wp_trash_meta_status','0'),(154,116,'_wp_trash_meta_time','1705016460'),(155,113,'_wp_trash_meta_status','0'),(156,113,'_wp_trash_meta_time','1705016460'),(157,112,'_wp_trash_meta_status','0'),(158,112,'_wp_trash_meta_time','1705016460'),(159,111,'_wp_trash_meta_status','0'),(160,111,'_wp_trash_meta_time','1705016519'),(161,110,'_wp_trash_meta_status','0'),(162,110,'_wp_trash_meta_time','1705016519'),(163,108,'_wp_trash_meta_status','0'),(164,108,'_wp_trash_meta_time','1705016519'),(165,106,'_wp_trash_meta_status','0'),(166,106,'_wp_trash_meta_time','1705016519'),(167,104,'_wp_trash_meta_status','0'),(168,104,'_wp_trash_meta_time','1705016519'),(169,103,'_wp_trash_meta_status','0'),(170,103,'_wp_trash_meta_time','1705016519'),(171,102,'_wp_trash_meta_status','0'),(172,102,'_wp_trash_meta_time','1705016519'),(173,101,'_wp_trash_meta_status','0'),(174,101,'_wp_trash_meta_time','1705016519'),(175,100,'_wp_trash_meta_status','0'),(176,100,'_wp_trash_meta_time','1705016519'),(177,99,'_wp_trash_meta_status','0'),(178,99,'_wp_trash_meta_time','1705016519'),(179,98,'_wp_trash_meta_status','0'),(180,98,'_wp_trash_meta_time','1705016519'),(181,97,'_wp_trash_meta_status','0'),(182,97,'_wp_trash_meta_time','1705016519'),(183,96,'_wp_trash_meta_status','0'),(184,96,'_wp_trash_meta_time','1705016519'),(185,95,'_wp_trash_meta_status','0'),(186,95,'_wp_trash_meta_time','1705016519'),(187,94,'_wp_trash_meta_status','0'),(188,94,'_wp_trash_meta_time','1705016519'),(189,93,'_wp_trash_meta_status','0'),(190,93,'_wp_trash_meta_time','1705016519'),(191,92,'_wp_trash_meta_status','0'),(192,92,'_wp_trash_meta_time','1705016519'),(193,91,'_wp_trash_meta_status','0'),(194,91,'_wp_trash_meta_time','1705016519'),(195,90,'_wp_trash_meta_status','0'),(196,90,'_wp_trash_meta_time','1705016519'),(197,89,'_wp_trash_meta_status','0'),(198,89,'_wp_trash_meta_time','1705016519'),(199,88,'_wp_trash_meta_status','0'),(200,88,'_wp_trash_meta_time','1705016562'),(201,87,'_wp_trash_meta_status','0'),(202,87,'_wp_trash_meta_time','1705016562'),(203,83,'_wp_trash_meta_status','0'),(204,83,'_wp_trash_meta_time','1705016562'),(205,82,'_wp_trash_meta_status','0'),(206,82,'_wp_trash_meta_time','1705016562'),(207,80,'_wp_trash_meta_status','0'),(208,80,'_wp_trash_meta_time','1705016562'),(209,79,'_wp_trash_meta_status','0'),(210,79,'_wp_trash_meta_time','1705016562'),(211,76,'_wp_trash_meta_status','0'),(212,76,'_wp_trash_meta_time','1705016562');

--
-- Table structure for table `sidesi5_comments`
--

CREATE TABLE `sidesi5_comments` (
  `comment_ID` bigint(20) unsigned NOT NULL AUTO_INCREMENT,
  `comment_post_ID` bigint(20) unsigned NOT NULL DEFAULT '0',
  `comment_author` tinytext COLLATE utf8mb4_unicode_520_ci NOT NULL,
  `comment_author_email` varchar(100) COLLATE utf8mb4_unicode_520_ci NOT NULL DEFAULT '',
  `comment_author_url` varchar(200) COLLATE utf8mb4_unicode_520_ci NOT NULL DEFAULT '',
  `comment_author_IP` varchar(100) COLLATE utf8mb4_unicode_520_ci NOT NULL DEFAULT '',
  `comment_date` datetime NOT NULL DEFAULT '0000-00-00 00:00:00',
  `comment_date_gmt` datetime NOT NULL DEFAULT '0000-00-00 00:00:00',
  `comment_content` text COLLATE utf8mb4_unicode_520_ci NOT NULL,
  `comment_karma` int(11) NOT NULL DEFAULT '0',
  `comment_approved` varchar(20) COLLATE utf8mb4_unicode_520_ci NOT NULL DEFAULT '1',
  `comment_agent` varchar(255) COLLATE utf8mb4_unicode_520_ci NOT NULL DEFAULT '',
  `comment_type` varchar(20) COLLATE utf8mb4_unicode_520_ci NOT NULL DEFAULT 'comment',
  `comment_parent` bigint(20) unsigned NOT NULL DEFAULT '0',
  `user_id` bigint(20) unsigned NOT NULL DEFAULT '0',
  PRIMARY KEY (`comment_ID`),
  KEY `comment_post_ID` (`comment_post_ID`),
  KEY `comment_approved_date_gmt` (`comment_approved`,`comment_date_gmt`),
  KEY `comment_date_gmt` (`comment_date_gmt`),
  KEY `comment_parent` (`comment_parent`),
  KEY `comment_author_email` (`comment_author_email`(10)),
  KEY `woo_idx_comment_type` (`comment_type`)
) ENGINE=MyISAM AUTO_INCREMENT=144 DEFAULT CHARSET=utf8mb4 COLLATE=utf8mb4_unicode_520_ci;

--
-- Dumping data for table `sidesi5_comments`
--

INSERT INTO `sidesi5_comments` VALUES (2,1,'Isaccon','kostarninke@gmail.com','http://757.allorgdownload.org/','95.216.101.39','2022-02-13 18:41:07','2022-02-13 18:41:07','Excuse, that I interrupt you, but I suggest to go another by. \r\ndfgdlfg9123x.dsf93 \r\n \r\n \r\nhttp://250.how-tonow.fun/\r\n \r\nhttp://mls113.com/post-sitemap.xml\r\n \r\nhttps://Newsfromcesrepensuet.blogspot.com',0,'spam','Mozilla/5.0 (Windows NT 6.3; Win64; x64) AppleWebKit/537.36 (KHTML, like Gecko) Chrome/90.0.4430.72 Safari/537.36 Edg/90.0.818.42','comment',0,0),(3,1,'Isaccon','thisbedaugherty@gmail.com','https://how6youtoknowc.org/map.php','95.216.101.39','2022-02-26 22:01:07','2022-02-26 22:01:07','All can be \r\ndfgdlfg2131.32 \r\nhttps://howyoutoknowa.online/map.php',0,'spam','Mozilla/5.0 (Windows NT 6.1; WOW64) AppleWebKit/537.36 (KHTML, like Gecko) Chrome/90.0.4430.72 Safari/537.36','comment',0,0),(40,7170,'WooCommerce','woocommerce@testsite.wildrivertech.com','','','2023-08-16 16:25:38','2023-08-17 00:25:38','Quote expired. Order status changed from Pending Quote to Expired Quote.',0,'1','WooCommerce','order_note',0,0),(38,7170,'WooCommerce','woocommerce@testsite.wildrivertech.com','','','2023-07-17 14:07:16','2023-07-17 22:07:16','Order status changed from Pending payment to New Quote Request.',0,'1','WooCommerce','order_note',0,0),(39,7170,'WooCommerce','woocommerce@testsite.wildrivertech.com','','','2023-07-17 14:18:11','2023-07-17 22:18:11','Order status changed from New Quote Request to Pending Quote.',0,'1','WooCommerce','order_note',0,0),(41,7316,'WooCommerce','woocommerce@wildrivertech.com','','','2023-10-22 22:23:03','2023-10-23 06:23:03','Order status changed from Pending payment to New Quote Request.',0,'1','WooCommerce','order_note',0,0),(66,6601,'裕美子 吉田','reaves.latonya@gmail.com','','45.147.255.237','2023-11-27 19:15:20','2023-11-28 03:15:20','Hi, \r\n\r\nI wanted to write because I follow you.\r\n\r\nI made a profit of 10 ETH last week, but users of  MEV bot have already earned an impressive 325k... \r\n\r\nMy ref link: https://cutt.ly/fwI0BCq7',0,'0','Mozilla/5.0 (Macintosh; Intel Mac OS X 12_5) AppleWebKit/537.36 (KHTML, like Gecko) Chrome/114.0.0.0 YaBrowser/22.7.0 Yowser/2.5 Safari/537.36','review',0,0),(65,6808,'Diana Quintero','UurYcP.qjdcbpj@rushlight.cfd','','83.97.79.35','2023-11-27 07:12:42','2023-11-27 15:12:42','Diana Quintero',0,'spam','Mozilla/5.0 (Windows NT 10.0; Win64; x64) AppleWebKit/537.36 (KHTML, like Gecko) Chrome/109.0.0.0 Safari/537.36','review',0,0),(43,6808,'sznFOTovrMuuabCimkewCCNRabozj','VaAvzv.qmcwhwh@gemination.hair','','185.186.245.71','2023-10-26 09:54:03','2023-10-26 17:54:03','sznFOTovrMuuabCimkewCCNRabozj',0,'spam','','review',0,0),(44,6576,'NTDzEBcZeoKhjyVU','yewkamoxic@outlook.com','http://xUTEBJPXptGRhMk','117.216.139.63','2023-10-30 23:28:26','2023-10-31 07:28:26','SXTREJUGbHs',0,'spam','Mozilla/5.0 (Windows NT 10.0; Win64; x64) AppleWebKit/537.36 (KHTML, like Gecko) Chrome/118.0.0.0 Safari/537.36','comment',0,0),(45,6576,'NTDzEBcZeoKhjyVU','yewkamoxic@outlook.com','http://xUTEBJPXptGRhMk','117.216.139.63','2023-10-30 23:30:10','2023-10-31 07:30:10','PyVSUMIYcpH',0,'spam','Mozilla/5.0 (Windows NT 10.0; Win64; x64) AppleWebKit/537.36 (KHTML, like Gecko) Chrome/118.0.0.0 Safari/537.36','comment',0,0),(46,7260,'2125','lynnewrigley@yahoo.it','https://bohkebaypy.com','212.102.36.13','2023-11-06 00:18:56','2023-11-06 08:18:56','Massive boob phillipinaMale femalpe orgasm lengthAdult \r\nswimming instructins in queensVintage steam bruunig passTennhis analAmateur \r\npoen college girls freeVintage style bagsGirls breast \r\nvideoAss free hotFucking petit angel picsOver 60 wopman lolking ffor sexTeeen seex videos ebonyBrianna \r\nfrost\'s pussyErrin rogers espn nudeBusty amageur andrea agreedGolf shoes women dick\'s spoorting goodsFriedr dick knkfe setNudee teenage womenHow to wash breastWatermelpn for penisPornstar anette dawnBesst \r\nsex scene onlineSpasnking comic stripGirls in greewnwood villae tto \r\nfuckFilm hollywood in nude sceneNude akexa vegaNude scenes \r\nof jason strathamYour wijfe for sexMasturbation with another person storiesSexy piao lesson gameBuilding canoe \r\ndrawinbg guide stripperPenis buyultmeWestt hollywood snset strip https://tinyurl.com/yhfszdeb Zipless fuckBrunestte hairy pussy moviesPantyhose \r\npalace https://bit.ly/32xeDW1 Dicks sporting gods muskegonAmateur ssex postsBuried alive bukkakle https://tinyurl.com/yfjfurph Madeleiine hodgkinson adult dating daloas richardsonNumbeer \r\nof seex and the city seasonsMature seex texas https://bit.ly/3vqk1mg Virgin mary depictionsShemalee 69 powered by phpbbMom soon anal movie https://bit.ly/3wwbDD5 Fiction storiees of anal penetrationBeautiful artistic young nudesTwwo girls \r\nrubbing clits togethsr https://bit.ly/38CDBDa Kinky lesbian latgex strap onLadies wearing sexy girdlesPajama \r\nfucking https://bit.ly/2TLiM3O Xxx moovie carMoxel \r\nwiofe hairy3d girl xxxx https://bit.ly/3J8mIRj Sexy pattycake \r\nvideo allFreee adult lessonsEjaculation female teen https://bit.ly/3lfuz4b Newgroun sylvanas hentaiAmsterdam sex etiquetteHustler gallries \r\ncom https://cutt.ly/lUIVgJ5 Morgue fetishStrip phase 104 girls ass https://bit.ly/3d8Wf6N Igor hairy omsk porn erotic dunjja luoa atkUnique sexy girls galleriesKenmore 22.4 cuu ft trio frencdh door bottom freezer refrigerator https://bit.ly/3x2ZhCE Autumn austin sucking cockGroup men oone woman sexHamster blac guy fucking white woman https://bit.ly/3p3zdFS Asian shipbuildingWhats thhe diffderent pussysHimdi sex nyde https://bit.ly/3nqPeTd Strip seaarch faast \r\nfood restaurantsDustin zito nakedSexy hot asian pordn https://tinyurl.com/yhjap4x9 Penis length oor widthTrannys \r\ngone wildClebrity hollywood porn https://tinyurl.com/ydku6mur Baking solda ass vaginal cleansersSmall butt teen asianFoto album nude https://bit.ly/3hoF3N6 Freee young teeen girls videosManga goo sexBarrikers to brerast cancer \r\nscredening https://bit.ly/3vh18C8 Adult smkbd sitesGirls whho fuck for moneyAmteur free porn movie archive https://bit.ly/3d9pB4Q Shor matur wife mpegsCalifoirnia supreme court samke sexFinger therre pussy https://bit.ly/2RcoY40 Give good oral ssex to maleDenise \r\nvan outen nakedFlacfid penis orgbasam https://cutt.ly/9Jhs0Cu Faat mature girlsEscort services arkansasTwo sluts sshare everything https://tinyurl.com/yjqk9vte Univeersity of thhe virgin islands bucsFree ssex tubNaed redhead \r\nstip teaase picture https://bit.ly/2N4RNNy Nudde mom aand daaughter nude galleriesNudee teen body \r\nbuilders photosBusty frewe marilyn video https://bit.ly/2ZwbOmmn Findinmg a fuck buddyBbw \r\nscort canadaPlumps swinger private https://bit.ly/3bZw432 Prince of tenis hentai videosFreee femdom video tubeBigg titts videps from 80 s https://bit.ly/3ySfxHV Gayy \r\ngroin bondageWatfch ftee herntai full lenght onlineVery mature women with \r\npussy juice https://bit.ly/2FKbhmW Three tits one girlDublin ohhio aadult learning classesFree \r\nindian porn sex tbe https://bit.ly/2SKmrhA Non consensual femdom picturesAmatsur fashion glamour model photoAmeture gangbang party porn videos https://bit.ly/3pOXy0I Nudee photos \r\nblack teensAsiaan transport journalOutback steakhouse asian salpad dressing https://bit.ly/3yajuXb Teen cleavedgeGandpa squirts sperm in grandma\'s \r\npussyGay collee boys fuyckin and ssuckingcock https://bit.ly/3pwUiHd Poorn vkewing laws illinoisMalee anal vubrating coock \r\ntoyMotorcucle rally woan xxx https://bit.ly/3QIlNtt Fordd esfort mk5 xr3iOffice redheadsCallegare hemale https://bit.ly/3rxQQiM Veronika symon cockMature hoe video \r\nclipThree russian boys fuck mom https://bit.ly/3p7EgFg Kentucky maale stripperJustice elague hentaiClassic cum swallowing \r\ncompjlation https://bit.ly/3Dhdcae Shakira bikini pictureNude \r\n3d pictureHott wett cunts porn https://tinyurl.com/yfeeq6tc Anal gestapo onn you tubeFree porn vvideo leatherLindsay lohan\'s great boobs https://bit.ly/3iWM0Uf Cat cunnilingusCancer sucks tie-dyed tshirtPiics black white women fuck https://tinyurl.com/y7rq85pz Dothack hentaiPushing cum out off ass picturesHitachi vibrator reviews https://tinyurl.com/yahfe9f4 William tujrman shaw sex offenderPornstar \r\ndNked swimming pool girls https://tinyurl.com/yzg6ewwu Does sex reduce stressIs jim nighbors gayMedical trials comcerning virgon coconut oil https://tinyurl.com/yjfnwh46 Gambr pool pornVirgin mobile \r\ntop upp caed numberAsian nnude female celebarity https://cutt.ly/ExZUcWD Fucking bethStreip club kw \r\nontarioCloseup pictures off masterbating cocks cumming https://bit.ly/3Az6lJh Homemade seex toys \r\nfor malesR kelly pissing rideoIdioopathic facjal parralysis https://tinyurl.com/yepxq5zs Asian busty free videoBarely free hardcore legall movike sex teenMeredith vieira nude flash https://bit.ly/3hfYCXJ Asian spas iin extfon paPornn i can watchSex with \r\nffat lay free https://bit.ly/31QKoZz Stream amerkcan bukkakeFree online adult pc gamesFive \r\nweek pregnancy vaginaal discharge https://bit.ly/3f88zFU Best porn vdeoJapanese wmen in leather bondageLadies nude horny and sexy https://bit.ly/2SuYBTN Hairy hunk i\'m a married manStatistics on heslthy relationships amongsxt teensBoot from thumb \r\ndrikve windows xpp https://bit.ly/30DG38b Breast \r\naugmentation serumVintage nudxe women 1980 sPlump giirl swingers https://bit.ly/30Bhc4K Stephen king gayJuice pussy sweetMasturbate pool videoErotic poetry onlineTiny \r\nsexzy feetNaked photo of ttom cruiseTeeen theatre groups in st.\r\nLouisSingaoore russian escortCall girels nottinghzm nude picsAsikan hhot girlfriends fuckingTeen baby bambino rojoColorado \r\ngay singlesDolly golden porn starReeal cheerleader nudeFree nnude puotos of valerie bertinelliLong beach gay sex \r\nclubsAdult srars at home 3Husband uses pussy pump oon wifeSeex caloriesLesbians tribing videosTeens nudist videosAdult dildo fernandina flFreee sex video anderson tommyDeepp throat bedr bottleSoundtrackk for vampires suckFree mann fistingYoungg gay wrestling pornBeautyiful jwpanese teenSorority hazng stripBikini dream \r\ngalleryCeerleader strippedrs movie bittorrentHoow \r\ndolls aare becoming too sexyAdult porn staresSoftt porn picturesTila tequila\'s pussyThe \r\ntripl plasure jaack rabbit vibratorSexy rachel nicholsLil \r\nwayne lyrics to pussy mkney weedFree xxx largest pussySex wth my sisters friends movieOldman xxxShhow mme your dicdk blackMutual masturbation spouseAdult \'mat\' moviesThings to stiuck up my \r\npussyVaginal bleesding andd period3d black porn video \r\ngamesMature hairdy ass bbig titsIcarly czst nakedTens fucking midgets',0,'spam','Mozilla/5.0 (Windows NT 10.0; Win64; x64; rv:114.0) Gecko/20100101 Firefox/114.0','comment',0,0),(47,7348,'WooCommerce','woocommerce@wildrivertech.com','','','2023-11-09 21:18:56','2023-11-10 05:18:56','Order status changed from Pending payment to New Quote Request.',0,'1','WooCommerce','order_note',0,0),(48,7349,'WooCommerce','woocommerce@wildrivertech.com','','','2023-11-12 18:17:36','2023-11-13 02:17:36','Order status changed from Pending payment to New Quote Request.',0,'1','WooCommerce','order_note',0,0),(49,6576,'wfCJtLeh','TennilleHowerton148@yahoo.com','http://LrqGkHfi','195.116.155.83','2023-11-14 05:20:28','2023-11-14 13:20:28','tdSARKuIGrDLV',0,'spam','Mozilla/5.0 (Windows NT 10.0; Win64; x64) AppleWebKit/537.36 (KHTML, like Gecko) Chrome/118.0.0.0 Safari/537.36','comment',0,0),(50,6576,'wfCJtLeh','TennilleHowerton148@yahoo.com','http://LrqGkHfi','195.116.155.83','2023-11-14 05:21:24','2023-11-14 13:21:24','coCtTyEQYINZ',0,'spam','Mozilla/5.0 (Windows NT 10.0; Win64; x64) AppleWebKit/537.36 (KHTML, like Gecko) Chrome/118.0.0.0 Safari/537.36','comment',0,0),(51,7233,'? Get free iPhone 15: https://google.com ? hs=8024953641d85e7368050bbdaf6235e3*','okebepu@merepost.com','https://google.com','199.249.230.146','2023-11-14 09:44:54','2023-11-14 17:44:54','7pb7h7',0,'spam','Mozilla/5.0 (iPhone; CPU iPhone OS 15_6_1 like Mac OS X) AppleWebKit/605.1.15 (KHTML, like Gecko) Version/15.6.1 Mobile/15E148 Safari/604.','comment',0,0),(52,7260,'? Get free iPhone 15: https://google.com ? hs=cc2aea3fdd28eda0a865fd18e439a31c*','okebepu@merepost.com','https://google.com','107.189.8.238','2023-11-14 09:45:59','2023-11-14 17:45:59','dqli1d',0,'spam','Mozilla/5.0 (iPhone; CPU iPhone OS 15_6_1 like Mac OS X) AppleWebKit/605.1.15 (KHTML, like Gecko) Version/15.6.1 Mobile/15E148 Safari/604.','comment',0,0),(53,6576,'? Get free iPhone 15: https://google.com ? hs=79ba3bc504ec8c92f08d086ea8c75c4a*','okebepu@merepost.com','https://google.com','185.220.101.53','2023-11-14 09:46:25','2023-11-14 17:46:25','ji66in',0,'spam','Mozilla/5.0 (iPhone; CPU iPhone OS 15_6_1 like Mac OS X) AppleWebKit/605.1.15 (KHTML, like Gecko) Version/15.6.1 Mobile/15E148 Safari/604.','comment',0,0),(54,6592,'? Get free iPhone 15: https://google.com ? hs=246e25173e7cfef9ad9dbc7ba7c8f60d*','okebepu@merepost.com','','185.220.101.158','2023-11-14 09:47:10','2023-11-14 17:47:10','l7ad4r',0,'0','Mozilla/5.0 (iPhone; CPU iPhone OS 15_6_1 like Mac OS X) AppleWebKit/605.1.15 (KHTML, like Gecko) Version/15.6.1 Mobile/15E148 Safari/604.','review',0,0),(55,6601,'? Get free iPhone 15: https://google.com ? hs=a5fde99aa1facf073ce5355f6e84d808*','okebepu@merepost.com','','192.42.116.195','2023-11-14 09:47:38','2023-11-14 17:47:38','zm02lw',0,'0','Mozilla/5.0 (iPhone; CPU iPhone OS 15_6_1 like Mac OS X) AppleWebKit/605.1.15 (KHTML, like Gecko) Version/15.6.1 Mobile/15E148 Safari/604.','review',0,0),(56,6609,'? Get free iPhone 15: https://google.com ? hs=32b3a997109243fec7afff35fd31bda0*','okebepu@merepost.com','','38.97.116.244','2023-11-14 09:47:54','2023-11-14 17:47:54','2idsj3',0,'0','Mozilla/5.0 (iPhone; CPU iPhone OS 15_6_1 like Mac OS X) AppleWebKit/605.1.15 (KHTML, like Gecko) Version/15.6.1 Mobile/15E148 Safari/604.','review',0,0),(57,6694,'? Get free iPhone 15: https://google.com ? hs=ab7091071271bdce180cc8e6015e8a63*','okebepu@merepost.com','','185.243.218.202','2023-11-14 09:48:09','2023-11-14 17:48:09','tuja1k',0,'0','Mozilla/5.0 (iPhone; CPU iPhone OS 15_6_1 like Mac OS X) AppleWebKit/605.1.15 (KHTML, like Gecko) Version/15.6.1 Mobile/15E148 Safari/604.','review',0,0),(58,6803,'? Get free iPhone 15: https://google.com ? hs=e383cda5434bc0e9204abd1ea990129c*','okebepu@merepost.com','','185.220.101.53','2023-11-14 09:48:30','2023-11-14 17:48:30','6e57x5',0,'0','Mozilla/5.0 (iPhone; CPU iPhone OS 15_6_1 like Mac OS X) AppleWebKit/605.1.15 (KHTML, like Gecko) Version/15.6.1 Mobile/15E148 Safari/604.','review',0,0),(59,6507,'? Get free iPhone 15: https://google.com ? hs=ee46cb4a98a61b433fa73ff62a9c1d91*','okebepu@merepost.com','','216.239.90.19','2023-11-14 09:48:50','2023-11-14 17:48:50','f196l7',0,'0','Mozilla/5.0 (iPhone; CPU iPhone OS 15_6_1 like Mac OS X) AppleWebKit/605.1.15 (KHTML, like Gecko) Version/15.6.1 Mobile/15E148 Safari/604.','review',0,0),(60,1,'? Get free iPhone 15: https://orbitansk.ru/uploads/go.php ? hs=6fc21aa14ee81fd25f98f75f6e11adc4*','okebepu@merepost.com','https://orbitansk.ru/uploads/go.php','45.138.16.222','2023-11-14 09:49:36','2023-11-14 17:49:36','5eipee',0,'spam','Mozilla/5.0 (iPhone; CPU iPhone OS 15_6_1 like Mac OS X) AppleWebKit/605.1.15 (KHTML, like Gecko) Version/15.6.1 Mobile/15E148 Safari/604.','comment',0,0),(61,6874,'? Get free iPhone 15: http://www.tgvtec.com.br/upload/go.php ? hs=35fa7018ab1bd6b4c2d35527b8321ff4*','okebepu@merepost.com','http://www.tgvtec.com.br/upload/go.php','192.42.116.196','2023-11-14 09:50:10','2023-11-14 17:50:10','i6cka7',0,'spam','Mozilla/5.0 (iPhone; CPU iPhone OS 15_6_1 like Mac OS X) AppleWebKit/605.1.15 (KHTML, like Gecko) Version/15.6.1 Mobile/15E148 Safari/604.','comment',0,0),(62,7233,'7830','charline.ferrer@bol.com.br','https://sajtngvxig.com','79.142.79.31','2023-11-15 13:08:51','2023-11-15 21:08:51','Anaal teeen tto mouth videoFlavor off lve tooasty sex tapeGoogle gay sexHardcore first \r\ntime anal screamerGidls gone wikd esbian orgasmCamwitthhercarmen strip 2Beeer dick \r\ngriesdieckSrltc sexual assaultHugww dick analCute lesbian kissingGirls first caught sucking cockMatufe bzbes \r\nree thumbnailsNude machine milf tgpsBottom mount \r\nfreezer refrigerator reviewsNuudist germansStreamming amature \r\nteen xxxMy tits oon the beachMarksbookmark pornCheey derrioere pantyhosePics of \r\nasdian female bodybuildersJanee darling porn star bookFree wife spread fuckig biig \r\ndildoWoman ass picAdylt strawbery shoortcake halloween costumesBest gay novelSexy booys and videoHydrangea quercifolia pee \r\nweeSell adult toyInflatable anal plugsAsian thumbnail sex galleryTeens amature att homke bizAbuse iin relationshiip \r\nsexualHitting rock bottom to see jsus https://cutt.ly/1UBBfCS Gayy liberattion oof waterloo ontarioHustler clothing \r\nstripdownTiny hntai moviws https://tinyurl.com/y48zcp6 Indeppendent \r\nindian asian escorts midlandsTeeen masturbating herselfVicolria beckham naked https://bit.ly/3jcrQcM Asexual sexualStrip \r\nclubs near lazurel mdBreasts bllogs https://bit.ly/3AejiId Precision xtra blood kettone stripsGayy escomoGay sht \r\ngalleries https://bit.ly/38vhv5t Olld black ggay men vidsLoudest \r\nfuck everDecal ffor bottkm of inground pols https://bit.ly/3knXcKW Adult male lions nonsenseFree sexyy pictureFive striped blue tailed soink pett https://bit.ly/2USU16b Anjalinaa jolie habing seex in moviesFreee oonline adulpt sex tvCounter toop sex positionms \r\nhttps://cutt.ly/bYwQf6G Specfulum sexJenniferr \r\nlotrup nudeMaale shaved assholes https://cutt.ly/fUE9vdw Different types off penisHow tto give ooral ssex womanSeexy custome https://tinyurl.com/2phnhm6w Sexxy caar wash \r\nvideosOn breast feeing babyPoorn clips low qualitty frwe https://tinyurl.com/ygzu6g3r Grafe \r\ncofk flavored soup mixAsian fendom thumbsRubbed skin on vagina \r\nraw https://tinyurl.com/ye5hlcvg Panty hoose shemaleWoman in a bikiniFree asin ppic gallery \r\nhttps://bit.ly/3qivLGs Waer park nudesThee ammoun off cells \r\niin spermSex tmple dervadasis https://bit.ly/3wSl4Nn Amateur \r\nfree pprn vidsIn prre teen underwearFree cum shoot galkeries https://bit.ly/3iphm9z Pints off pussy \r\nwillowsCelenrities lesbhian sex sceneRadiation treastment forr breast cancer savi https://tinyurl.com/yfadgq4x Lingerie pattertns to downlkoad ffor freeBrazilian girl nakedDictionary clitoris \r\nhttps://bit.ly/3gZuoJJ Mature ggay muscleKiim kardashian breast implantsDick belanger azz https://bit.ly/3qESdIk 26 b titsSmoiking dhring breast feeding1949 micro midet https://bit.ly/2SxBP10 Adixas \r\ngayTamara henhsick lve sex tvFree hardcoee lng mocie https://cutt.ly/Mz8fe1g Karaa duhe \r\nnakedDating services interracialTeen slts hawai https://bit.ly/35fxzGg Micrro bikini women wrestlingLovely sext \r\nmature nakd womenSell your sex tape download https://bit.ly/3HIoRSk Tied fucked videoWomnen taking big cockVinfage 21 \r\nart gsllery raleigh https://bit.ly/3qJgmxd Coszta riica adultt vacationsAction adujlt netBottle erotica sapphjc spin https://bit.ly/3cSOWkoo Hoot naked amatuersYoung boyss having sexsAdulot daiper wearinbg https://bit.ly/3qtG8YJ Young \r\nbboy mazture mom videoTennesesee hippie nudists coloniesPaliin porn porno https://tinyurl.com/yf2bnoav Vannessa hidgens nakedVintage clothing strap holderNudist dress \r\nhttps://cutt.ly/YngS0GU Breast implants post surgeryBikwr gan ssex initiationBayesr glucose test stips contour \r\nts https://bit.ly/3wFZ7Ro Naked psycho bitchesHulkk wife nudeFortunate pussy flick 1 https://bit.ly/3sB9Zkaa Brdast femmale manDoublle penetration margo sullivanHentai family hree sisterss caar accident https://bit.ly/3mbCi4R Mp4 sex freeAdult orced vidsFrree kimm porn possible https://cutt.ly/DU8LbUn Mature amature porn tubeSpanish escortt \r\nakexis in atlantaBearr gay mman older https://bit.ly/3jQb5o1 Porn movies with nno membershipBest \r\nadukt moovie siteTeen dress clothing urban outfitters https://bit.ly/3vfSCo1 Big blaock cockLatexx cat sex videosJoanna pacula nakked https://bit.ly/3fCUj9i Vibrator queesn rodney carringtonSpokne dick davis vickieRubber ggel dildo lesbien video \r\nsamples https://cutt.ly/PUbKgrH Differejt ways to \r\nhazve sxual intercourseNiice nude tqns womanBondage oorgy https://bit.ly/34H3Rt0 Jennifer pink ikini showPetwr north deepthroatOh sljt lea https://bit.ly/3cVqQo2 Worlod biggeest \r\ncockVagina ball kickLongstocking porrn https://bit.ly/3kfRvyT Sex offenders notificationBdssm nipple stretchFilm free hardore sex https://tinyurl.com/2llmu5ay Escorted antiquue sshopping iin manhattanUk amateuur glamourr modelPromoting sex \r\neduchation https://bit.ly/3eI2tx1 Seexy alolison stokkeSakura sujcks dickWwww hairy divas forum https://bit.ly/32pn3ON Sexy \r\namature couplesNakked girls bbsSmells like teen spirit vocal https://bit.ly/3Jhml6V Xhamster oldd granny pornSexxy prate wallpaperMature russian annal milfs \r\nhttps://bit.ly/3AouIcF Air ustlers mp3Fubny photoshop penis \r\npicGroup seex action https://bit.ly/3jC3TeX Seept 2010 amateyr big cockRouugh \r\nsex videos foor freeVineland adultts adapotive scales https://bit.ly/2REnxvo Kaiya \r\nasianDoouble sixed dildo videosDowsnload .psp porn vifs https://bit.ly/3eFlq27 Teen titan video gameCandid pantyhos xxx4Moniique alpexander perfect pussy https://bit.ly/3AG3m1R Flat botttom panSexx kelly \r\ntrumpFaat ficking rretard https://bit.ly/34JEEhX Ny \r\nsexy daughter picsAmateur couples wrestlingMaha alli naked https://bit.ly/3rZIUE4 Finger banging xxxNude wins videoMy buddy aand i \r\ngot drunk aand wee got nnaked https://cutt.ly/HOp92CL Finnd porn someBi trrio sexHerpees under foreskiin oof penisLesbian nipole teasingOlivia \r\nla roiche porn starTeen boy girl wrestlingHoot sex phine numbersAdult karas playgroujd suckAdullt dayy health centerOh laa laa eerotic massagge brusselsFrree \r\nasizn nudce pornKimberly coox seex nortgh west30 min big bloonde boob sexTeen summerr program in germanyChroni smalol round blisters onn bottom off feetCann spermm live outsidce your \r\nbodyFemmdom sussexAmmeda breast electric medela pumpGaay \r\nfootball guysYoug gay movieAian boykakeCelebrity \r\nporn jessica albaSeveteen maggazine sex healthThe besat lesbian moviesDungeon bukkakeFreee naked webb cam \r\nchatgs guysRussian lesbian picsArmpot free hairy newsTegucigalpa \r\nbbbw sexOverlabd tteen summer programsNalaa sexVariicose \r\nveins in the penisExgreme table topp dildoCumed \r\ngirl friendSeex thrrough historyGiirl shits analNude thum picRouen shemaleThigh hihh \r\nstocking lingerie porn starsBrett favre penis dickFrree roll hentaiTeen pregnancy statisiticsGrroup image sexyWemon assBuuy realistic mann gay toyFree mexifan porn clipSexy cael teo pussyTickling ssxual funBbw sex picxDeepthroat \r\nlatinas',0,'spam','Mozilla/5.0 (Windows NT 10.0; Win64; x64) AppleWebKit/537.36 (KHTML, like Gecko) Chrome/114.0.0.0 Safari/537.36 Edg/114.0.1264.71','comment',0,0),(63,6808,'FDJiWuKmwDlABjoJHTpcyy','WVbbQb.bwcjpt@flexduck.click','','103.179.44.142','2023-11-19 22:29:53','2023-11-20 06:29:53','FDJiWuKmwDlABjoJHTpcyy',0,'0','','review',0,0),(64,1,'2YgVXhFo7eNBYKwUoqndI1gR898','2YgVXhFo7eNBYKwUoqndI1gR898@email.com','','91.194.161.51','2023-11-25 13:52:07','2023-11-25 21:52:07','2YgVXhFo7eNBYKwUoqndI1gR898',0,'spam','Mozilla/5.0 (Windows NT 5.1) AppleWebKit/537.36 (KHTML, like Gecko) Chrome/35.0.2309.372 Safari/537.36','comment',0,0),(67,7350,'WooCommerce','woocommerce@wildrivertech.com','','','2023-11-28 06:04:55','2023-11-28 14:04:55','Order status changed from Pending payment to New Quote Request.',0,'1','WooCommerce','order_note',0,0),(68,7233,'qleYWUzrfX','tomnuzorow@outlook.com','http://LUIfHNezEs','103.232.247.26','2023-11-29 05:53:26','2023-11-29 13:53:26','bAGiQTrUpRJ',0,'spam','Mozilla/5.0 (Windows NT 10.0; Win64; x64) AppleWebKit/537.36 (KHTML, like Gecko) Chrome/118.0.0.0 Safari/537.36','comment',0,0),(69,7233,'qleYWUzrfX','tomnuzorow@outlook.com','http://LUIfHNezEs','103.232.247.26','2023-11-29 05:54:15','2023-11-29 13:54:15','HuMWOSeQhTgj',0,'spam','Mozilla/5.0 (Windows NT 10.0; Win64; x64) AppleWebKit/537.36 (KHTML, like Gecko) Chrome/118.0.0.0 Safari/537.36','comment',0,0),(117,6582,'pachadoms','6oXeqA8f@hotmail.com','http://www.bayanur.com/','179.43.191.18','2023-12-31 19:41:35','2024-01-01 03:41:35','pachadoms xyandanxvurulmus.sdupXxKCNijP',0,'spam','TheSafexInternetSearcher','comment',0,0),(118,6874,'rodings','TC7eIkHQ@hotmail.com','http://www.bayanur.com/','179.43.191.18','2023-12-31 21:28:37','2024-01-01 05:28:37','rodings xyandanxvurulmus.QFrxJaatb6E9',0,'spam','TheSafexInternetSearcher','comment',0,0),(119,7233,'skaithed','8XtRxhVD@hotmail.com','http://www.bayanur.com/','179.43.191.18','2024-01-01 01:47:47','2024-01-01 09:47:47','skaithed xyandanxvurulmus.VPtHJ6s39uIu',0,'spam','TheSafexInternetSearcher','comment',0,0),(71,6576,'iSqaWcvsIBOLmrlQ','kitzicuhex@outlook.com','http://ndNiZFgpKGj','103.135.1.161','2023-11-29 20:05:23','2023-11-30 04:05:23','nCwDtKkB',0,'spam','Mozilla/5.0 (Windows NT 10.0; Win64; x64) AppleWebKit/537.36 (KHTML, like Gecko) Chrome/118.0.0.0 Safari/537.36','comment',0,0),(72,6576,'iSqaWcvsIBOLmrlQ','kitzicuhex@outlook.com','http://ndNiZFgpKGj','103.135.1.161','2023-11-29 20:06:01','2023-11-30 04:06:01','tSDOcGeEKzmQp',0,'spam','Mozilla/5.0 (Windows NT 10.0; Win64; x64) AppleWebKit/537.36 (KHTML, like Gecko) Chrome/118.0.0.0 Safari/537.36','comment',0,0),(121,6576,'distinguisher','sn0cyamZ@hotmail.com','http://www.bayanur.com/','179.43.191.18','2024-01-01 04:10:07','2024-01-01 12:10:07','distinguisher xyandanxvurulmus.8Xg4xFnFYgKb',0,'spam','TheSafexInternetSearcher','comment',0,0),(122,6576,'Pipe solutions','maviinhello@gmail.com','https://elitepipeiraq.com','104.237.6.28','2024-01-02 11:32:30','2024-01-02 19:32:30','Fantastic site. Lots of helpful information here. I am sending it to some friends ans additionally sharing in delicious. And of course, thanks for your effort!',0,'spam','Mozilla/5.0 (Windows NT 10.0; Win64; x64) AppleWebKit/537.36 (KHTML, like Gecko) Chrome/114.0.0.0 Safari/537.36','comment',0,0),(123,7352,'WooCommerce','woocommerce@wildrivertech.com','','','2024-01-02 13:38:54','2024-01-02 21:38:54','Order status changed from Pending payment to New Quote Request.',0,'1','WooCommerce','order_note',0,0),(124,6576,'RLaSbghepGfXdVr','vasiliyb1ys@outlook.com','http://tvYHIMTsxqReNFzU','103.145.202.118','2024-01-02 17:04:14','2024-01-03 01:04:14','xyHubGTED',0,'spam','Mozilla/5.0 (Windows NT 10.0; Win64; x64) AppleWebKit/537.36 (KHTML, like Gecko) Chrome/118.0.0.0 Safari/537.36','comment',0,0),(125,6576,'RLaSbghepGfXdVr','vasiliyb1ys@outlook.com','http://tvYHIMTsxqReNFzU','103.145.202.118','2024-01-02 17:04:45','2024-01-03 01:04:45','ZYpBHOJNTKEew',0,'spam','Mozilla/5.0 (Windows NT 10.0; Win64; x64) AppleWebKit/537.36 (KHTML, like Gecko) Chrome/118.0.0.0 Safari/537.36','comment',0,0),(120,1,'peyote','q3FffHIJ@hotmail.com','http://www.bayanur.com/','179.43.191.18','2024-01-01 03:30:43','2024-01-01 11:30:43','peyote xyandanxvurulmus.KuDsxz32HuEO',0,'spam','TheSafexInternetSearcher','comment',0,0),(116,7260,'dishiest','dj2URdlq@hotmail.com','http://www.bayanur.com/','179.43.191.18','2023-12-31 04:18:04','2023-12-31 12:18:04','dishiest xyandanxvurulmus.EUWrJv8eWOGR',0,'spam','TheSafexInternetSearcher','comment',0,0),(75,6601,'Sim Yin Chun','simyc4016@proton.me','','38.152.7.70','2023-12-01 09:33:47','2023-12-01 17:33:47','** Kindly assist to forward this email to Alfred Neves, the Chief Technologist of Wild River Technology Llc.\r\n\r\nHi Alfred Neves,\r\n\r\nI am Sim here from PixelPulz. Am a freelance website designer, just started to venture out on my own. :)\r\n\r\nI\'m just wondering if you are interested to redo your Wild River Technology Llc\'s website - http://wildrivertech.com? I have some experience in the past working for company in Wholesale-Electronic Parts &amp; Equipment industry as well. \r\n\r\nEventhough I\'m not based in Beaverton, OR, however, I am available meeting you online. I charge from $695 only per website. You can schedule an online meeting with me for consultation first - https://bit.ly/47ZGlqt\r\n\r\nWish you have a good day.\r\n\r\nRegards,\r\nSim\r\nFreelance Wordpress Expert from Singapore\r\nPixelPulz Singapore',0,'0','Mozilla/5.0 (Windows NT 10.0; Win64; x64) AppleWebKit/537.36 (KHTML, like Gecko) Chrome/114.0.0.0 Safari/537.36 Edg/114.0.1264.71','review',0,0),(76,7233,'gold ira companies','romanpickard@yahoo.com','https://africa.businessinsider.com/local/markets/the-best-gold-ira-companies-your-ultimate-guide-to-precious-metals-investing/njjx76f','80.67.10.142','2023-12-01 15:40:04','2023-12-01 23:40:04','I\'m not sure where you are getting your information, but \r\ngreat topic. I needs to spend some time learning much more or understanding more.\r\nThanks for great information I was looking for this \r\ninformation for my mission.',0,'spam','Mozilla/5.0 (X11; Linux x86_64) AppleWebKit/537.36 (KHTML, like Gecko) Chrome/114.0.0.0 Safari/537.36','comment',0,0),(77,6808,'Molly Lawson','hTDKNh.qbdhpmw@virilia.life','','185.81.167.242','2023-12-03 17:55:44','2023-12-04 01:55:44','Molly Lawson',0,'0','Mozilla/5.0 (Windows NT 6.1; Win64; x64; rv:109.0) Gecko/20100101 Firefox/115.0','review',0,0),(78,6808,'KJenMEFJeCwwzyRzzTTEbzCdye','Hcbnsj.djqjdpt@silesia.life','','2.58.95.35','2023-12-05 17:39:22','2023-12-06 01:39:22','KJenMEFJeCwwzyRzzTTEbzCdye',0,'spam','','review',0,0),(79,6576,'uSWoYFyexqkvcJTp','ziggterrance1995@yahoo.com','http://LStgUYEPIy','200.6.88.136','2023-12-06 20:44:30','2023-12-07 04:44:30','YWMfTgqRBZQ',0,'spam','Mozilla/5.0 (Windows NT 10.0; Win64; x64) AppleWebKit/537.36 (KHTML, like Gecko) Chrome/118.0.0.0 Safari/537.36','comment',0,0),(80,7233,'uSWoYFyexqkvcJTp','ziggterrance1995@yahoo.com','http://LStgUYEPIy','200.6.88.136','2023-12-06 20:47:36','2023-12-07 04:47:36','tpNxJUYv',0,'spam','Mozilla/5.0 (Windows NT 10.0; Win64; x64) AppleWebKit/537.36 (KHTML, like Gecko) Chrome/118.0.0.0 Safari/537.36','comment',0,0),(81,6694,'Lizzie Chomley','lizzie.chomley@gmail.com','','2.57.169.216','2023-12-13 02:28:59','2023-12-13 10:28:59','Contact form blasts work! I can put your ad message in front of millions for less than $100 the same way I just put this message in front of you! Reach out to me via Skype or Email for details.\r\n\r\nP. Stewart\r\nSkype: live:.cid.e169e59bb6e6d159\r\nEmail: ps4582@gomail2.xyz',0,'0','Mozilla/5.0 (X11; Fedora; Linux x86_64; rv:114.0) Gecko/20100101 Firefox/114.0','review',0,0),(82,7233,'vCZGLXuDcmEQOp','shirleykrbejb@hotmail.com','http://ufecPHAvRqX','125.209.80.6','2023-12-13 20:29:46','2023-12-14 04:29:46','RTYKgVGPQOiJxua',0,'spam','Mozilla/5.0 (Windows NT 10.0; Win64; x64) AppleWebKit/537.36 (KHTML, like Gecko) Chrome/118.0.0.0 Safari/537.36','comment',0,0),(83,7233,'vCZGLXuDcmEQOp','shirleykrbejb@hotmail.com','http://ufecPHAvRqX','125.209.80.6','2023-12-13 20:30:50','2023-12-14 04:30:50','MxEyusSXzvqImO',0,'spam','Mozilla/5.0 (Windows NT 10.0; Win64; x64) AppleWebKit/537.36 (KHTML, like Gecko) Chrome/118.0.0.0 Safari/537.36','comment',0,0),(84,6808,'Conner Beard','nbQdYV.dtdphw@purline.top','','192.144.39.93','2023-12-15 12:17:59','2023-12-15 20:17:59','Conner Beard',0,'0','Mozilla/5.0 (X11; Linux x86_64) AppleWebKit/537.36 (KHTML, like Gecko) Chrome/114.0.0.0 Safari/537.36','review',0,0),(85,6808,'sIpSqOIPYLHrvuqSbKlzfqqE','KBrBWi.hjcjddw@kerfuffle.asia','','103.179.45.194','2023-12-18 11:10:56','2023-12-18 19:10:56','sIpSqOIPYLHrvuqSbKlzfqqE',0,'0','','review',0,0),(86,6808,'loFhpLFXFwQJRxNrqpJJJzzLcpvk','dOJeii.wpwjwdb@flexduck.click','','192.144.39.104','2023-12-20 00:17:09','2023-12-20 08:17:09','loFhpLFXFwQJRxNrqpJJJzzLcpvk',0,'0','','review',0,0),(87,7260,'seks siteleri','5FbWItkS@hotmail.com','https://www.healdplace.com/','179.43.191.18','2023-12-20 10:23:59','2023-12-20 18:23:59','vurcazkircazpatliycaz.o4Z688P5W2uj',0,'spam','TheSafeInternetSearch','comment',0,0),(88,6582,'pornhub bahis siteleri','yVWElbNv@hotmail.com','https://www.healdplace.com/','179.43.191.18','2023-12-20 15:30:12','2023-12-20 23:30:12','vurcazkircazpatliycaz.ANcppX96Mk1D',0,'spam','TheSafeInternetSearch','comment',0,0),(89,6874,'BİZİ SİK BİZ BUNU HAK EDİYORUZ','0FfzdtvP@hotmail.com','https://www.healdplace.com/','179.43.191.18','2023-12-20 15:56:49','2023-12-20 23:56:49','vurcazkircazpatliycaz.gXSxIfNhc4Ri',0,'spam','TheSafeInternetSearch','comment',0,0),(90,7233,'porn sex','qB09iqtE@hotmail.com','https://www.healdplace.com/','179.43.191.18','2023-12-20 17:06:55','2023-12-21 01:06:55','vurcazkircazpatliycaz.vaxno8rxiSfF',0,'spam','TheSafeInternetSearch','comment',0,0),(91,1,'porn sex','2MX7tbsx@hotmail.com','https://www.healdplace.com/','179.43.191.18','2023-12-20 17:38:00','2023-12-21 01:38:00','vurcazkircazpatliycaz.PP5oalnXtxp8',0,'spam','TheSafeInternetSearch','comment',0,0),(92,6576,'house porn','KK7U2I6u@hotmail.com','https://www.healdplace.com/','179.43.191.18','2023-12-20 17:50:42','2023-12-21 01:50:42','vurcazkircazpatliycaz.dBDnRwYa3F93',0,'spam','TheSafeInternetSearch','comment',0,0),(93,7260,'viagra','oLVtO4pq@hotmail.com','http://aseansec.org/','179.43.191.18','2023-12-21 13:52:35','2023-12-21 21:52:35','daktilogibigibi.pN0kaHPck3IV',0,'spam','TheSafeInternetSearch','comment',0,0),(94,6582,'pornhub bahis siteleri','OsbY3P50@hotmail.com','http://aseansec.org/','179.43.191.18','2023-12-21 15:19:19','2023-12-21 23:19:19','daktilogibigibi.3DWHPZ4Hx0Qp',0,'spam','TheSafeInternetSearch','comment',0,0),(95,6874,'pornhub bahis siteleri','REpGEcxt@hotmail.com','http://aseansec.org/','179.43.191.18','2023-12-21 15:28:37','2023-12-21 23:28:37','daktilogibigibi.kE1Y57hxnfbo',0,'spam','TheSafeInternetSearch','comment',0,0),(96,7233,'escort','5vuH6KJr@hotmail.com','http://aseansec.org/','179.43.191.18','2023-12-21 15:52:54','2023-12-21 23:52:54','daktilogibigibi.UJR1KrQnLyUS',0,'spam','TheSafeInternetSearch','comment',0,0),(97,1,'sexax','AigxaYdJ@hotmail.com','http://aseansec.org/','179.43.191.18','2023-12-21 16:04:11','2023-12-22 00:04:11','daktilogibigibi.cRH3jAZ1gDPX',0,'spam','TheSafeInternetSearch','comment',0,0),(98,6576,'bahis siteleri porn','hjrBbKSm@hotmail.com','http://aseansec.org/','179.43.191.18','2023-12-21 16:08:55','2023-12-22 00:08:55','daktilogibigibi.4Q66ZDi2O5nn',0,'spam','TheSafeInternetSearch','comment',0,0),(99,7260,'seksi siteler','PX3lXlZk@hotmail.com','http://aseansec.org/','179.43.191.18','2023-12-21 22:57:16','2023-12-22 06:57:16','daxktilogibigibi.FO10N8iRR5pP',0,'spam','TheSafeInternetSearch','comment',0,0),(100,6582,'sexax','RzPVmmiw@hotmail.com','http://aseansec.org/','179.43.191.18','2023-12-22 05:16:12','2023-12-22 13:16:12','daxktilogibigibi.fn0muBKTbUlS',0,'spam','TheSafeInternetSearch','comment',0,0),(101,6874,'anal siteleri','8nVM6kEQ@hotmail.com','http://aseansec.org/','179.43.191.18','2023-12-22 05:57:16','2023-12-22 13:57:16','daxktilogibigibi.82sTfD1ujzjH',0,'spam','TheSafeInternetSearch','comment',0,0),(102,7233,'food porn','7DcgWATW@hotmail.com','http://aseansec.org/','179.43.191.18','2023-12-22 07:51:18','2023-12-22 15:51:18','daxktilogibigibi.zhC0pfNMPgBg',0,'spam','TheSafeInternetSearch','comment',0,0),(103,1,'escort','LQWuhAd8@hotmail.com','http://aseansec.org/','179.43.191.18','2023-12-22 08:41:37','2023-12-22 16:41:37','daxktilogibigibi.JQt8qII8IHuI',0,'spam','TheSafeInternetSearch','comment',0,0),(104,6576,'fuck google','d86QbspY@hotmail.com','http://aseansec.org/','179.43.191.18','2023-12-22 09:01:20','2023-12-22 17:01:20','daxktilogibigibi.AbPH1pbQV5F4',0,'spam','TheSafeInternetSearch','comment',0,0),(105,7351,'WooCommerce','woocommerce@wildrivertech.com','','','2023-12-23 08:59:04','2023-12-23 16:59:04','Order status changed from Pending payment to New Quote Request.',0,'1','WooCommerce','order_note',0,0),(106,7233,'Adaptive Data Retrieval','victorina_krieger@neuf.fr','https://telegra.ph/Fast-and-Accurate-Data-Scraping-Services-03-06','193.178.169.166','2023-12-23 14:45:26','2023-12-23 22:45:26','Greetings! If you need web scraping services,\r\nI\'d gladly offer my assistance. As a skilled professional in this domain, I possess \r\nthe knowledge and essential tools to deliver swift and precise results.\r\nThis can facilitate you in deciding wisely and growing your enterprise.\r\n\r\nFeel free to reach out for assistance with web scraping..\r\n<a href=\"https://telegra.ph/Fast-and-Accurate-Data-Scraping-Services-03-06\" rel=\"nofollow ugc\">Adaptive Data Retrieval</a>',0,'spam','Mozilla/5.0 (Windows NT 10.0; Win64; x64) AppleWebKit/537.36 (KHTML, like Gecko) Chrome/114.0.0.0 Safari/537.36 Edg/114.0.1264.71','comment',0,0),(107,6609,'Dylan Samra','dylan.s@ercquickernow.com','','106.220.172.87','2023-12-23 18:39:18','2023-12-24 02:39:18','Hi there, can we pay you $32K within the next 10 days via a new IRS tax refund called the FFCRA that you\'re likely eligible for? We\'ve already secured $82M for our clients and it will only take you 5 min to apply with us online.',0,'0','Mozilla/5.0 (Macintosh; Intel Mac OS X 12_5) AppleWebKit/537.36 (KHTML, like Gecko) Chrome/114.0.0.0 Safari/537.36','review',0,0),(108,43,'site','admin@gmail.com','http://provenfacts.ru','107.173.134.190','2023-12-23 21:19:16','2023-12-24 05:19:16','site',0,'spam','Mozilla/5.0','comment',0,0),(109,6808,'Monroe Neal','MDAiJm.tbtpcwq@paravane.biz','','192.144.39.156','2023-12-24 19:28:29','2023-12-25 03:28:29','Monroe Neal',0,'0','Mozilla/5.0 (Windows NT 10.0; Win64; x64) AppleWebKit/537.36 (KHTML, like Gecko) Chrome/117.0.0.0 Safari/537.36 Edg/117.0.2045.36','review',0,0),(110,7233,'oKLwkPxNdqtfv','thomas-geezer-39@outlook.com','http://SKrFqzayLfegAjEi','47.251.34.103','2023-12-26 07:20:50','2023-12-26 15:20:50','LHgJNWyxYS',0,'spam','Mozilla/5.0 (Windows NT 10.0; Win64; x64) AppleWebKit/537.36 (KHTML, like Gecko) Chrome/118.0.0.0 Safari/537.36','comment',0,0),(111,7233,'oKLwkPxNdqtfv','thomas-geezer-39@outlook.com','http://SKrFqzayLfegAjEi','47.251.34.103','2023-12-26 07:21:17','2023-12-26 15:21:17','dIEbweYLKrA',0,'spam','Mozilla/5.0 (Windows NT 10.0; Win64; x64) AppleWebKit/537.36 (KHTML, like Gecko) Chrome/118.0.0.0 Safari/537.36','comment',0,0),(112,7233,'2142','gilbertsleeman@hotmail.fr','https://dvsyaxzkyn.com','89.149.38.82','2023-12-27 15:59:27','2023-12-27 23:59:27','Does your peni grow inn pubertyGuys rubbing their cocksVintage foprd rotunda toolsGirls nude tits pussyy footNaked \r\nand sexy photNaed on a tableKelly monaco vidro nudeSuper fine vaginasFree pprn videos \r\nushersBlack womkan breast feeding photosVirgin america airline airport \r\ncodesBest fro image photography portrait proo senior \r\ntechnique teenAduult rotective servces soouthern californiaAsian massage fulleron caHoot picture bikiniVelma \r\ncartoon sexViseo bikiniBestt fuckk pornVirgin pussyy lipDharma nakedPostmenopqusal \r\nfine white facial hair increaseV9 erotic real couple storiesBlack ppic sexFreee online written pornSeven hbit off highly \r\neffective teenLargo fl limgerie shoppingTeen lessbians firt orgasmHow to sound a penisAdult high payn webcamsAdult toyss west chesster paGeet \r\nwife to want sexPost your milf nudeToorn ulnar coollateral liggament thumb https://tinyurl.com/yjw28sha Hidden hotel sexx \r\ncamFree califoenia sex offenders listVimtage ban halen photos https://bit.ly/3kdkN0O Granmny shoing titMiczh \r\nmoor fucked monster cock fuuckedOrmohd beach female \r\nescorts https://tinyurl.com/2z3j6329 Brezst cancer inn antarica fictionCard euchre fooseball king poker quarter stripAdult acne onn chin https://cutt.ly/xCDODjh Lagex free moviePicturres off a adult grsen iguanaBig ttit fucking movgies https://tinyurl.com/d8x9ahf8 Tanner stage \r\nbreastsPenis on a stickUnconscios orgasms https://tinyurl.com/yzmlsksb Lawton ook strdip clubsPusey \r\nbig blazck cockClassicwatch vintage watches https://bit.ly/3urQxUs My wifve is sleeping with son nakedBikini wwax templatesSexy gonmzo want teen https://cutt.ly/0UUmBM8 Female orgasm dailymotionCrochet \r\naxult helmet hat patternsShemale transsexual video piture powt galleries https://bit.ly/34MyJZo Breast cacer andd metastasesJeann assesEmmma \r\nwatson fucked https://tinyurl.com/yjuf2a9v Collpege locker room cockIva bustySexy mini skirt woman\'s https://bit.ly/3dQmGj4 Nauyghtyhorney \r\ngirls nudeSigourney weaver nude oon bicycleGaay mzle fuckeres https://bit.ly/3bVgPI3 Lesbin bridesUnder 18 eroticaNude pic peeing https://bit.ly/3da6Sr4 Vintage clothing in lexingtn kyFemale teen monbologue crazy \r\nteacherAsian ttis https://bit.ly/3yUg9gc Peeeing aand pooing desdperation storiesPorn oon damandLingefie storees in atlanta https://bit.ly/2IWNpxX Sex slave picure pornSexy \r\nlegs thunbs galleries heelsFetzl alcoholsyndrome symptoms adulot \r\nhttps://bit.ly/3clRNl6 Watch josh harnet ssex tapeNude asian teesn blogGandspace nude baathroom https://tinyurl.com/yhfm6wcc Tifa and yuffue have sexAdult gremlinAmature eex ggf sex movies https://bit.ly/3sfQQV0 Bethlehem asian gidl \r\nseekAmafeur sexvideoMastujrbate huge cock cum https://bit.ly/3yljjZi Nude midels angelCheerleadwrs kicking upskirtsHewrtbeat lingerie \r\nhttps://bit.ly/3oMRtmz Brazil bbw dominant facesittingChuck barowski eroticaPertky redhewd https://bit.ly/3m0ed0j Fistiung tooy \r\nueeg 0055Macjines that make your dijck biggerSteroids rrub penis https://bit.ly/3lRtGjt Boobs \r\niin bubblesHentai boy threee mistrissesFree fuck herr hot teenn ass \r\nhttps://bit.ly/3taUsb0 Asian ppink pornRetro vinttage photoTwilight movie porn https://bit.ly/30KszYp Spoofs sex \r\nsitesEarrins vinntage japoan ebayWstern poeasure saddle https://bit.ly/3y5GWG9 Red \r\nfactioon nudeFreee bigg ttit movesEd/ winr hentai picss https://bit.ly/3gXRT61 Breast feeding fee video \r\nonlineBusaty teacher sexual 001Amateur teen female masturbation movies videos https://cutt.ly/9UREdNb Big bear lake boobsIn lingerie \r\nwhite whoreNude chginese girdl pictures https://tinyurl.com/yftqt2on Barebck and bbig \r\ndicks videro torrentWebcam gils boobsAdult beginners craft kits https://tinyurl.com/y7xxm9qk Peing calvin stickersJapan mil mmaids give blow \r\njobsCagheter nude penis https://tinyurl.com/wcje7pcc Dryy pdeling facfial skinSalspring escortBasse of thum \r\npainful https://bit.ly/3sgFeAR Nylons - nylons andd lingerieIthaaca sexOh myy pantyhose midhelle https://tinyurl.com/2lfc3zav Larfest orgy photoPorrn one girl 2 guysUraine pregnhant sex https://bit.ly/33gzP2c Adult video games game cubeBig \r\nfree fucking movgie penis tit trailerFrree adult mvoikes https://bit.ly/3pqqKfZ Girls pissing stuntss \r\npornMiddle easetern nakked womenTeen nipple movie thumbs https://cutt.ly/KC428nS Internatipnal online datiing asianOrgasmic fistingStrip web cam videos https://bit.ly/3pbwNUp Constance sullivan nakedDe galerie phboto pornFree male man military \r\nnude pic https://bit.ly/3wvJBql Youn pusssy xxx movies freeBikini thong nakeed wet lesbianBrewst \r\nreduction ssan diego https://bit.ly/33lRs0T Olld fat anal amateur tubeLesbian massage \r\npornCock worhip interatia humiliation https://tinyurl.com/2eqqw66x Fucked pussy tubeVintage remigton oca cola knivesToronto srrip clubs chaqt room https://bit.ly/3oiCwwsv Curve vintage soulFree \r\nthaai girlss sex picsPenis enlargement hotline https://bit.ly/3cXeQ5B Gayy pornn vidfeo contestBikini jenniferTeednage first \r\nfuck https://tinyurl.com/yc44yj48 Teen anal ssex big toysBreast cance medical journalsNaked brothers bsnd nnat wolpff https://bit.ly/3exx54u Stunning topless nudeFree oold lady porn tubesBoyy teen monologues print https://tinyurl.com/2qphbspa Advantages of bein a virginHow too sex your guinea pigDream fetiswh fopt theater https://cutt.ly/hUNuNeZ Teen daughtyer bets meTeen sex hhand \r\njob vidoesInternet polrn dani https://bit.ly/3n3bTGO Riim jobb cuum tubeBbw \r\npanty assGay and vieos https://bit.ly/34E34cu Brittyany spears asshole closeupWoman with hairyPng sluts \r\nhttps://bit.ly/3dStNXK Proztrate pleasureBusty terryFreee sared gay movies https://bit.ly/3qCvFtO Wiide ope pussy videosSlings bikinisSmall black tit https://bit.ly/3EnuNio Sexyy giftsVoyeur \r\nmasturbation tubeUnsebsored lesbian hentaiAdult club memphis arkansasShort and sexy hair productsAdult cum karas playgroundFreee erootic anal sexAmetujer porn picsHow tto suck on man titBlack \r\nlesbians chatFree cdlebrity nudde movesMovies twinkss small dicksNeerf hiked out off pussyImage lady nakedChickenheeads xxxPantryhose seex danilComparing pewnis with dadKinky erotic ssex storySpunk in hher pantiesBeefore andd after fuckingI \r\nam bisexualCliniic clinic cutyaneous ffacial flwps \r\nissue local plastic surgery surgeryChery tiegs nude picturesNaed girls on bedd with guitarRobert pattyison gayCalii taylor nakesd videoSexyy \r\ngolf teesErotic men\'s g-stringsCosmopolitan oral sexVictorian sex furnitureSluts wearing pantiesConair cs3b ceramic 1 sstraightener breast \r\ncancer awarenessNudee pics oof tiffany pollardFranz ferdinand darts of \r\npleasureEve lawrednce fuchking poolPregnancy siugns but no \r\npenetrationVaginal burning wuth trimo sansHong kong movies perikd sexPornstaar punishment faaye reagan4 \r\nasian herb hemorrhoid 6Bloow joob biig dickAutuim crafts foor adultsNew ffart fetish storiesGay male namesAsiwn tied upJapaneses \r\ngirls pantyhose picksFully mature austrralian terrierWhat\'s the best porn siteT-town chopzz milpf t \r\nshirtHuge pussy lips tgp',0,'spam','Mozilla/5.0 (X11; Ubuntu; Linux i686; rv:114.0) Gecko/20100101 Firefox/114.0','comment',0,0),(113,6576,'خدمات أنابيب HDPE في العراق','xoybwnavar@gmail.com','https://elitepipeiraq.com/','104.237.6.28','2023-12-29 03:26:21','2023-12-29 11:26:21','Somebody essentially lend a hand to make significantly posts I might state. That is the very first time I frequented your web page and up to now? I surprised with the research you made to create this particular put up amazing. Excellent job!',0,'spam','Mozilla/5.0 (Windows NT 10.0; Win64; x64) AppleWebKit/537.36 (KHTML, like Gecko) Chrome/114.0.0.0 Safari/537.36','comment',0,0),(114,6601,'EBR EBR','contact@ebrupdate.org','','198.55.113.115','2023-12-30 04:08:46','2023-12-30 12:08:46','Hello, please update your company details for 2024!\r\n\r\nTo check your details now, visit EBRupdate.org/form\r\n\r\nUpdating is free of charge!\r\n\r\nRegards,\r\n\r\nEBR - Data Maintenance',0,'0','Mozilla/5.0 (Windows NT 10.0; Win64; x64) AppleWebKit/537.36 (KHTML, like Gecko) Chrome/114.0.0.0 Safari/537.36','review',0,0),(115,6694,'Kristina Morford','kristina.morford@hotmail.com','','2.57.169.230','2023-12-30 11:21:33','2023-12-30 19:21:33','Contact form blasts work! I can put your ad message in front of millions for less than $100 the same way I just put this message in front of you! Reach out to me via Skype or Email for details.\r\n\r\nP. Stewart\r\nSkype: live:.cid.e169e59bb6e6d159\r\nEmail: ps45147@gomail2.xyz',0,'0','Mozilla/5.0 (Windows NT 10.0; Win64; x64) AppleWebKit/537.36 (KHTML, like Gecko) Chrome/114.0.0.0 Safari/537.36','review',0,0),(126,7353,'WooCommerce','woocommerce@wildrivertech.com','','','2024-01-04 11:13:02','2024-01-04 19:13:02','Order status changed from Pending payment to New Quote Request.',0,'1','WooCommerce','order_note',0,0),(127,6601,'Tom West','tomwest754@gmail.com','','104.247.208.154','2024-01-05 08:58:31','2024-01-05 16:58:31','Dear CEO/Founder, Good Morning and Happy New Year.\r\nAre Your Hiring Full Time or Part Time For \r\nProfessionals, Technology, Finance, Marketing, Sales etc. Employees For Your Company Now?\r\nPlease Let Me Know.\r\nThanks, Tom West',0,'0','Mozilla/5.0 (Windows NT 10.0; Win64; x64; rv:114.0) Gecko/20100101 Firefox/114.0','review',0,0),(128,6576,'zjbdRxtCSFD','JunieMcintosh622@yahoo.com','http://VAzrxXfGow','185.220.101.5','2024-01-06 07:15:18','2024-01-06 15:15:18','tlBaNgvCAsVEDdw',0,'spam','Mozilla/5.0 (Windows NT 10.0; Win64; x64) AppleWebKit/537.36 (KHTML, like Gecko) Chrome/118.0.0.0 Safari/537.36','comment',0,0),(129,6576,'zjbdRxtCSFD','JunieMcintosh622@yahoo.com','http://VAzrxXfGow','192.42.116.193','2024-01-06 07:16:35','2024-01-06 15:16:35','zetDvnEmip',0,'spam','Mozilla/5.0 (Windows NT 10.0; Win64; x64) AppleWebKit/537.36 (KHTML, like Gecko) Chrome/118.0.0.0 Safari/537.36','comment',0,0),(130,6609,'Jenna','jenna_gilpin@yahoo.com','','212.102.36.16','2024-01-06 15:51:41','2024-01-06 23:51:41','I\'m gonhe tto iform myy little brother, thhat hhe should also viszit thus webpae onn regulaqr basis too oobtain uodated fro most up-to-date reports.\r\n\r\n\r\n\r\nMy blogg poszt ... <a href=\"https://bilivideos.com/sitemap2.xml\" rel=\"nofollow ugc\">sitemap</a>',0,'0','Mozilla/5.0 (X11; Linux x86_64) AppleWebKit/537.36 (KHTML, like Gecko) Chrome/114.0.0.0 Safari/537.36 Vivaldi/5.3.2679.68','review',0,0),(131,7233,'VKJWfRtL','johnSX45062@outlook.com','http://BKxlmWudZCVg','118.137.48.57','2024-01-06 17:24:47','2024-01-07 01:24:47','FkqOvVQNTRrcfp',0,'spam','Mozilla/5.0 (Windows NT 10.0; Win64; x64) AppleWebKit/537.36 (KHTML, like Gecko) Chrome/118.0.0.0 Safari/537.36','comment',0,0),(132,7233,'VKJWfRtL','johnSX45062@outlook.com','http://BKxlmWudZCVg','118.137.48.57','2024-01-06 17:26:13','2024-01-07 01:26:13','teXLCmvP',0,'spam','Mozilla/5.0 (Windows NT 10.0; Win64; x64) AppleWebKit/537.36 (KHTML, like Gecko) Chrome/118.0.0.0 Safari/537.36','comment',0,0),(133,7233,'VKJWfRtL','johnSX45062@outlook.com','http://BKxlmWudZCVg','118.137.48.57','2024-01-06 17:26:28','2024-01-07 01:26:28','UxvcEOHPIzCJAuG',0,'spam','Mozilla/5.0 (Windows NT 10.0; Win64; x64) AppleWebKit/537.36 (KHTML, like Gecko) Chrome/118.0.0.0 Safari/537.36','comment',0,0),(134,7240,'Harrison','harrisonormiston@web.de','','212.102.36.16','2024-01-07 06:25:16','2024-01-07 14:25:16','Goood answers iin return oof tuis matter \r\nwith rwal arguments andd describing alll conerning that.\r\n\r\n\r\nAlsoo visit my sitye - <a href=\"https://bilivideos.com/sitemap5.xml\" rel=\"nofollow ugc\">sitemap</a>',0,'0','Mozilla/5.0 (Macintosh; Intel Mac OS X 12_5) AppleWebKit/605.1.15 (KHTML, like Gecko) Version/15.4 Safari/605.1.15','review',0,0),(135,6582,'tadalafil for sale','','https://cialssis.com','45.139.67.81','2024-01-07 18:08:45','2024-01-08 02:08:45','<strong>tadalafil for sale</strong>\n\ntadalafil for sale',0,'spam','PHP/5.3.22','trackback',0,0),(136,1,'cialis cheapest price','','https://cialssis.com','170.231.251.21','2024-01-09 19:50:56','2024-01-10 03:50:56','<strong>cialis cheapest price</strong>\n\ncialis cheapest price',0,'spam','PHP/5.2.76','trackback',0,0),(137,6601,'Abi','contentwriting011994@outlook.com','','83.166.216.8','2024-01-10 13:51:19','2024-01-10 21:51:19','Hello,\r\n\r\nI\'m Abi, an English SEO copywriter and content writer. I excel in crafting blogs, articles, e-commerce product descriptions, SEO content, website content, business service descriptions, newsletter content, brochures, proofreading, social media captions, LinkedIn content, and SOPs.\r\n\r\nMy rate is USD 20 for every 1000 words of content. If you don\'t have time to plan out your content, we can help you with that. \r\n\r\nFeel free to email me at Contentwriting011994@outlook.com with any current requirements.\r\n\r\nThanks,\r\n\r\nAbi',0,'0','Mozilla/5.0 (Windows NT 10.0; WOW64; x64) AppleWebKit/537.36 (KHTML, like Gecko) Chrome/114.0.0.0 Safari/537.36 OPR/89.0.4447.51','review',0,0),(138,6808,'Arturo Waters','fUNOKM.bqjbphd@maxeza.click','','192.144.39.109','2024-01-10 22:11:05','2024-01-11 06:11:05','Arturo Waters',0,'0','Mozilla/5.0 (Macintosh; Intel Mac OS X 10_15_7) AppleWebKit/605.1.15 (KHTML, like Gecko) Version/16.5.2 Safari/605.1.15','review',0,0),(139,7233,'tadalafil cipla','','https://cialssis.com','198.245.77.171','2024-01-10 23:33:11','2024-01-11 07:33:11','<strong>tadalafil cipla</strong>\n\ntadalafil cipla',0,'spam','PHP/5.3.50','trackback',0,0),(140,6846,'Web-admin','info-admin-2@semrych.com','https://zetds.seychellesyoga.com/var_montero','91.121.209.11','2024-01-11 09:06:29','2024-01-11 17:06:29','Al great deal for a web developer. Details: https://zetds.seychellesyoga.com/var_montero',0,'spam','Mozilla/5.0 (Windows NT 10.0; Win64; x64) AppleWebKit/537.36 (KHTML, like Gecko) Chrome/120.0.0.0 Safari/537.36','comment',0,0),(141,6576,'hmEDsJePyInV','nkrpgxoznbs@outlook.com','http://qXdvFxmMfJz','201.159.115.201','2024-01-12 03:48:56','2024-01-12 11:48:56','ZsUqTlczJerjQ',0,'0','Mozilla/5.0 (Windows NT 10.0; Win64; x64) AppleWebKit/537.36 (KHTML, like Gecko) Chrome/118.0.0.0 Safari/537.36','comment',0,0),(142,6576,'hmEDsJePyInV','nkrpgxoznbs@outlook.com','http://qXdvFxmMfJz','201.159.115.201','2024-01-12 03:49:52','2024-01-12 11:49:52','pyQXEWsdeLi',0,'0','Mozilla/5.0 (Windows NT 10.0; Win64; x64) AppleWebKit/537.36 (KHTML, like Gecko) Chrome/118.0.0.0 Safari/537.36','comment',0,0),(143,6846,'Web-admint','info-admins-3@semrych.com','https://zetds.seychellesyoga.com/var_montero','91.121.209.11','2024-01-16 11:00:49','2024-01-16 19:00:49','Al great deal for a web developer. Details: https://zetds.seychellesyoga.com/var_montero',0,'0','Mozilla/5.0 (Windows NT 10.0; Win64; x64) AppleWebKit/537.36 (KHTML, like Gecko) Chrome/120.0.0.0 Safari/537.36','comment',0,0);

--
-- Table structure for table `sidesi5_fusion_form_entries`
--

CREATE TABLE `sidesi5_fusion_form_entries` (
  `id` bigint(20) NOT NULL AUTO_INCREMENT,
  `submission_id` bigint(20) NOT NULL,
  `form_id` bigint(20) NOT NULL,
  `field_id` bigint(20) NOT NULL,
  `value` longtext COLLATE utf8mb4_unicode_520_ci,
  `privacy` tinyint(1) DEFAULT NULL,
  `data` longtext COLLATE utf8mb4_unicode_520_ci,
  PRIMARY KEY (`id`),
  UNIQUE KEY `id` (`id`)
) ENGINE=MyISAM AUTO_INCREMENT=26 DEFAULT CHARSET=utf8mb4 COLLATE=utf8mb4_unicode_520_ci;

--
-- Dumping data for table `sidesi5_fusion_form_entries`
--

INSERT INTO `sidesi5_fusion_form_entries` VALUES (1,1,13,1,'Carol',0,NULL),(2,1,13,2,'Bell',0,NULL),(3,1,13,3,'carbell@comcast.net',0,NULL),(4,1,13,4,'15033292613',0,NULL),(5,1,13,5,'SI Test Fixtures',0,NULL),(6,1,13,6,'This is a test',0,NULL),(7,2,13,1,'srikanth',0,NULL),(8,2,13,2,'pillalamarri',0,NULL),(9,2,13,3,'srikanth.pillalamarri@microchip.com',0,NULL),(10,2,13,4,'08008779480',0,NULL),(11,2,13,5,'SI Test Fixtures',0,NULL),(12,2,13,6,'Hi,\r\n\r\n  We are looking for ISI loss modelling platforms for 28G and 32G. Could you please help us providing more details on it?\r\n\r\nI am unable to download the datasheet for 28G and 32G ISI platform from the link below\r\nhttps://wildrivertech.com/index.php/si-test-fixtures/isi-loss-modeling-platform\r\n\r\nAppreciate quick response.\r\n\r\nThanks,\r\nSrikanth',0,NULL),(13,3,9,7,'yutaka@ate.co.jp',0,NULL),(14,4,9,7,'lu-vong.phan@ztsystems.com',0,NULL),(15,5,11,8,'UHEL Laurent',0,NULL),(16,5,11,9,'laurent.uhel@fr.thalesgroup.com',0,NULL),(17,5,11,10,'',0,NULL),(18,6,11,8,'Anthony Tarascio',0,NULL),(19,6,11,9,'Anthony.tarascio@microchip.com',0,NULL),(20,6,11,10,'6318855631',0,NULL),(21,7,11,8,'Moji',0,NULL),(22,7,11,9,'moji_ji@usiglobal.com',0,NULL),(23,7,11,10,'',0,NULL),(24,8,9,7,'todd.westerhoff@siemens.com',0,NULL),(25,9,9,7,'rcmota@hub-uea.org',0,NULL);

--
-- Table structure for table `sidesi5_fusion_form_fields`
--

CREATE TABLE `sidesi5_fusion_form_fields` (
  `id` bigint(20) NOT NULL AUTO_INCREMENT,
  `form_id` bigint(20) NOT NULL,
  `field_name` varchar(256) COLLATE utf8mb4_unicode_520_ci NOT NULL,
  `field_label` varchar(256) COLLATE utf8mb4_unicode_520_ci DEFAULT NULL,
  `data` longtext COLLATE utf8mb4_unicode_520_ci,
  PRIMARY KEY (`id`),
  UNIQUE KEY `id` (`id`)
) ENGINE=MyISAM AUTO_INCREMENT=11 DEFAULT CHARSET=utf8mb4 COLLATE=utf8mb4_unicode_520_ci;

--
-- Dumping data for table `sidesi5_fusion_form_fields`
--

INSERT INTO `sidesi5_fusion_form_fields` VALUES (1,13,'first_name','First Name',NULL),(2,13,'last_name','Last Name',NULL),(3,13,'email_address','Email Address',NULL),(4,13,'phone_number','Phone Number',NULL),(5,13,'what_can_we_help_you_with','What Can We Help You With?',NULL),(6,13,'leave_us_a_message','Leave Us A Message',NULL),(7,9,'email-address','Email Address',NULL),(8,11,'name','',NULL),(9,11,'email','',NULL),(10,11,'phone','',NULL);

--
-- Table structure for table `sidesi5_fusion_form_submissions`
--

CREATE TABLE `sidesi5_fusion_form_submissions` (
  `id` bigint(20) NOT NULL AUTO_INCREMENT,
  `form_id` bigint(20) NOT NULL,
  `time` datetime NOT NULL,
  `source_url` varchar(512) COLLATE utf8mb4_unicode_520_ci NOT NULL,
  `post_id` bigint(20) DEFAULT NULL,
  `user_id` bigint(20) DEFAULT NULL,
  `user_agent` text COLLATE utf8mb4_unicode_520_ci,
  `ip` varchar(512) COLLATE utf8mb4_unicode_520_ci DEFAULT NULL,
  `is_read` tinyint(1) DEFAULT NULL,
  `privacy_scrub_date` date DEFAULT NULL,
  `on_privacy_scrub` varchar(20) COLLATE utf8mb4_unicode_520_ci NOT NULL,
  `data` longtext COLLATE utf8mb4_unicode_520_ci,
  PRIMARY KEY (`id`),
  UNIQUE KEY `id` (`id`)
) ENGINE=MyISAM AUTO_INCREMENT=10 DEFAULT CHARSET=utf8mb4 COLLATE=utf8mb4_unicode_520_ci;

--
-- Dumping data for table `sidesi5_fusion_form_submissions`
--

INSERT INTO `sidesi5_fusion_form_submissions` VALUES (1,13,'2022-05-18 17:08:03','http://testsite.wildrivertech.com/components/dmx086/',5290,0,'','',0,'2026-04-27','ignore',NULL),(2,13,'2022-05-25 04:31:00','https://testsite.wildrivertech.com/si-test-fixtures/',1682,0,'','',0,'2026-05-04','ignore',NULL),(3,9,'2023-10-23 22:09:36','https://wildrivertech.com/shop-channel-modeling-products/',7044,0,'','',0,'2024-10-22','anonymize',NULL),(4,9,'2023-11-21 21:37:13','https://wildrivertech.com/',2945,0,'','',0,'2024-11-20','anonymize',NULL),(5,11,'2023-11-28 14:32:40','https://wildrivertech.com/contact-2/',5484,0,'','',0,'2024-11-27','anonymize',NULL),(6,11,'2023-11-29 14:27:28','https://wildrivertech.com/contact-2/',5484,0,'','',0,'2024-11-28','anonymize',NULL),(7,11,'2023-11-30 05:31:48','https://wildrivertech.com/contact-2/',5484,0,'','',0,'2024-11-29','anonymize',NULL),(8,9,'2023-12-18 02:30:00','https://wildrivertech.com/',2945,0,'','',0,'2024-12-17','anonymize',NULL),(9,9,'2024-01-02 21:36:39','https://wildrivertech.com/request-quote/',6500,0,'','',0,'2025-01-01','anonymize',NULL);

--
-- Table structure for table `sidesi5_fusion_forms`
--

CREATE TABLE `sidesi5_fusion_forms` (
  `id` bigint(20) NOT NULL AUTO_INCREMENT,
  `form_id` bigint(20) NOT NULL,
  `views` bigint(20) DEFAULT '0',
  `submissions_count` bigint(20) DEFAULT '0',
  `data` longtext COLLATE utf8mb4_unicode_520_ci,
  PRIMARY KEY (`id`),
  UNIQUE KEY `id` (`id`),
  UNIQUE KEY `form_id` (`form_id`)
) ENGINE=MyISAM AUTO_INCREMENT=17 DEFAULT CHARSET=utf8mb4 COLLATE=utf8mb4_unicode_520_ci;

--
-- Dumping data for table `sidesi5_fusion_forms`
--

INSERT INTO `sidesi5_fusion_forms` VALUES (1,267,54,0,NULL),(2,1664,1,0,NULL),(3,425,232,0,NULL),(4,2182,1,0,NULL),(5,1122,2,0,NULL),(6,141,1,0,NULL),(7,1547,1,0,NULL),(8,2673,1478,0,NULL),(9,2675,4894,4,NULL),(10,2674,4,0,NULL),(11,5487,204,3,NULL),(12,5233,1,0,NULL),(13,5825,1380,2,NULL),(14,2830,206,0,NULL),(15,2827,8,0,NULL),(16,2838,55,0,NULL);

--
-- Table structure for table `sidesi5_gla_budget_recommendations`
--

CREATE TABLE `sidesi5_gla_budget_recommendations` (
  `id` bigint(20) NOT NULL AUTO_INCREMENT,
  `currency` varchar(3) COLLATE utf8mb4_unicode_520_ci NOT NULL,
  `country` varchar(2) COLLATE utf8mb4_unicode_520_ci NOT NULL,
  `daily_budget_low` int(11) NOT NULL,
  `daily_budget_high` int(11) NOT NULL,
  PRIMARY KEY (`id`),
  UNIQUE KEY `country_currency` (`country`,`currency`)
) ENGINE=MyISAM AUTO_INCREMENT=4231 DEFAULT CHARSET=utf8mb4 COLLATE=utf8mb4_unicode_520_ci;

--
-- Dumping data for table `sidesi5_gla_budget_recommendations`
--

INSERT INTO `sidesi5_gla_budget_recommendations` VALUES (1,'AED','US',80,225),(2,'AED','CH',75,195),(3,'AED','AU',70,175),(4,'AED','GB',60,150),(5,'AED','DE',60,150),(6,'AED','DK',55,135),(7,'AED','AT',40,120),(8,'AED','NO',45,125),(9,'AED','CA',50,150),(10,'AED','NL',55,135),(11,'AED','SE',40,115),(12,'AED','IE',40,110),(13,'AED','BE',40,115),(14,'AED','FI',30,85),(15,'AED','FR',35,95),(16,'AED','NZ',35,105),(17,'AED','HK',35,95),(18,'AED','CZ',30,75),(19,'AED','SK',30,65),(20,'AED','AE',30,90),(21,'AED','SG',35,110),(22,'AED','IL',30,80),(23,'AED','KW',15,70),(24,'AED','IT',20,55),(25,'AED','JP',25,75),(26,'AED','ES',20,60),(27,'AED','VE',5,45),(28,'AED','HU',20,45),(29,'AED','PT',20,50),(30,'AED','GR',25,45),(31,'AED','KR',30,75),(32,'AED','TW',25,60),(33,'AED','PL',20,50),(34,'AED','ZM',5,15),(35,'AED','PR',5,65),(36,'AED','CI',5,15),(37,'AED','RO',20,45),(38,'AED','BH',10,45),(39,'AED','PA',5,65),(40,'AED','GH',5,20),(41,'AED','KH',5,20),(42,'AED','SN',5,20),(43,'AED','SA',10,45),(44,'AED','RU',10,40),(45,'AED','UG',5,15),(46,'AED','BR',15,30),(47,'AED','NI',5,20),(48,'AED','MG',5,15),(49,'AED','DO',5,25),(50,'AED','MX',10,35),(51,'AED','OM',5,35),(52,'AED','CM',5,25),(53,'AED','ZA',10,35),(54,'AED','CL',10,35),(55,'AED','KE',5,15),(56,'AED','NP',5,15),(57,'AED','PE',5,30),(58,'AED','UA',5,20),(59,'AED','MZ',5,30),(60,'AED','TZ',5,10),(61,'AED','AO',5,15),(62,'AED','JO',5,20),(63,'AED','ZW',5,15),(64,'AED','TR',5,20),(65,'AED','MU',5,15),(66,'AED','SV',5,15),(67,'AED','TH',10,35),(68,'AED','CO',5,20),(69,'AED','LK',5,10),(70,'AED','CR',5,20),(71,'AED','AR',5,20),(72,'AED','MA',5,15),(73,'AED','MY',10,35),(74,'AED','KZ',5,15),(75,'AED','DZ',5,10),(76,'AED','ID',10,30),(77,'AED','NG',5,30),(78,'AED','GT',5,25),(79,'AED','VN',5,25),(80,'AED','BY',5,15),(81,'AED','EG',5,25),(82,'AED','UY',5,15),(83,'AED','BD',5,10),(84,'AED','PK',5,20),(85,'AED','PH',5,20),(86,'AED','ET',5,10),(87,'AED','TN',5,10),(88,'AED','LB',5,10),(89,'AED','IN',5,15),(90,'AED','PY',5,10),(91,'AED','UZ',5,10),(92,'AED','EC',5,10),(93,'AED','MM',5,10),(94,'AED','GE',5,10),(95,'ARS','US',1860,5245),(96,'ARS','CH',1735,4560),(97,'ARS','AU',1575,4050),(98,'ARS','GB',1375,3520),(99,'ARS','DE',1365,3490),(100,'ARS','DK',1255,3115),(101,'ARS','AT',915,2845),(102,'ARS','NO',1040,2900),(103,'ARS','CA',1150,3520),(104,'ARS','NL',1230,3115),(105,'ARS','SE',985,2660),(106,'ARS','IE',975,2565),(107,'ARS','BE',895,2620),(108,'ARS','FI',670,2030),(109,'ARS','FR',830,2215),(110,'ARS','NZ',845,2480),(111,'ARS','HK',765,2165),(112,'ARS','CZ',730,1755),(113,'ARS','SK',690,1495),(114,'ARS','AE',650,2040),(115,'ARS','SG',850,2510),(116,'ARS','IL',740,1810),(117,'ARS','KW',335,1630),(118,'ARS','IT',505,1330),(119,'ARS','JP',630,1795),(120,'ARS','ES',520,1370),(121,'ARS','VE',70,1050),(122,'ARS','HU',435,1015),(123,'ARS','PT',435,1135),(124,'ARS','GR',540,1100),(125,'ARS','KR',665,1755),(126,'ARS','TW',540,1440),(127,'ARS','PL',460,1140),(128,'ARS','ZM',65,380),(129,'ARS','PR',165,1530),(130,'ARS','CI',90,365),(131,'ARS','RO',425,1025),(132,'ARS','BH',190,1065),(133,'ARS','PA',130,1465),(134,'ARS','GH',155,430),(135,'ARS','KH',90,425),(136,'ARS','SN',65,465),(137,'ARS','SA',275,1060),(138,'ARS','RU',275,875),(139,'ARS','UG',65,340),(140,'ARS','BR',295,720),(141,'ARS','NI',65,460),(142,'ARS','MG',65,330),(143,'ARS','DO',80,545),(144,'ARS','MX',220,800),(145,'ARS','OM',140,800),(146,'ARS','CM',65,595),(147,'ARS','ZA',265,845),(148,'ARS','CL',275,820),(149,'ARS','KE',80,340),(150,'ARS','NP',65,310),(151,'ARS','PE',165,690),(152,'ARS','UA',155,490),(153,'ARS','MZ',65,645),(154,'ARS','TZ',10,150),(155,'ARS','AO',145,370),(156,'ARS','JO',105,500),(157,'ARS','ZW',65,355),(158,'ARS','TR',170,460),(159,'ARS','MU',85,295),(160,'ARS','SV',65,355),(161,'ARS','TH',250,790),(162,'ARS','CO',125,495),(163,'ARS','LK',60,85),(164,'ARS','CR',80,515),(165,'ARS','AR',175,470),(166,'ARS','MA',80,305),(167,'ARS','MY',220,810),(168,'ARS','KZ',95,345),(169,'ARS','DZ',75,165),(170,'ARS','ID',195,730),(171,'ARS','NG',110,700),(172,'ARS','GT',75,545),(173,'ARS','VN',160,610),(174,'ARS','BY',75,295),(175,'ARS','EG',100,620),(176,'ARS','UY',80,370),(177,'ARS','BD',65,145),(178,'ARS','PK',70,415),(179,'ARS','PH',125,460),(180,'ARS','ET',20,155),(181,'ARS','TN',75,140),(182,'ARS','LB',80,235),(183,'ARS','IN',70,325),(184,'ARS','PY',75,250),(185,'ARS','UZ',75,150),(186,'ARS','EC',75,260),(187,'ARS','MM',75,85),(188,'ARS','GE',80,100),(189,'AUD','US',30,80),(190,'AUD','CH',25,70),(191,'AUD','AU',25,60),(192,'AUD','GB',20,55),(193,'AUD','DE',20,55),(194,'AUD','DK',20,45),(195,'AUD','AT',15,45),(196,'AUD','NO',15,45),(197,'AUD','CA',15,55),(198,'AUD','NL',20,45),(199,'AUD','SE',15,40),(200,'AUD','IE',15,40),(201,'AUD','BE',15,40),(202,'AUD','FI',10,30),(203,'AUD','FR',15,35),(204,'AUD','NZ',15,35),(205,'AUD','HK',10,35),(206,'AUD','CZ',10,25),(207,'AUD','SK',10,25),(208,'AUD','AE',10,30),(209,'AUD','SG',15,40),(210,'AUD','IL',10,25),(211,'AUD','KW',5,25),(212,'AUD','IT',10,20),(213,'AUD','JP',10,25),(214,'AUD','ES',10,20),(215,'AUD','VE',5,15),(216,'AUD','HU',5,15),(217,'AUD','PT',5,15),(218,'AUD','GR',10,15),(219,'AUD','KR',10,25),(220,'AUD','TW',10,20),(221,'AUD','PL',5,15),(222,'AUD','ZM',5,10),(223,'AUD','PR',5,25),(224,'AUD','CI',5,10),(225,'AUD','RO',5,15),(226,'AUD','BH',5,15),(227,'AUD','PA',5,20),(228,'AUD','GH',5,10),(229,'AUD','KH',5,10),(230,'AUD','SN',5,10),(231,'AUD','SA',5,15),(232,'AUD','RU',5,15),(233,'AUD','UG',5,10),(234,'AUD','BR',5,10),(235,'AUD','NI',5,10),(236,'AUD','MG',5,10),(237,'AUD','DO',5,10),(238,'AUD','MX',5,10),(239,'AUD','OM',5,10),(240,'AUD','CM',5,10),(241,'AUD','ZA',5,15),(242,'AUD','CL',5,10),(243,'AUD','KE',5,10),(244,'AUD','NP',5,10),(245,'AUD','PE',5,10),(246,'AUD','UA',5,10),(247,'AUD','MZ',5,10),(248,'AUD','TZ',5,10),(249,'AUD','AO',5,10),(250,'AUD','JO',5,10),(251,'AUD','ZW',5,10),(252,'AUD','TR',5,10),(253,'AUD','MU',5,10),(254,'AUD','SV',5,10),(255,'AUD','TH',5,10),(256,'AUD','CO',5,10),(257,'AUD','LK',5,10),(258,'AUD','CR',5,10),(259,'AUD','AR',5,10),(260,'AUD','MA',5,10),(261,'AUD','MY',5,10),(262,'AUD','KZ',5,10),(263,'AUD','DZ',5,10),(264,'AUD','ID',5,10),(265,'AUD','NG',5,10),(266,'AUD','GT',5,10),(267,'AUD','VN',5,10),(268,'AUD','BY',5,10),(269,'AUD','EG',5,10),(270,'AUD','UY',5,10),(271,'AUD','BD',5,10),(272,'AUD','PK',5,10),(273,'AUD','PH',5,10),(274,'AUD','ET',5,10),(275,'AUD','TN',5,10),(276,'AUD','LB',5,10),(277,'AUD','IN',5,10),(278,'AUD','PY',5,10),(279,'AUD','UZ',5,10),(280,'AUD','EC',5,10),(281,'AUD','MM',5,10),(282,'AUD','GE',5,10),(283,'BGN','US',35,100),(284,'BGN','CH',35,85),(285,'BGN','AU',30,75),(286,'BGN','GB',25,65),(287,'BGN','DE',25,65),(288,'BGN','DK',25,60),(289,'BGN','AT',15,55),(290,'BGN','NO',20,55),(291,'BGN','CA',20,65),(292,'BGN','NL',25,60),(293,'BGN','SE',20,50),(294,'BGN','IE',20,50),(295,'BGN','BE',15,50),(296,'BGN','FI',15,40),(297,'BGN','FR',15,40),(298,'BGN','NZ',15,45),(299,'BGN','HK',15,40),(300,'BGN','CZ',15,35),(301,'BGN','SK',15,30),(302,'BGN','AE',10,40),(303,'BGN','SG',15,45),(304,'BGN','IL',15,35),(305,'BGN','KW',5,30),(306,'BGN','IT',10,25),(307,'BGN','JP',10,35),(308,'BGN','ES',10,25),(309,'BGN','VE',5,20),(310,'BGN','HU',10,20),(311,'BGN','PT',10,20),(312,'BGN','GR',10,20),(313,'BGN','KR',10,35),(314,'BGN','TW',10,25),(315,'BGN','PL',10,20),(316,'BGN','ZM',5,10),(317,'BGN','PR',5,30),(318,'BGN','CI',5,10),(319,'BGN','RO',10,20),(320,'BGN','BH',5,20),(321,'BGN','PA',5,30),(322,'BGN','GH',5,10),(323,'BGN','KH',5,10),(324,'BGN','SN',5,10),(325,'BGN','SA',5,20),(326,'BGN','RU',5,15),(327,'BGN','UG',5,10),(328,'BGN','BR',5,15),(329,'BGN','NI',5,10),(330,'BGN','MG',5,10),(331,'BGN','DO',5,10),(332,'BGN','MX',5,15),(333,'BGN','OM',5,15),(334,'BGN','CM',5,10),(335,'BGN','ZA',5,15),(336,'BGN','CL',5,15),(337,'BGN','KE',5,10),(338,'BGN','NP',5,10),(339,'BGN','PE',5,15),(340,'BGN','UA',5,10),(341,'BGN','MZ',5,10),(342,'BGN','TZ',5,10),(343,'BGN','AO',5,10),(344,'BGN','JO',5,10),(345,'BGN','ZW',5,10),(346,'BGN','TR',5,10),(347,'BGN','MU',5,10),(348,'BGN','SV',5,10),(349,'BGN','TH',5,15),(350,'BGN','CO',5,10),(351,'BGN','LK',5,10),(352,'BGN','CR',5,10),(353,'BGN','AR',5,10),(354,'BGN','MA',5,10),(355,'BGN','MY',5,15),(356,'BGN','KZ',5,10),(357,'BGN','DZ',5,10),(358,'BGN','ID',5,15),(359,'BGN','NG',5,15),(360,'BGN','GT',5,10),(361,'BGN','VN',5,10),(362,'BGN','BY',5,10),(363,'BGN','EG',5,10),(364,'BGN','UY',5,10),(365,'BGN','BD',5,10),(366,'BGN','PK',5,10),(367,'BGN','PH',5,10),(368,'BGN','ET',5,10),(369,'BGN','TN',5,10),(370,'BGN','LB',5,10),(371,'BGN','IN',5,10),(372,'BGN','PY',5,10),(373,'BGN','UZ',5,10),(374,'BGN','EC',5,10),(375,'BGN','MM',5,10),(376,'BGN','GE',5,10),(377,'BOB','US',150,420),(378,'BOB','CH',140,365),(379,'BOB','AU',125,325),(380,'BOB','GB',110,280),(381,'BOB','DE',110,280),(382,'BOB','DK',100,250),(383,'BOB','AT',75,230),(384,'BOB','NO',85,235),(385,'BOB','CA',90,285),(386,'BOB','NL',100,250),(387,'BOB','SE',80,215),(388,'BOB','IE',80,205),(389,'BOB','BE',70,210),(390,'BOB','FI',55,165),(391,'BOB','FR',65,180),(392,'BOB','NZ',70,200),(393,'BOB','HK',60,175),(394,'BOB','CZ',60,140),(395,'BOB','SK',55,120),(396,'BOB','AE',50,165),(397,'BOB','SG',70,200),(398,'BOB','IL',60,145),(399,'BOB','KW',25,130),(400,'BOB','IT',40,105),(401,'BOB','JP',50,145),(402,'BOB','ES',40,110),(403,'BOB','VE',5,85),(404,'BOB','HU',35,80),(405,'BOB','PT',35,90),(406,'BOB','GR',45,90),(407,'BOB','KR',55,140),(408,'BOB','TW',45,115),(409,'BOB','PL',35,90),(410,'BOB','ZM',5,30),(411,'BOB','PR',15,125),(412,'BOB','CI',5,30),(413,'BOB','RO',35,80),(414,'BOB','BH',15,85),(415,'BOB','PA',10,115),(416,'BOB','GH',10,35),(417,'BOB','KH',5,35),(418,'BOB','SN',5,35),(419,'BOB','SA',20,85),(420,'BOB','RU',20,70),(421,'BOB','UG',5,25),(422,'BOB','BR',25,60),(423,'BOB','NI',5,35),(424,'BOB','MG',5,25),(425,'BOB','DO',5,45),(426,'BOB','MX',20,65),(427,'BOB','OM',10,65),(428,'BOB','CM',5,50),(429,'BOB','ZA',20,70),(430,'BOB','CL',20,65),(431,'BOB','KE',5,25),(432,'BOB','NP',5,25),(433,'BOB','PE',15,55),(434,'BOB','UA',15,40),(435,'BOB','MZ',5,50),(436,'BOB','TZ',5,10),(437,'BOB','AO',10,30),(438,'BOB','JO',10,40),(439,'BOB','ZW',5,30),(440,'BOB','TR',15,35),(441,'BOB','MU',5,25),(442,'BOB','SV',5,30),(443,'BOB','TH',20,65),(444,'BOB','CO',10,40),(445,'BOB','LK',5,10),(446,'BOB','CR',5,40),(447,'BOB','AR',15,40),(448,'BOB','MA',5,25),(449,'BOB','MY',20,65),(450,'BOB','KZ',10,30),(451,'BOB','DZ',5,15),(452,'BOB','ID',15,60),(453,'BOB','NG',10,55),(454,'BOB','GT',5,45),(455,'BOB','VN',15,50),(456,'BOB','BY',5,25),(457,'BOB','EG',10,50),(458,'BOB','UY',5,30),(459,'BOB','BD',5,10),(460,'BOB','PK',5,35),(461,'BOB','PH',10,35),(462,'BOB','ET',5,10),(463,'BOB','TN',5,10),(464,'BOB','LB',5,20),(465,'BOB','IN',5,25),(466,'BOB','PY',5,20),(467,'BOB','UZ',5,10),(468,'BOB','EC',5,20),(469,'BOB','MM',5,10),(470,'BOB','GE',5,10),(471,'BRL','US',115,325),(472,'BRL','CH',105,285),(473,'BRL','AU',100,250),(474,'BRL','GB',85,220),(475,'BRL','DE',85,215),(476,'BRL','DK',80,195),(477,'BRL','AT',55,175),(478,'BRL','NO',65,180),(479,'BRL','CA',70,220),(480,'BRL','NL',75,195),(481,'BRL','SE',60,165),(482,'BRL','IE',60,160),(483,'BRL','BE',55,160),(484,'BRL','FI',40,125),(485,'BRL','FR',50,135),(486,'BRL','NZ',50,155),(487,'BRL','HK',45,135),(488,'BRL','CZ',45,110),(489,'BRL','SK',45,95),(490,'BRL','AE',40,125),(491,'BRL','SG',55,155),(492,'BRL','IL',45,110),(493,'BRL','KW',20,100),(494,'BRL','IT',30,80),(495,'BRL','JP',40,110),(496,'BRL','ES',30,85),(497,'BRL','VE',5,65),(498,'BRL','HU',25,65),(499,'BRL','PT',25,70),(500,'BRL','GR',35,70),(501,'BRL','KR',40,110),(502,'BRL','TW',35,90),(503,'BRL','PL',30,70),(504,'BRL','ZM',5,25),(505,'BRL','PR',10,95),(506,'BRL','CI',5,25),(507,'BRL','RO',25,65),(508,'BRL','BH',10,65),(509,'BRL','PA',10,90),(510,'BRL','GH',10,25),(511,'BRL','KH',5,25),(512,'BRL','SN',5,30),(513,'BRL','SA',15,65),(514,'BRL','RU',15,55),(515,'BRL','UG',5,20),(516,'BRL','BR',20,45),(517,'BRL','NI',5,30),(518,'BRL','MG',5,20),(519,'BRL','DO',5,35),(520,'BRL','MX',15,50),(521,'BRL','OM',10,50),(522,'BRL','CM',5,35),(523,'BRL','ZA',15,50),(524,'BRL','CL',15,50),(525,'BRL','KE',5,20),(526,'BRL','NP',5,20),(527,'BRL','PE',10,45),(528,'BRL','UA',10,30),(529,'BRL','MZ',5,40),(530,'BRL','TZ',5,10),(531,'BRL','AO',10,25),(532,'BRL','JO',5,30),(533,'BRL','ZW',5,20),(534,'BRL','TR',10,30),(535,'BRL','MU',5,20),(536,'BRL','SV',5,20),(537,'BRL','TH',15,50),(538,'BRL','CO',10,30),(539,'BRL','LK',5,10),(540,'BRL','CR',5,30),(541,'BRL','AR',10,30),(542,'BRL','MA',5,20),(543,'BRL','MY',15,50),(544,'BRL','KZ',5,20),(545,'BRL','DZ',5,10),(546,'BRL','ID',10,45),(547,'BRL','NG',5,45),(548,'BRL','GT',5,35),(549,'BRL','VN',10,40),(550,'BRL','BY',5,20),(551,'BRL','EG',5,40),(552,'BRL','UY',5,25),(553,'BRL','BD',5,10),(554,'BRL','PK',5,25),(555,'BRL','PH',10,30),(556,'BRL','ET',5,10),(557,'BRL','TN',5,10),(558,'BRL','LB',5,15),(559,'BRL','IN',5,20),(560,'BRL','PY',5,15),(561,'BRL','UZ',5,10),(562,'BRL','EC',5,15),(563,'BRL','MM',5,10),(564,'BRL','GE',5,10),(565,'CAD','US',30,80),(566,'CAD','CH',25,70),(567,'CAD','AU',25,60),(568,'CAD','GB',20,50),(569,'CAD','DE',20,50),(570,'CAD','DK',20,45),(571,'CAD','AT',15,40),(572,'CAD','NO',15,45),(573,'CAD','CA',15,50),(574,'CAD','NL',20,45),(575,'CAD','SE',15,40),(576,'CAD','IE',15,40),(577,'CAD','BE',15,40),(578,'CAD','FI',10,30),(579,'CAD','FR',10,35),(580,'CAD','NZ',15,35),(581,'CAD','HK',10,30),(582,'CAD','CZ',10,25),(583,'CAD','SK',10,20),(584,'CAD','AE',10,30),(585,'CAD','SG',15,35),(586,'CAD','IL',10,25),(587,'CAD','KW',5,25),(588,'CAD','IT',5,20),(589,'CAD','JP',10,25),(590,'CAD','ES',10,20),(591,'CAD','VE',5,15),(592,'CAD','HU',5,15),(593,'CAD','PT',5,15),(594,'CAD','GR',10,15),(595,'CAD','KR',10,25),(596,'CAD','TW',10,20),(597,'CAD','PL',5,15),(598,'CAD','ZM',5,10),(599,'CAD','PR',5,25),(600,'CAD','CI',5,10),(601,'CAD','RO',5,15),(602,'CAD','BH',5,15),(603,'CAD','PA',5,20),(604,'CAD','GH',5,10),(605,'CAD','KH',5,10),(606,'CAD','SN',5,10),(607,'CAD','SA',5,15),(608,'CAD','RU',5,15),(609,'CAD','UG',5,10),(610,'CAD','BR',5,10),(611,'CAD','NI',5,10),(612,'CAD','MG',5,10),(613,'CAD','DO',5,10),(614,'CAD','MX',5,10),(615,'CAD','OM',5,10),(616,'CAD','CM',5,10),(617,'CAD','ZA',5,15),(618,'CAD','CL',5,10),(619,'CAD','KE',5,10),(620,'CAD','NP',5,10),(621,'CAD','PE',5,10),(622,'CAD','UA',5,10),(623,'CAD','MZ',5,10),(624,'CAD','TZ',5,10),(625,'CAD','AO',5,10),(626,'CAD','JO',5,10),(627,'CAD','ZW',5,10),(628,'CAD','TR',5,10),(629,'CAD','MU',5,10),(630,'CAD','SV',5,10),(631,'CAD','TH',5,10),(632,'CAD','CO',5,10),(633,'CAD','LK',5,10),(634,'CAD','CR',5,10),(635,'CAD','AR',5,10),(636,'CAD','MA',5,10),(637,'CAD','MY',5,10),(638,'CAD','KZ',5,10),(639,'CAD','DZ',5,10),(640,'CAD','ID',5,10),(641,'CAD','NG',5,10),(642,'CAD','GT',5,10),(643,'CAD','VN',5,10),(644,'CAD','BY',5,10),(645,'CAD','EG',5,10),(646,'CAD','UY',5,10),(647,'CAD','BD',5,10),(648,'CAD','PK',5,10),(649,'CAD','PH',5,10),(650,'CAD','ET',5,10),(651,'CAD','TN',5,10),(652,'CAD','LB',5,10),(653,'CAD','IN',5,10),(654,'CAD','PY',5,10),(655,'CAD','UZ',5,10),(656,'CAD','EC',5,10),(657,'CAD','MM',5,10),(658,'CAD','GE',5,10),(659,'CHF','US',20,55),(660,'CHF','CH',20,45),(661,'CHF','AU',15,40),(662,'CHF','GB',15,35),(663,'CHF','DE',15,35),(664,'CHF','DK',15,30),(665,'CHF','AT',10,30),(666,'CHF','NO',10,30),(667,'CHF','CA',10,35),(668,'CHF','NL',15,30),(669,'CHF','SE',10,30),(670,'CHF','IE',10,25),(671,'CHF','BE',10,25),(672,'CHF','FI',5,20),(673,'CHF','FR',10,25),(674,'CHF','NZ',10,25),(675,'CHF','HK',10,20),(676,'CHF','CZ',10,20),(677,'CHF','SK',5,15),(678,'CHF','AE',5,20),(679,'CHF','SG',10,25),(680,'CHF','IL',10,20),(681,'CHF','KW',5,15),(682,'CHF','IT',5,15),(683,'CHF','JP',5,20),(684,'CHF','ES',5,15),(685,'CHF','VE',5,10),(686,'CHF','HU',5,10),(687,'CHF','PT',5,10),(688,'CHF','GR',5,10),(689,'CHF','KR',5,20),(690,'CHF','TW',5,15),(691,'CHF','PL',5,10),(692,'CHF','ZM',5,10),(693,'CHF','PR',5,15),(694,'CHF','CI',5,10),(695,'CHF','RO',5,10),(696,'CHF','BH',5,10),(697,'CHF','PA',5,15),(698,'CHF','GH',5,10),(699,'CHF','KH',5,10),(700,'CHF','SN',5,10),(701,'CHF','SA',5,10),(702,'CHF','RU',5,10),(703,'CHF','UG',5,10),(704,'CHF','BR',5,10),(705,'CHF','NI',5,10),(706,'CHF','MG',5,10),(707,'CHF','DO',5,10),(708,'CHF','MX',5,10),(709,'CHF','OM',5,10),(710,'CHF','CM',5,10),(711,'CHF','ZA',5,10),(712,'CHF','CL',5,10),(713,'CHF','KE',5,10),(714,'CHF','NP',5,10),(715,'CHF','PE',5,10),(716,'CHF','UA',5,10),(717,'CHF','MZ',5,10),(718,'CHF','TZ',5,10),(719,'CHF','AO',5,10),(720,'CHF','JO',5,10),(721,'CHF','ZW',5,10),(722,'CHF','TR',5,10),(723,'CHF','MU',5,10),(724,'CHF','SV',5,10),(725,'CHF','TH',5,10),(726,'CHF','CO',5,10),(727,'CHF','LK',5,10),(728,'CHF','CR',5,10),(729,'CHF','AR',5,10),(730,'CHF','MA',5,10),(731,'CHF','MY',5,10),(732,'CHF','KZ',5,10),(733,'CHF','DZ',5,10),(734,'CHF','ID',5,10),(735,'CHF','NG',5,10),(736,'CHF','GT',5,10),(737,'CHF','VN',5,10),(738,'CHF','BY',5,10),(739,'CHF','EG',5,10),(740,'CHF','UY',5,10),(741,'CHF','BD',5,10),(742,'CHF','PK',5,10),(743,'CHF','PH',5,10),(744,'CHF','ET',5,10),(745,'CHF','TN',5,10),(746,'CHF','LB',5,10),(747,'CHF','IN',5,10),(748,'CHF','PY',5,10),(749,'CHF','UZ',5,10),(750,'CHF','EC',5,10),(751,'CHF','MM',5,10),(752,'CHF','GE',5,10),(753,'CLP','US',16030,45230),(754,'CLP','CH',14950,39340),(755,'CLP','AU',13600,34925),(756,'CLP','GB',11860,30350),(757,'CLP','DE',11770,30105),(758,'CLP','DK',10830,26875),(759,'CLP','AT',7900,24555),(760,'CLP','NO',8955,25005),(761,'CLP','CA',9900,30360),(762,'CLP','NL',10590,26885),(763,'CLP','SE',8480,22925),(764,'CLP','IE',8390,22115),(765,'CLP','BE',7715,22610),(766,'CLP','FI',5770,17515),(767,'CLP','FR',7140,19115),(768,'CLP','NZ',7270,21400),(769,'CLP','HK',6610,18695),(770,'CLP','CZ',6300,15130),(771,'CLP','SK',5945,12885),(772,'CLP','AE',5610,17610),(773,'CLP','SG',7320,21635),(774,'CLP','IL',6390,15630),(775,'CLP','KW',2880,14045),(776,'CLP','IT',4350,11480),(777,'CLP','JP',5455,15495),(778,'CLP','ES',4470,11820),(779,'CLP','VE',585,9055),(780,'CLP','HU',3765,8765),(781,'CLP','PT',3760,9805),(782,'CLP','GR',4635,9495),(783,'CLP','KR',5715,15140),(784,'CLP','TW',4645,12440),(785,'CLP','PL',3975,9840),(786,'CLP','ZM',575,3275),(787,'CLP','PR',1405,13200),(788,'CLP','CI',765,3165),(789,'CLP','RO',3650,8835),(790,'CLP','BH',1660,9195),(791,'CLP','PA',1110,12620),(792,'CLP','GH',1330,3715),(793,'CLP','KH',770,3685),(794,'CLP','SN',560,4005),(795,'CLP','SA',2385,9130),(796,'CLP','RU',2370,7560),(797,'CLP','UG',555,2925),(798,'CLP','BR',2525,6230),(799,'CLP','NI',555,3990),(800,'CLP','MG',560,2825),(801,'CLP','DO',675,4685),(802,'CLP','MX',1905,6895),(803,'CLP','OM',1195,6895),(804,'CLP','CM',555,5135),(805,'CLP','ZA',2270,7305),(806,'CLP','CL',2365,7065),(807,'CLP','KE',685,2950),(808,'CLP','NP',555,2680),(809,'CLP','PE',1410,5945),(810,'CLP','UA',1345,4205),(811,'CLP','MZ',555,5580),(812,'CLP','TZ',70,1280),(813,'CLP','AO',1230,3205),(814,'CLP','JO',905,4310),(815,'CLP','ZW',560,3055),(816,'CLP','TR',1445,3955),(817,'CLP','MU',740,2530),(818,'CLP','SV',555,3065),(819,'CLP','TH',2170,6820),(820,'CLP','CO',1100,4255),(821,'CLP','LK',535,735),(822,'CLP','CR',670,4450),(823,'CLP','AR',1495,4055),(824,'CLP','MA',670,2625),(825,'CLP','MY',1895,6975),(826,'CLP','KZ',810,2970),(827,'CLP','DZ',665,1410),(828,'CLP','ID',1695,6280),(829,'CLP','NG',950,6020),(830,'CLP','GT',665,4715),(831,'CLP','VN',1385,5250),(832,'CLP','BY',650,2530),(833,'CLP','EG',875,5355),(834,'CLP','UY',690,3185),(835,'CLP','BD',570,1260),(836,'CLP','PK',625,3590),(837,'CLP','PH',1080,3990),(838,'CLP','ET',175,1320),(839,'CLP','TN',665,1205),(840,'CLP','LB',670,2010),(841,'CLP','IN',620,2800),(842,'CLP','PY',665,2140),(843,'CLP','UZ',665,1300),(844,'CLP','EC',650,2220),(845,'CLP','MM',665,730),(846,'CLP','GE',670,850),(847,'CNY','US',140,395),(848,'CNY','CH',130,345),(849,'CNY','AU',120,305),(850,'CNY','GB',105,265),(851,'CNY','DE',105,265),(852,'CNY','DK',95,235),(853,'CNY','AT',70,215),(854,'CNY','NO',80,220),(855,'CNY','CA',85,265),(856,'CNY','NL',95,235),(857,'CNY','SE',75,200),(858,'CNY','IE',75,195),(859,'CNY','BE',70,200),(860,'CNY','FI',50,155),(861,'CNY','FR',65,170),(862,'CNY','NZ',65,190),(863,'CNY','HK',60,165),(864,'CNY','CZ',55,135),(865,'CNY','SK',50,115),(866,'CNY','AE',50,155),(867,'CNY','SG',65,190),(868,'CNY','IL',55,135),(869,'CNY','KW',25,125),(870,'CNY','IT',40,100),(871,'CNY','JP',50,135),(872,'CNY','ES',40,105),(873,'CNY','VE',5,80),(874,'CNY','HU',35,75),(875,'CNY','PT',35,85),(876,'CNY','GR',40,85),(877,'CNY','KR',50,135),(878,'CNY','TW',40,110),(879,'CNY','PL',35,85),(880,'CNY','ZM',5,30),(881,'CNY','PR',10,115),(882,'CNY','CI',5,30),(883,'CNY','RO',30,75),(884,'CNY','BH',15,80),(885,'CNY','PA',10,110),(886,'CNY','GH',10,35),(887,'CNY','KH',5,30),(888,'CNY','SN',5,35),(889,'CNY','SA',20,80),(890,'CNY','RU',20,65),(891,'CNY','UG',5,25),(892,'CNY','BR',20,55),(893,'CNY','NI',5,35),(894,'CNY','MG',5,25),(895,'CNY','DO',5,40),(896,'CNY','MX',15,60),(897,'CNY','OM',10,60),(898,'CNY','CM',5,45),(899,'CNY','ZA',20,65),(900,'CNY','CL',20,60),(901,'CNY','KE',5,25),(902,'CNY','NP',5,25),(903,'CNY','PE',10,50),(904,'CNY','UA',10,35),(905,'CNY','MZ',5,50),(906,'CNY','TZ',5,10),(907,'CNY','AO',10,30),(908,'CNY','JO',10,40),(909,'CNY','ZW',5,25),(910,'CNY','TR',15,35),(911,'CNY','MU',5,20),(912,'CNY','SV',5,25),(913,'CNY','TH',20,60),(914,'CNY','CO',10,35),(915,'CNY','LK',5,10),(916,'CNY','CR',5,40),(917,'CNY','AR',15,35),(918,'CNY','MA',5,25),(919,'CNY','MY',15,60),(920,'CNY','KZ',5,25),(921,'CNY','DZ',5,10),(922,'CNY','ID',15,55),(923,'CNY','NG',10,55),(924,'CNY','GT',5,40),(925,'CNY','VN',10,45),(926,'CNY','BY',5,20),(927,'CNY','EG',10,45),(928,'CNY','UY',5,30),(929,'CNY','BD',5,10),(930,'CNY','PK',5,30),(931,'CNY','PH',10,35),(932,'CNY','ET',5,10),(933,'CNY','TN',5,10),(934,'CNY','LB',5,20),(935,'CNY','IN',5,25),(936,'CNY','PY',5,20),(937,'CNY','UZ',5,10),(938,'CNY','EC',5,20),(939,'CNY','MM',5,10),(940,'CNY','GE',5,10),(941,'COP','US',75545,213150),(942,'COP','CH',70445,185375),(943,'COP','AU',64100,164575),(944,'COP','GB',55885,143015),(945,'COP','DE',55460,141860),(946,'COP','DK',51030,126635),(947,'COP','AT',37235,115710),(948,'COP','NO',42205,117830),(949,'COP','CA',46655,143060),(950,'COP','NL',49915,126685),(951,'COP','SE',39955,108040),(952,'COP','IE',39535,104220),(953,'COP','BE',36360,106555),(954,'COP','FI',27180,82545),(955,'COP','FR',33655,90085),(956,'COP','NZ',34255,100840),(957,'COP','HK',31150,88090),(958,'COP','CZ',29700,71300),(959,'COP','SK',28020,60720),(960,'COP','AE',26440,82980),(961,'COP','SG',34500,101960),(962,'COP','IL',30105,73645),(963,'COP','KW',13580,66195),(964,'COP','IT',20495,54100),(965,'COP','JP',25695,73030),(966,'COP','ES',21065,55710),(967,'COP','VE',2760,42675),(968,'COP','HU',17750,41305),(969,'COP','PT',17720,46195),(970,'COP','GR',21850,44750),(971,'COP','KR',26940,71345),(972,'COP','TW',21895,58620),(973,'COP','PL',18735,46380),(974,'COP','ZM',2705,15440),(975,'COP','PR',6620,62215),(976,'COP','CI',3610,14925),(977,'COP','RO',17210,41645),(978,'COP','BH',7815,43325),(979,'COP','PA',5235,59470),(980,'COP','GH',6275,17510),(981,'COP','KH',3615,17370),(982,'COP','SN',2635,18870),(983,'COP','SA',11235,43010),(984,'COP','RU',11165,35625),(985,'COP','UG',2625,13790),(986,'COP','BR',11905,29345),(987,'COP','NI',2620,18790),(988,'COP','MG',2650,13320),(989,'COP','DO',3175,22085),(990,'COP','MX',8975,32480),(991,'COP','OM',5640,32485),(992,'COP','CM',2615,24205),(993,'COP','ZA',10695,34425),(994,'COP','CL',11145,33300),(995,'COP','KE',3215,13900),(996,'COP','NP',2615,12625),(997,'COP','PE',6655,28015),(998,'COP','UA',6345,19820),(999,'COP','MZ',2615,26290),(1000,'COP','TZ',330,6035),(1001,'COP','AO',5795,15115),(1002,'COP','JO',4275,20300),(1003,'COP','ZW',2625,14405),(1004,'COP','TR',6810,18630),(1005,'COP','MU',3485,11915),(1006,'COP','SV',2615,14435),(1007,'COP','TH',10215,32140),(1008,'COP','CO',5180,20050),(1009,'COP','LK',2515,3475),(1010,'COP','CR',3160,20980),(1011,'COP','AR',7055,19110),(1012,'COP','MA',3150,12365),(1013,'COP','MY',8940,32875),(1014,'COP','KZ',3825,13995),(1015,'COP','DZ',3135,6635),(1016,'COP','ID',7975,29590),(1017,'COP','NG',4485,28365),(1018,'COP','GT',3140,22210),(1019,'COP','VN',6525,24735),(1020,'COP','BY',3065,11930),(1021,'COP','EG',4135,25245),(1022,'COP','UY',3260,15015),(1023,'COP','BD',2680,5940),(1024,'COP','PK',2940,16930),(1025,'COP','PH',5095,18795),(1026,'COP','ET',815,6225),(1027,'COP','TN',3140,5685),(1028,'COP','LB',3170,9470),(1029,'COP','IN',2920,13195),(1030,'COP','PY',3140,10095),(1031,'COP','UZ',3140,6130),(1032,'COP','EC',3050,10470),(1033,'COP','MM',3140,3430),(1034,'COP','GE',3150,4015),(1035,'CZK','US',470,1320),(1036,'CZK','CH',435,1145),(1037,'CZK','AU',395,1020),(1038,'CZK','GB',345,885),(1039,'CZK','DE',345,880),(1040,'CZK','DK',315,785),(1041,'CZK','AT',230,715),(1042,'CZK','NO',260,730),(1043,'CZK','CA',290,885),(1044,'CZK','NL',310,785),(1045,'CZK','SE',245,670),(1046,'CZK','IE',245,645),(1047,'CZK','BE',225,660),(1048,'CZK','FI',170,510),(1049,'CZK','FR',210,560),(1050,'CZK','NZ',210,625),(1051,'CZK','HK',195,545),(1052,'CZK','CZ',185,440),(1053,'CZK','SK',175,375),(1054,'CZK','AE',165,515),(1055,'CZK','SG',215,630),(1056,'CZK','IL',185,455),(1057,'CZK','KW',85,410),(1058,'CZK','IT',125,335),(1059,'CZK','JP',160,450),(1060,'CZK','ES',130,345),(1061,'CZK','VE',15,265),(1062,'CZK','HU',110,255),(1063,'CZK','PT',110,285),(1064,'CZK','GR',135,275),(1065,'CZK','KR',165,440),(1066,'CZK','TW',135,365),(1067,'CZK','PL',115,285),(1068,'CZK','ZM',15,95),(1069,'CZK','PR',40,385),(1070,'CZK','CI',20,90),(1071,'CZK','RO',105,260),(1072,'CZK','BH',50,270),(1073,'CZK','PA',30,370),(1074,'CZK','GH',40,110),(1075,'CZK','KH',20,110),(1076,'CZK','SN',15,115),(1077,'CZK','SA',70,265),(1078,'CZK','RU',70,220),(1079,'CZK','UG',15,85),(1080,'CZK','BR',75,180),(1081,'CZK','NI',15,115),(1082,'CZK','MG',15,80),(1083,'CZK','DO',20,135),(1084,'CZK','MX',55,200),(1085,'CZK','OM',35,200),(1086,'CZK','CM',15,150),(1087,'CZK','ZA',65,215),(1088,'CZK','CL',70,205),(1089,'CZK','KE',20,85),(1090,'CZK','NP',15,80),(1091,'CZK','PE',40,175),(1092,'CZK','UA',40,125),(1093,'CZK','MZ',15,165),(1094,'CZK','TZ',5,35),(1095,'CZK','AO',35,95),(1096,'CZK','JO',25,125),(1097,'CZK','ZW',15,90),(1098,'CZK','TR',40,115),(1099,'CZK','MU',20,75),(1100,'CZK','SV',15,90),(1101,'CZK','TH',65,200),(1102,'CZK','CO',30,125),(1103,'CZK','LK',15,20),(1104,'CZK','CR',20,130),(1105,'CZK','AR',45,120),(1106,'CZK','MA',20,75),(1107,'CZK','MY',55,205),(1108,'CZK','KZ',25,85),(1109,'CZK','DZ',20,40),(1110,'CZK','ID',50,185),(1111,'CZK','NG',30,175),(1112,'CZK','GT',20,135),(1113,'CZK','VN',40,155),(1114,'CZK','BY',20,75),(1115,'CZK','EG',25,155),(1116,'CZK','UY',20,95),(1117,'CZK','BD',15,35),(1118,'CZK','PK',20,105),(1119,'CZK','PH',30,115),(1120,'CZK','ET',5,40),(1121,'CZK','TN',20,35),(1122,'CZK','LB',20,60),(1123,'CZK','IN',20,80),(1124,'CZK','PY',20,60),(1125,'CZK','UZ',20,40),(1126,'CZK','EC',20,65),(1127,'CZK','MM',20,25),(1128,'CZK','GE',20,25),(1129,'DKK','US',135,375),(1130,'DKK','CH',125,325),(1131,'DKK','AU',115,290),(1132,'DKK','GB',100,250),(1133,'DKK','DE',100,250),(1134,'DKK','DK',90,225),(1135,'DKK','AT',65,205),(1136,'DKK','NO',75,205),(1137,'DKK','CA',80,250),(1138,'DKK','NL',90,225),(1139,'DKK','SE',70,190),(1140,'DKK','IE',70,185),(1141,'DKK','BE',65,190),(1142,'DKK','FI',50,145),(1143,'DKK','FR',60,160),(1144,'DKK','NZ',60,175),(1145,'DKK','HK',55,155),(1146,'DKK','CZ',50,125),(1147,'DKK','SK',50,105),(1148,'DKK','AE',45,145),(1149,'DKK','SG',60,180),(1150,'DKK','IL',55,130),(1151,'DKK','KW',25,115),(1152,'DKK','IT',35,95),(1153,'DKK','JP',45,130),(1154,'DKK','ES',35,100),(1155,'DKK','VE',5,75),(1156,'DKK','HU',30,75),(1157,'DKK','PT',30,80),(1158,'DKK','GR',40,80),(1159,'DKK','KR',45,125),(1160,'DKK','TW',40,105),(1161,'DKK','PL',35,80),(1162,'DKK','ZM',5,25),(1163,'DKK','PR',10,110),(1164,'DKK','CI',5,25),(1165,'DKK','RO',30,75),(1166,'DKK','BH',15,75),(1167,'DKK','PA',10,105),(1168,'DKK','GH',10,30),(1169,'DKK','KH',5,30),(1170,'DKK','SN',5,35),(1171,'DKK','SA',20,75),(1172,'DKK','RU',20,65),(1173,'DKK','UG',5,25),(1174,'DKK','BR',20,50),(1175,'DKK','NI',5,35),(1176,'DKK','MG',5,25),(1177,'DKK','DO',5,40),(1178,'DKK','MX',15,55),(1179,'DKK','OM',10,55),(1180,'DKK','CM',5,45),(1181,'DKK','ZA',20,60),(1182,'DKK','CL',20,60),(1183,'DKK','KE',5,25),(1184,'DKK','NP',5,20),(1185,'DKK','PE',10,50),(1186,'DKK','UA',10,35),(1187,'DKK','MZ',5,45),(1188,'DKK','TZ',5,10),(1189,'DKK','AO',10,25),(1190,'DKK','JO',10,35),(1191,'DKK','ZW',5,25),(1192,'DKK','TR',10,35),(1193,'DKK','MU',5,20),(1194,'DKK','SV',5,25),(1195,'DKK','TH',20,55),(1196,'DKK','CO',10,35),(1197,'DKK','LK',5,10),(1198,'DKK','CR',5,35),(1199,'DKK','AR',10,35),(1200,'DKK','MA',5,20),(1201,'DKK','MY',15,60),(1202,'DKK','KZ',5,25),(1203,'DKK','DZ',5,10),(1204,'DKK','ID',15,50),(1205,'DKK','NG',10,50),(1206,'DKK','GT',5,40),(1207,'DKK','VN',10,45),(1208,'DKK','BY',5,20),(1209,'DKK','EG',5,45),(1210,'DKK','UY',5,25),(1211,'DKK','BD',5,10),(1212,'DKK','PK',5,30),(1213,'DKK','PH',10,35),(1214,'DKK','ET',5,10),(1215,'DKK','TN',5,10),(1216,'DKK','LB',5,15),(1217,'DKK','IN',5,25),(1218,'DKK','PY',5,20),(1219,'DKK','UZ',5,10),(1220,'DKK','EC',5,20),(1221,'DKK','MM',5,10),(1222,'DKK','GE',5,10),(1223,'EGP','US',340,960),(1224,'EGP','CH',315,835),(1225,'EGP','AU',290,740),(1226,'EGP','GB',250,645),(1227,'EGP','DE',250,640),(1228,'EGP','DK',230,570),(1229,'EGP','AT',170,520),(1230,'EGP','NO',190,530),(1231,'EGP','CA',210,645),(1232,'EGP','NL',225,570),(1233,'EGP','SE',180,485),(1234,'EGP','IE',180,470),(1235,'EGP','BE',165,480),(1236,'EGP','FI',120,370),(1237,'EGP','FR',150,405),(1238,'EGP','NZ',155,455),(1239,'EGP','HK',140,395),(1240,'EGP','CZ',135,320),(1241,'EGP','SK',125,275),(1242,'EGP','AE',120,375),(1243,'EGP','SG',155,460),(1244,'EGP','IL',135,330),(1245,'EGP','KW',60,300),(1246,'EGP','IT',90,245),(1247,'EGP','JP',115,330),(1248,'EGP','ES',95,250),(1249,'EGP','VE',10,190),(1250,'EGP','HU',80,185),(1251,'EGP','PT',80,210),(1252,'EGP','GR',100,200),(1253,'EGP','KR',120,320),(1254,'EGP','TW',100,265),(1255,'EGP','PL',85,210),(1256,'EGP','ZM',10,70),(1257,'EGP','PR',30,280),(1258,'EGP','CI',15,65),(1259,'EGP','RO',80,190),(1260,'EGP','BH',35,195),(1261,'EGP','PA',25,270),(1262,'EGP','GH',30,80),(1263,'EGP','KH',15,80),(1264,'EGP','SN',10,85),(1265,'EGP','SA',50,195),(1266,'EGP','RU',50,160),(1267,'EGP','UG',10,60),(1268,'EGP','BR',55,130),(1269,'EGP','NI',10,85),(1270,'EGP','MG',10,60),(1271,'EGP','DO',15,100),(1272,'EGP','MX',40,145),(1273,'EGP','OM',25,145),(1274,'EGP','CM',10,110),(1275,'EGP','ZA',50,155),(1276,'EGP','CL',50,150),(1277,'EGP','KE',15,65),(1278,'EGP','NP',10,55),(1279,'EGP','PE',30,125),(1280,'EGP','UA',30,90),(1281,'EGP','MZ',10,120),(1282,'EGP','TZ',5,25),(1283,'EGP','AO',25,70),(1284,'EGP','JO',20,90),(1285,'EGP','ZW',10,65),(1286,'EGP','TR',30,85),(1287,'EGP','MU',15,55),(1288,'EGP','SV',10,65),(1289,'EGP','TH',45,145),(1290,'EGP','CO',25,90),(1291,'EGP','LK',10,15),(1292,'EGP','CR',15,95),(1293,'EGP','AR',30,85),(1294,'EGP','MA',15,55),(1295,'EGP','MY',40,150),(1296,'EGP','KZ',15,65),(1297,'EGP','DZ',15,30),(1298,'EGP','ID',35,135),(1299,'EGP','NG',20,130),(1300,'EGP','GT',15,100),(1301,'EGP','VN',30,110),(1302,'EGP','BY',15,55),(1303,'EGP','EG',20,115),(1304,'EGP','UY',15,70),(1305,'EGP','BD',10,25),(1306,'EGP','PK',15,75),(1307,'EGP','PH',25,85),(1308,'EGP','ET',5,30),(1309,'EGP','TN',15,25),(1310,'EGP','LB',15,45),(1311,'EGP','IN',15,60),(1312,'EGP','PY',15,45),(1313,'EGP','UZ',15,30),(1314,'EGP','EC',15,45),(1315,'EGP','MM',15,20),(1316,'EGP','GE',15,20),(1317,'EUR','US',20,50),(1318,'EUR','CH',15,45),(1319,'EUR','AU',15,40),(1320,'EUR','GB',15,35),(1321,'EUR','DE',15,35),(1322,'EUR','DK',10,30),(1323,'EUR','AT',10,25),(1324,'EUR','NO',10,30),(1325,'EUR','CA',10,35),(1326,'EUR','NL',10,30),(1327,'EUR','SE',10,25),(1328,'EUR','IE',10,25),(1329,'EUR','BE',10,25),(1330,'EUR','FI',5,20),(1331,'EUR','FR',10,20),(1332,'EUR','NZ',10,25),(1333,'EUR','HK',5,20),(1334,'EUR','CZ',5,15),(1335,'EUR','SK',5,15),(1336,'EUR','AE',5,20),(1337,'EUR','SG',10,25),(1338,'EUR','IL',5,15),(1339,'EUR','KW',5,15),(1340,'EUR','IT',5,15),(1341,'EUR','JP',5,15),(1342,'EUR','ES',5,15),(1343,'EUR','VE',5,10),(1344,'EUR','HU',5,10),(1345,'EUR','PT',5,10),(1346,'EUR','GR',5,10),(1347,'EUR','KR',5,15),(1348,'EUR','TW',5,15),(1349,'EUR','PL',5,10),(1350,'EUR','ZM',5,10),(1351,'EUR','PR',5,15),(1352,'EUR','CI',5,10),(1353,'EUR','RO',5,10),(1354,'EUR','BH',5,10),(1355,'EUR','PA',5,15),(1356,'EUR','GH',5,10),(1357,'EUR','KH',5,10),(1358,'EUR','SN',5,10),(1359,'EUR','SA',5,10),(1360,'EUR','RU',5,10),(1361,'EUR','UG',5,10),(1362,'EUR','BR',5,10),(1363,'EUR','NI',5,10),(1364,'EUR','MG',5,10),(1365,'EUR','DO',5,10),(1366,'EUR','MX',5,10),(1367,'EUR','OM',5,10),(1368,'EUR','CM',5,10),(1369,'EUR','ZA',5,10),(1370,'EUR','CL',5,10),(1371,'EUR','KE',5,10),(1372,'EUR','NP',5,10),(1373,'EUR','PE',5,10),(1374,'EUR','UA',5,10),(1375,'EUR','MZ',5,10),(1376,'EUR','TZ',5,10),(1377,'EUR','AO',5,10),(1378,'EUR','JO',5,10),(1379,'EUR','ZW',5,10),(1380,'EUR','TR',5,10),(1381,'EUR','MU',5,10),(1382,'EUR','SV',5,10),(1383,'EUR','TH',5,10),(1384,'EUR','CO',5,10),(1385,'EUR','LK',5,10),(1386,'EUR','CR',5,10),(1387,'EUR','AR',5,10),(1388,'EUR','MA',5,10),(1389,'EUR','MY',5,10),(1390,'EUR','KZ',5,10),(1391,'EUR','DZ',5,10),(1392,'EUR','ID',5,10),(1393,'EUR','NG',5,10),(1394,'EUR','GT',5,10),(1395,'EUR','VN',5,10),(1396,'EUR','BY',5,10),(1397,'EUR','EG',5,10),(1398,'EUR','UY',5,10),(1399,'EUR','BD',5,10),(1400,'EUR','PK',5,10),(1401,'EUR','PH',5,10),(1402,'EUR','ET',5,10),(1403,'EUR','TN',5,10),(1404,'EUR','LB',5,10),(1405,'EUR','IN',5,10),(1406,'EUR','PY',5,10),(1407,'EUR','UZ',5,10),(1408,'EUR','EC',5,10),(1409,'EUR','MM',5,10),(1410,'EUR','GE',5,10),(1411,'GBP','US',15,45),(1412,'GBP','CH',15,40),(1413,'GBP','AU',15,35),(1414,'GBP','GB',10,30),(1415,'GBP','DE',10,30),(1416,'GBP','DK',10,25),(1417,'GBP','AT',10,25),(1418,'GBP','NO',10,25),(1419,'GBP','CA',10,30),(1420,'GBP','NL',10,25),(1421,'GBP','SE',10,25),(1422,'GBP','IE',10,20),(1423,'GBP','BE',10,20),(1424,'GBP','FI',5,15),(1425,'GBP','FR',5,20),(1426,'GBP','NZ',5,20),(1427,'GBP','HK',5,20),(1428,'GBP','CZ',5,15),(1429,'GBP','SK',5,15),(1430,'GBP','AE',5,20),(1431,'GBP','SG',5,20),(1432,'GBP','IL',5,15),(1433,'GBP','KW',5,15),(1434,'GBP','IT',5,10),(1435,'GBP','JP',5,15),(1436,'GBP','ES',5,10),(1437,'GBP','VE',5,10),(1438,'GBP','HU',5,10),(1439,'GBP','PT',5,10),(1440,'GBP','GR',5,10),(1441,'GBP','KR',5,15),(1442,'GBP','TW',5,10),(1443,'GBP','PL',5,10),(1444,'GBP','ZM',5,10),(1445,'GBP','PR',5,15),(1446,'GBP','CI',5,10),(1447,'GBP','RO',5,10),(1448,'GBP','BH',5,10),(1449,'GBP','PA',5,15),(1450,'GBP','GH',5,10),(1451,'GBP','KH',5,10),(1452,'GBP','SN',5,10),(1453,'GBP','SA',5,10),(1454,'GBP','RU',5,10),(1455,'GBP','UG',5,10),(1456,'GBP','BR',5,10),(1457,'GBP','NI',5,10),(1458,'GBP','MG',5,10),(1459,'GBP','DO',5,10),(1460,'GBP','MX',5,10),(1461,'GBP','OM',5,10),(1462,'GBP','CM',5,10),(1463,'GBP','ZA',5,10),(1464,'GBP','CL',5,10),(1465,'GBP','KE',5,10),(1466,'GBP','NP',5,10),(1467,'GBP','PE',5,10),(1468,'GBP','UA',5,10),(1469,'GBP','MZ',5,10),(1470,'GBP','TZ',5,10),(1471,'GBP','AO',5,10),(1472,'GBP','JO',5,10),(1473,'GBP','ZW',5,10),(1474,'GBP','TR',5,10),(1475,'GBP','MU',5,10),(1476,'GBP','SV',5,10),(1477,'GBP','TH',5,10),(1478,'GBP','CO',5,10),(1479,'GBP','LK',5,10),(1480,'GBP','CR',5,10),(1481,'GBP','AR',5,10),(1482,'GBP','MA',5,10),(1483,'GBP','MY',5,10),(1484,'GBP','KZ',5,10),(1485,'GBP','DZ',5,10),(1486,'GBP','ID',5,10),(1487,'GBP','NG',5,10),(1488,'GBP','GT',5,10),(1489,'GBP','VN',5,10),(1490,'GBP','BY',5,10),(1491,'GBP','EG',5,10),(1492,'GBP','UY',5,10),(1493,'GBP','BD',5,10),(1494,'GBP','PK',5,10),(1495,'GBP','PH',5,10),(1496,'GBP','ET',5,10),(1497,'GBP','TN',5,10),(1498,'GBP','LB',5,10),(1499,'GBP','IN',5,10),(1500,'GBP','PY',5,10),(1501,'GBP','UZ',5,10),(1502,'GBP','EC',5,10),(1503,'GBP','MM',5,10),(1504,'GBP','GE',5,10),(1505,'HKD','US',170,475),(1506,'HKD','CH',155,415),(1507,'HKD','AU',145,365),(1508,'HKD','GB',125,320),(1509,'HKD','DE',125,315),(1510,'HKD','DK',115,280),(1511,'HKD','AT',85,260),(1512,'HKD','NO',95,265),(1513,'HKD','CA',105,320),(1514,'HKD','NL',110,285),(1515,'HKD','SE',90,240),(1516,'HKD','IE',90,230),(1517,'HKD','BE',80,240),(1518,'HKD','FI',60,185),(1519,'HKD','FR',75,200),(1520,'HKD','NZ',75,225),(1521,'HKD','HK',70,195),(1522,'HKD','CZ',65,160),(1523,'HKD','SK',60,135),(1524,'HKD','AE',60,185),(1525,'HKD','SG',75,225),(1526,'HKD','IL',65,165),(1527,'HKD','KW',30,150),(1528,'HKD','IT',45,120),(1529,'HKD','JP',55,165),(1530,'HKD','ES',45,125),(1531,'HKD','VE',5,95),(1532,'HKD','HU',40,90),(1533,'HKD','PT',40,105),(1534,'HKD','GR',50,100),(1535,'HKD','KR',60,160),(1536,'HKD','TW',50,130),(1537,'HKD','PL',40,105),(1538,'HKD','ZM',5,35),(1539,'HKD','PR',15,140),(1540,'HKD','CI',10,35),(1541,'HKD','RO',40,95),(1542,'HKD','BH',15,95),(1543,'HKD','PA',10,135),(1544,'HKD','GH',15,40),(1545,'HKD','KH',10,40),(1546,'HKD','SN',5,40),(1547,'HKD','SA',25,95),(1548,'HKD','RU',25,80),(1549,'HKD','UG',5,30),(1550,'HKD','BR',25,65),(1551,'HKD','NI',5,40),(1552,'HKD','MG',5,30),(1553,'HKD','DO',5,50),(1554,'HKD','MX',20,70),(1555,'HKD','OM',15,70),(1556,'HKD','CM',5,55),(1557,'HKD','ZA',25,75),(1558,'HKD','CL',25,75),(1559,'HKD','KE',5,30),(1560,'HKD','NP',5,30),(1561,'HKD','PE',15,60),(1562,'HKD','UA',15,45),(1563,'HKD','MZ',5,60),(1564,'HKD','TZ',5,15),(1565,'HKD','AO',15,35),(1566,'HKD','JO',10,45),(1567,'HKD','ZW',5,30),(1568,'HKD','TR',15,40),(1569,'HKD','MU',10,25),(1570,'HKD','SV',5,30),(1571,'HKD','TH',25,70),(1572,'HKD','CO',10,45),(1573,'HKD','LK',5,10),(1574,'HKD','CR',5,45),(1575,'HKD','AR',15,45),(1576,'HKD','MA',5,30),(1577,'HKD','MY',20,75),(1578,'HKD','KZ',10,30),(1579,'HKD','DZ',5,15),(1580,'HKD','ID',20,65),(1581,'HKD','NG',10,65),(1582,'HKD','GT',5,50),(1583,'HKD','VN',15,55),(1584,'HKD','BY',5,25),(1585,'HKD','EG',10,55),(1586,'HKD','UY',5,35),(1587,'HKD','BD',5,15),(1588,'HKD','PK',5,40),(1589,'HKD','PH',10,40),(1590,'HKD','ET',5,15),(1591,'HKD','TN',5,15),(1592,'HKD','LB',5,20),(1593,'HKD','IN',5,30),(1594,'HKD','PY',5,25),(1595,'HKD','UZ',5,15),(1596,'HKD','EC',5,25),(1597,'HKD','MM',5,10),(1598,'HKD','GE',5,10),(1599,'HUF','US',6445,18185),(1600,'HUF','CH',6010,15815),(1601,'HUF','AU',5470,14040),(1602,'HUF','GB',4765,12200),(1603,'HUF','DE',4730,12100),(1604,'HUF','DK',4355,10805),(1605,'HUF','AT',3175,9870),(1606,'HUF','NO',3600,10050),(1607,'HUF','CA',3980,12205),(1608,'HUF','NL',4260,10805),(1609,'HUF','SE',3410,9215),(1610,'HUF','IE',3375,8890),(1611,'HUF','BE',3100,9090),(1612,'HUF','FI',2320,7040),(1613,'HUF','FR',2870,7685),(1614,'HUF','NZ',2920,8600),(1615,'HUF','HK',2655,7515),(1616,'HUF','CZ',2535,6080),(1617,'HUF','SK',2390,5180),(1618,'HUF','AE',2255,7080),(1619,'HUF','SG',2945,8700),(1620,'HUF','IL',2570,6280),(1621,'HUF','KW',1160,5645),(1622,'HUF','IT',1750,4615),(1623,'HUF','JP',2190,6230),(1624,'HUF','ES',1795,4755),(1625,'HUF','VE',235,3640),(1626,'HUF','HU',1515,3525),(1627,'HUF','PT',1510,3940),(1628,'HUF','GR',1865,3820),(1629,'HUF','KR',2300,6085),(1630,'HUF','TW',1870,5000),(1631,'HUF','PL',1600,3955),(1632,'HUF','ZM',230,1315),(1633,'HUF','PR',565,5305),(1634,'HUF','CI',310,1275),(1635,'HUF','RO',1470,3555),(1636,'HUF','BH',665,3695),(1637,'HUF','PA',445,5075),(1638,'HUF','GH',535,1495),(1639,'HUF','KH',310,1480),(1640,'HUF','SN',225,1610),(1641,'HUF','SA',960,3670),(1642,'HUF','RU',950,3040),(1643,'HUF','UG',225,1175),(1644,'HUF','BR',1015,2505),(1645,'HUF','NI',225,1605),(1646,'HUF','MG',225,1135),(1647,'HUF','DO',270,1885),(1648,'HUF','MX',765,2770),(1649,'HUF','OM',480,2770),(1650,'HUF','CM',225,2065),(1651,'HUF','ZA',910,2935),(1652,'HUF','CL',950,2840),(1653,'HUF','KE',275,1185),(1654,'HUF','NP',225,1075),(1655,'HUF','PE',570,2390),(1656,'HUF','UA',540,1690),(1657,'HUF','MZ',225,2245),(1658,'HUF','TZ',30,515),(1659,'HUF','AO',495,1290),(1660,'HUF','JO',365,1730),(1661,'HUF','ZW',225,1230),(1662,'HUF','TR',580,1590),(1663,'HUF','MU',295,1015),(1664,'HUF','SV',225,1230),(1665,'HUF','TH',870,2740),(1666,'HUF','CO',440,1710),(1667,'HUF','LK',215,295),(1668,'HUF','CR',270,1790),(1669,'HUF','AR',600,1630),(1670,'HUF','MA',270,1055),(1671,'HUF','MY',765,2805),(1672,'HUF','KZ',325,1195),(1673,'HUF','DZ',265,565),(1674,'HUF','ID',680,2525),(1675,'HUF','NG',385,2420),(1676,'HUF','GT',270,1895),(1677,'HUF','VN',555,2110),(1678,'HUF','BY',260,1020),(1679,'HUF','EG',355,2155),(1680,'HUF','UY',280,1280),(1681,'HUF','BD',230,505),(1682,'HUF','PK',250,1445),(1683,'HUF','PH',435,1605),(1684,'HUF','ET',70,530),(1685,'HUF','TN',270,485),(1686,'HUF','LB',270,810),(1687,'HUF','IN',250,1125),(1688,'HUF','PY',270,860),(1689,'HUF','UZ',270,525),(1690,'HUF','EC',260,895),(1691,'HUF','MM',270,295),(1692,'HUF','GE',270,345),(1693,'IDR','US',305805,862850),(1694,'IDR','CH',285175,750420),(1695,'IDR','AU',259480,666220),(1696,'IDR','GB',226230,578945),(1697,'IDR','DE',224510,574265),(1698,'IDR','DK',206565,512635),(1699,'IDR','AT',150725,468395),(1700,'IDR','NO',170840,476995),(1701,'IDR','CA',188855,579125),(1702,'IDR','NL',202060,512840),(1703,'IDR','SE',161735,437360),(1704,'IDR','IE',160045,421890),(1705,'IDR','BE',147180,431340),(1706,'IDR','FI',110030,334155),(1707,'IDR','FR',136245,364680),(1708,'IDR','NZ',138660,408205),(1709,'IDR','HK',126095,356600),(1710,'IDR','CZ',120220,288620),(1711,'IDR','SK',113420,245805),(1712,'IDR','AE',107035,335905),(1713,'IDR','SG',139655,412750),(1714,'IDR','IL',121875,298120),(1715,'IDR','KW',54975,267955),(1716,'IDR','IT',82960,219010),(1717,'IDR','JP',104020,295625),(1718,'IDR','ES',85280,225525),(1719,'IDR','VE',11180,172745),(1720,'IDR','HU',71860,167205),(1721,'IDR','PT',71735,187005),(1722,'IDR','GR',88455,181160),(1723,'IDR','KR',109060,288805),(1724,'IDR','TW',88640,237295),(1725,'IDR','PL',75845,187750),(1726,'IDR','ZM',10955,62500),(1727,'IDR','PR',26790,251850),(1728,'IDR','CI',14620,60420),(1729,'IDR','RO',69670,168580),(1730,'IDR','BH',31635,175390),(1731,'IDR','PA',21190,240735),(1732,'IDR','GH',25400,70875),(1733,'IDR','KH',14640,70310),(1734,'IDR','SN',10660,76395),(1735,'IDR','SA',45475,174115),(1736,'IDR','RU',45190,144210),(1737,'IDR','UG',10620,55825),(1738,'IDR','BR',48185,118800),(1739,'IDR','NI',10595,76070),(1740,'IDR','MG',10720,53925),(1741,'IDR','DO',12860,89405),(1742,'IDR','MX',36335,131490),(1743,'IDR','OM',22840,131495),(1744,'IDR','CM',10585,97990),(1745,'IDR','ZA',43300,139355),(1746,'IDR','CL',45110,134805),(1747,'IDR','KE',13020,56270),(1748,'IDR','NP',10585,51110),(1749,'IDR','PE',26945,113410),(1750,'IDR','UA',25685,80225),(1751,'IDR','MZ',10585,106420),(1752,'IDR','TZ',1335,24420),(1753,'IDR','AO',23465,61185),(1754,'IDR','JO',17305,82175),(1755,'IDR','ZW',10635,58315),(1756,'IDR','TR',27565,75415),(1757,'IDR','MU',14115,48240),(1758,'IDR','SV',10585,58430),(1759,'IDR','TH',41350,130110),(1760,'IDR','CO',20970,81160),(1761,'IDR','LK',10185,14065),(1762,'IDR','CR',12785,84925),(1763,'IDR','AR',28555,77350),(1764,'IDR','MA',12755,50060),(1765,'IDR','MY',36190,133085),(1766,'IDR','KZ',15480,56655),(1767,'IDR','DZ',12690,26860),(1768,'IDR','ID',32290,119790),(1769,'IDR','NG',18150,114815),(1770,'IDR','GT',12715,89915),(1771,'IDR','VN',26420,100125),(1772,'IDR','BY',12405,48295),(1773,'IDR','EG',16730,102190),(1774,'IDR','UY',13190,60785),(1775,'IDR','BD',10860,24040),(1776,'IDR','PK',11905,68530),(1777,'IDR','PH',20615,76080),(1778,'IDR','ET',3305,25200),(1779,'IDR','TN',12700,23015),(1780,'IDR','LB',12825,38335),(1781,'IDR','IN',11825,53405),(1782,'IDR','PY',12710,40865),(1783,'IDR','UZ',12715,24810),(1784,'IDR','EC',12355,42380),(1785,'IDR','MM',12720,13890),(1786,'IDR','GE',12760,16260),(1787,'ILS','US',70,190),(1788,'ILS','CH',65,165),(1789,'ILS','AU',60,150),(1790,'ILS','GB',50,130),(1791,'ILS','DE',50,130),(1792,'ILS','DK',45,115),(1793,'ILS','AT',35,105),(1794,'ILS','NO',40,105),(1795,'ILS','CA',40,130),(1796,'ILS','NL',45,115),(1797,'ILS','SE',35,95),(1798,'ILS','IE',35,95),(1799,'ILS','BE',35,95),(1800,'ILS','FI',25,75),(1801,'ILS','FR',30,80),(1802,'ILS','NZ',30,90),(1803,'ILS','HK',30,80),(1804,'ILS','CZ',25,65),(1805,'ILS','SK',25,55),(1806,'ILS','AE',25,75),(1807,'ILS','SG',30,90),(1808,'ILS','IL',25,65),(1809,'ILS','KW',10,60),(1810,'ILS','IT',20,50),(1811,'ILS','JP',25,65),(1812,'ILS','ES',20,50),(1813,'ILS','VE',5,40),(1814,'ILS','HU',15,35),(1815,'ILS','PT',15,40),(1816,'ILS','GR',20,40),(1817,'ILS','KR',25,65),(1818,'ILS','TW',20,55),(1819,'ILS','PL',15,40),(1820,'ILS','ZM',5,15),(1821,'ILS','PR',5,55),(1822,'ILS','CI',5,15),(1823,'ILS','RO',15,35),(1824,'ILS','BH',5,40),(1825,'ILS','PA',5,55),(1826,'ILS','GH',5,15),(1827,'ILS','KH',5,15),(1828,'ILS','SN',5,15),(1829,'ILS','SA',10,40),(1830,'ILS','RU',10,30),(1831,'ILS','UG',5,10),(1832,'ILS','BR',10,25),(1833,'ILS','NI',5,15),(1834,'ILS','MG',5,10),(1835,'ILS','DO',5,20),(1836,'ILS','MX',10,30),(1837,'ILS','OM',5,30),(1838,'ILS','CM',5,20),(1839,'ILS','ZA',10,30),(1840,'ILS','CL',10,30),(1841,'ILS','KE',5,15),(1842,'ILS','NP',5,10),(1843,'ILS','PE',5,25),(1844,'ILS','UA',5,20),(1845,'ILS','MZ',5,25),(1846,'ILS','TZ',5,10),(1847,'ILS','AO',5,15),(1848,'ILS','JO',5,20),(1849,'ILS','ZW',5,15),(1850,'ILS','TR',5,15),(1851,'ILS','MU',5,10),(1852,'ILS','SV',5,15),(1853,'ILS','TH',10,30),(1854,'ILS','CO',5,20),(1855,'ILS','LK',5,10),(1856,'ILS','CR',5,20),(1857,'ILS','AR',5,15),(1858,'ILS','MA',5,10),(1859,'ILS','MY',10,30),(1860,'ILS','KZ',5,15),(1861,'ILS','DZ',5,10),(1862,'ILS','ID',5,25),(1863,'ILS','NG',5,25),(1864,'ILS','GT',5,20),(1865,'ILS','VN',5,20),(1866,'ILS','BY',5,10),(1867,'ILS','EG',5,25),(1868,'ILS','UY',5,15),(1869,'ILS','BD',5,10),(1870,'ILS','PK',5,15),(1871,'ILS','PH',5,15),(1872,'ILS','ET',5,10),(1873,'ILS','TN',5,10),(1874,'ILS','LB',5,10),(1875,'ILS','IN',5,10),(1876,'ILS','PY',5,10),(1877,'ILS','UZ',5,10),(1878,'ILS','EC',5,10),(1879,'ILS','MM',5,10),(1880,'ILS','GE',5,10),(1881,'INR','US',1590,4485),(1882,'INR','CH',1480,3900),(1883,'INR','AU',1350,3460),(1884,'INR','GB',1175,3010),(1885,'INR','DE',1165,2985),(1886,'INR','DK',1075,2665),(1887,'INR','AT',785,2435),(1888,'INR','NO',890,2480),(1889,'INR','CA',980,3010),(1890,'INR','NL',1050,2665),(1891,'INR','SE',840,2275),(1892,'INR','IE',830,2195),(1893,'INR','BE',765,2240),(1894,'INR','FI',570,1735),(1895,'INR','FR',710,1895),(1896,'INR','NZ',720,2120),(1897,'INR','HK',655,1855),(1898,'INR','CZ',625,1500),(1899,'INR','SK',590,1280),(1900,'INR','AE',555,1745),(1901,'INR','SG',725,2145),(1902,'INR','IL',635,1550),(1903,'INR','KW',285,1395),(1904,'INR','IT',430,1140),(1905,'INR','JP',540,1535),(1906,'INR','ES',445,1170),(1907,'INR','VE',60,900),(1908,'INR','HU',375,870),(1909,'INR','PT',375,970),(1910,'INR','GR',460,940),(1911,'INR','KR',565,1500),(1912,'INR','TW',460,1235),(1913,'INR','PL',395,975),(1914,'INR','ZM',55,325),(1915,'INR','PR',140,1310),(1916,'INR','CI',75,315),(1917,'INR','RO',360,875),(1918,'INR','BH',165,910),(1919,'INR','PA',110,1250),(1920,'INR','GH',130,370),(1921,'INR','KH',75,365),(1922,'INR','SN',55,395),(1923,'INR','SA',235,905),(1924,'INR','RU',235,750),(1925,'INR','UG',55,290),(1926,'INR','BR',250,615),(1927,'INR','NI',55,395),(1928,'INR','MG',55,280),(1929,'INR','DO',65,465),(1930,'INR','MX',190,685),(1931,'INR','OM',120,685),(1932,'INR','CM',55,510),(1933,'INR','ZA',225,725),(1934,'INR','CL',235,700),(1935,'INR','KE',70,290),(1936,'INR','NP',55,265),(1937,'INR','PE',140,590),(1938,'INR','UA',135,415),(1939,'INR','MZ',55,555),(1940,'INR','TZ',5,125),(1941,'INR','AO',120,320),(1942,'INR','JO',90,425),(1943,'INR','ZW',55,305),(1944,'INR','TR',145,390),(1945,'INR','MU',75,250),(1946,'INR','SV',55,305),(1947,'INR','TH',215,675),(1948,'INR','CO',110,420),(1949,'INR','LK',55,75),(1950,'INR','CR',65,440),(1951,'INR','AR',150,400),(1952,'INR','MA',65,260),(1953,'INR','MY',190,690),(1954,'INR','KZ',80,295),(1955,'INR','DZ',65,140),(1956,'INR','ID',170,625),(1957,'INR','NG',95,595),(1958,'INR','GT',65,465),(1959,'INR','VN',135,520),(1960,'INR','BY',65,250),(1961,'INR','EG',85,530),(1962,'INR','UY',70,315),(1963,'INR','BD',55,125),(1964,'INR','PK',60,355),(1965,'INR','PH',105,395),(1966,'INR','ET',15,130),(1967,'INR','TN',65,120),(1968,'INR','LB',65,200),(1969,'INR','IN',60,280),(1970,'INR','PY',65,210),(1971,'INR','UZ',65,130),(1972,'INR','EC',65,220),(1973,'INR','MM',65,70),(1974,'INR','GE',65,85),(1975,'JPY','US',2255,6370),(1976,'JPY','CH',2105,5540),(1977,'JPY','AU',1915,4915),(1978,'JPY','GB',1670,4275),(1979,'JPY','DE',1655,4240),(1980,'JPY','DK',1525,3785),(1981,'JPY','AT',1110,3455),(1982,'JPY','NO',1260,3520),(1983,'JPY','CA',1395,4275),(1984,'JPY','NL',1490,3785),(1985,'JPY','SE',1195,3230),(1986,'JPY','IE',1180,3115),(1987,'JPY','BE',1085,3185),(1988,'JPY','FI',810,2465),(1989,'JPY','FR',1005,2690),(1990,'JPY','NZ',1025,3015),(1991,'JPY','HK',930,2630),(1992,'JPY','CZ',885,2130),(1993,'JPY','SK',835,1815),(1994,'JPY','AE',790,2480),(1995,'JPY','SG',1030,3045),(1996,'JPY','IL',900,2200),(1997,'JPY','KW',405,1980),(1998,'JPY','IT',610,1615),(1999,'JPY','JP',770,2180),(2000,'JPY','ES',630,1665),(2001,'JPY','VE',85,1275),(2002,'JPY','HU',530,1235),(2003,'JPY','PT',530,1380),(2004,'JPY','GR',655,1335),(2005,'JPY','KR',805,2130),(2006,'JPY','TW',655,1750),(2007,'JPY','PL',560,1385),(2008,'JPY','ZM',80,460),(2009,'JPY','PR',200,1860),(2010,'JPY','CI',110,445),(2011,'JPY','RO',515,1245),(2012,'JPY','BH',235,1295),(2013,'JPY','PA',155,1775),(2014,'JPY','GH',185,525),(2015,'JPY','KH',110,520),(2016,'JPY','SN',80,565),(2017,'JPY','SA',335,1285),(2018,'JPY','RU',335,1065),(2019,'JPY','UG',80,410),(2020,'JPY','BR',355,875),(2021,'JPY','NI',80,560),(2022,'JPY','MG',80,400),(2023,'JPY','DO',95,660),(2024,'JPY','MX',270,970),(2025,'JPY','OM',170,970),(2026,'JPY','CM',80,725),(2027,'JPY','ZA',320,1030),(2028,'JPY','CL',335,995),(2029,'JPY','KE',95,415),(2030,'JPY','NP',80,375),(2031,'JPY','PE',200,835),(2032,'JPY','UA',190,590),(2033,'JPY','MZ',80,785),(2034,'JPY','TZ',10,180),(2035,'JPY','AO',175,450),(2036,'JPY','JO',130,605),(2037,'JPY','ZW',80,430),(2038,'JPY','TR',205,555),(2039,'JPY','MU',105,355),(2040,'JPY','SV',80,430),(2041,'JPY','TH',305,960),(2042,'JPY','CO',155,600),(2043,'JPY','LK',75,105),(2044,'JPY','CR',95,625),(2045,'JPY','AR',210,570),(2046,'JPY','MA',95,370),(2047,'JPY','MY',265,980),(2048,'JPY','KZ',115,420),(2049,'JPY','DZ',95,200),(2050,'JPY','ID',240,885),(2051,'JPY','NG',135,845),(2052,'JPY','GT',95,665),(2053,'JPY','VN',195,740),(2054,'JPY','BY',90,355),(2055,'JPY','EG',125,755),(2056,'JPY','UY',95,450),(2057,'JPY','BD',80,175),(2058,'JPY','PK',90,505),(2059,'JPY','PH',150,560),(2060,'JPY','ET',25,185),(2061,'JPY','TN',95,170),(2062,'JPY','LB',95,285),(2063,'JPY','IN',85,395),(2064,'JPY','PY',95,300),(2065,'JPY','UZ',95,185),(2066,'JPY','EC',90,315),(2067,'JPY','MM',95,105),(2068,'JPY','GE',95,120),(2069,'KRW','US',23860,67325),(2070,'KRW','CH',22250,58550),(2071,'KRW','AU',20245,51980),(2072,'KRW','GB',17650,45170),(2073,'KRW','DE',17515,44805),(2074,'KRW','DK',16115,40000),(2075,'KRW','AT',11760,36545),(2076,'KRW','NO',13330,37215),(2077,'KRW','CA',14735,45185),(2078,'KRW','NL',15765,40015),(2079,'KRW','SE',12620,34125),(2080,'KRW','IE',12490,32920),(2081,'KRW','BE',11485,33655),(2082,'KRW','FI',8585,26070),(2083,'KRW','FR',10630,28455),(2084,'KRW','NZ',10820,31850),(2085,'KRW','HK',9840,27825),(2086,'KRW','CZ',9380,22520),(2087,'KRW','SK',8850,19180),(2088,'KRW','AE',8350,26210),(2089,'KRW','SG',10895,32205),(2090,'KRW','IL',9510,23260),(2091,'KRW','KW',4290,20905),(2092,'KRW','IT',6475,17090),(2093,'KRW','JP',8115,23065),(2094,'KRW','ES',6655,17595),(2095,'KRW','VE',870,13480),(2096,'KRW','HU',5605,13045),(2097,'KRW','PT',5595,14590),(2098,'KRW','GR',6900,14135),(2099,'KRW','KR',8510,22535),(2100,'KRW','TW',6915,18515),(2101,'KRW','PL',5920,14650),(2102,'KRW','ZM',855,4875),(2103,'KRW','PR',2090,19650),(2104,'KRW','CI',1140,4715),(2105,'KRW','RO',5435,13155),(2106,'KRW','BH',2470,13685),(2107,'KRW','PA',1655,18785),(2108,'KRW','GH',1980,5530),(2109,'KRW','KH',1140,5485),(2110,'KRW','SN',830,5960),(2111,'KRW','SA',3550,13585),(2112,'KRW','RU',3525,11250),(2113,'KRW','UG',830,4355),(2114,'KRW','BR',3760,9270),(2115,'KRW','NI',825,5935),(2116,'KRW','MG',835,4205),(2117,'KRW','DO',1005,6975),(2118,'KRW','MX',2835,10260),(2119,'KRW','OM',1780,10260),(2120,'KRW','CM',825,7645),(2121,'KRW','ZA',3380,10875),(2122,'KRW','CL',3520,10520),(2123,'KRW','KE',1015,4390),(2124,'KRW','NP',825,3990),(2125,'KRW','PE',2100,8850),(2126,'KRW','UA',2005,6260),(2127,'KRW','MZ',825,8305),(2128,'KRW','TZ',105,1905),(2129,'KRW','AO',1830,4775),(2130,'KRW','JO',1350,6410),(2131,'KRW','ZW',830,4550),(2132,'KRW','TR',2150,5885),(2133,'KRW','MU',1100,3765),(2134,'KRW','SV',825,4560),(2135,'KRW','TH',3225,10150),(2136,'KRW','CO',1635,6335),(2137,'KRW','LK',795,1095),(2138,'KRW','CR',995,6625),(2139,'KRW','AR',2230,6035),(2140,'KRW','MA',995,3905),(2141,'KRW','MY',2825,10385),(2142,'KRW','KZ',1210,4420),(2143,'KRW','DZ',990,2095),(2144,'KRW','ID',2520,9345),(2145,'KRW','NG',1415,8960),(2146,'KRW','GT',990,7015),(2147,'KRW','VN',2060,7810),(2148,'KRW','BY',970,3770),(2149,'KRW','EG',1305,7975),(2150,'KRW','UY',1030,4745),(2151,'KRW','BD',845,1875),(2152,'KRW','PK',930,5345),(2153,'KRW','PH',1610,5935),(2154,'KRW','ET',260,1965),(2155,'KRW','TN',990,1795),(2156,'KRW','LB',1000,2990),(2157,'KRW','IN',925,4165),(2158,'KRW','PY',990,3190),(2159,'KRW','UZ',990,1935),(2160,'KRW','EC',965,3305),(2161,'KRW','MM',990,1085),(2162,'KRW','GE',995,1270),(2163,'MAD','US',195,545),(2164,'MAD','CH',180,475),(2165,'MAD','AU',165,420),(2166,'MAD','GB',145,365),(2167,'MAD','DE',140,360),(2168,'MAD','DK',130,325),(2169,'MAD','AT',95,295),(2170,'MAD','NO',110,300),(2171,'MAD','CA',120,365),(2172,'MAD','NL',125,325),(2173,'MAD','SE',100,275),(2174,'MAD','IE',100,265),(2175,'MAD','BE',95,270),(2176,'MAD','FI',70,210),(2177,'MAD','FR',85,230),(2178,'MAD','NZ',85,255),(2179,'MAD','HK',80,225),(2180,'MAD','CZ',75,180),(2181,'MAD','SK',70,155),(2182,'MAD','AE',65,210),(2183,'MAD','SG',90,260),(2184,'MAD','IL',75,190),(2185,'MAD','KW',35,170),(2186,'MAD','IT',50,140),(2187,'MAD','JP',65,185),(2188,'MAD','ES',55,140),(2189,'MAD','VE',5,110),(2190,'MAD','HU',45,105),(2191,'MAD','PT',45,120),(2192,'MAD','GR',55,115),(2193,'MAD','KR',70,180),(2194,'MAD','TW',55,150),(2195,'MAD','PL',50,120),(2196,'MAD','ZM',5,40),(2197,'MAD','PR',15,160),(2198,'MAD','CI',10,40),(2199,'MAD','RO',45,105),(2200,'MAD','BH',20,110),(2201,'MAD','PA',15,150),(2202,'MAD','GH',15,45),(2203,'MAD','KH',10,45),(2204,'MAD','SN',5,50),(2205,'MAD','SA',30,110),(2206,'MAD','RU',30,90),(2207,'MAD','UG',5,35),(2208,'MAD','BR',30,75),(2209,'MAD','NI',5,50),(2210,'MAD','MG',5,35),(2211,'MAD','DO',10,55),(2212,'MAD','MX',25,85),(2213,'MAD','OM',15,85),(2214,'MAD','CM',5,60),(2215,'MAD','ZA',25,90),(2216,'MAD','CL',30,85),(2217,'MAD','KE',10,35),(2218,'MAD','NP',5,30),(2219,'MAD','PE',15,70),(2220,'MAD','UA',15,50),(2221,'MAD','MZ',5,65),(2222,'MAD','TZ',5,15),(2223,'MAD','AO',15,40),(2224,'MAD','JO',10,50),(2225,'MAD','ZW',5,35),(2226,'MAD','TR',15,50),(2227,'MAD','MU',10,30),(2228,'MAD','SV',5,35),(2229,'MAD','TH',25,80),(2230,'MAD','CO',15,50),(2231,'MAD','LK',5,10),(2232,'MAD','CR',10,55),(2233,'MAD','AR',20,50),(2234,'MAD','MA',10,30),(2235,'MAD','MY',25,85),(2236,'MAD','KZ',10,35),(2237,'MAD','DZ',10,15),(2238,'MAD','ID',20,75),(2239,'MAD','NG',10,70),(2240,'MAD','GT',10,55),(2241,'MAD','VN',15,65),(2242,'MAD','BY',10,30),(2243,'MAD','EG',10,65),(2244,'MAD','UY',10,40),(2245,'MAD','BD',5,15),(2246,'MAD','PK',10,45),(2247,'MAD','PH',15,50),(2248,'MAD','ET',5,15),(2249,'MAD','TN',10,15),(2250,'MAD','LB',10,25),(2251,'MAD','IN',5,35),(2252,'MAD','PY',10,25),(2253,'MAD','UZ',10,15),(2254,'MAD','EC',10,25),(2255,'MAD','MM',10,15),(2256,'MAD','GE',10,15),(2257,'MXN','US',430,1215),(2258,'MXN','CH',400,1060),(2259,'MXN','AU',365,940),(2260,'MXN','GB',320,815),(2261,'MXN','DE',315,810),(2262,'MXN','DK',290,725),(2263,'MXN','AT',215,660),(2264,'MXN','NO',240,675),(2265,'MXN','CA',265,815),(2266,'MXN','NL',285,725),(2267,'MXN','SE',230,615),(2268,'MXN','IE',225,595),(2269,'MXN','BE',210,610),(2270,'MXN','FI',155,470),(2271,'MXN','FR',190,515),(2272,'MXN','NZ',195,575),(2273,'MXN','HK',180,505),(2274,'MXN','CZ',170,405),(2275,'MXN','SK',160,345),(2276,'MXN','AE',150,475),(2277,'MXN','SG',195,580),(2278,'MXN','IL',170,420),(2279,'MXN','KW',80,380),(2280,'MXN','IT',115,310),(2281,'MXN','JP',145,415),(2282,'MXN','ES',120,320),(2283,'MXN','VE',15,245),(2284,'MXN','HU',100,235),(2285,'MXN','PT',100,265),(2286,'MXN','GR',125,255),(2287,'MXN','KR',155,405),(2288,'MXN','TW',125,335),(2289,'MXN','PL',105,265),(2290,'MXN','ZM',15,90),(2291,'MXN','PR',40,355),(2292,'MXN','CI',20,85),(2293,'MXN','RO',100,240),(2294,'MXN','BH',45,245),(2295,'MXN','PA',30,340),(2296,'MXN','GH',35,100),(2297,'MXN','KH',20,100),(2298,'MXN','SN',15,110),(2299,'MXN','SA',65,245),(2300,'MXN','RU',65,205),(2301,'MXN','UG',15,80),(2302,'MXN','BR',70,165),(2303,'MXN','NI',15,105),(2304,'MXN','MG',15,75),(2305,'MXN','DO',20,125),(2306,'MXN','MX',50,185),(2307,'MXN','OM',30,185),(2308,'MXN','CM',15,140),(2309,'MXN','ZA',60,195),(2310,'MXN','CL',65,190),(2311,'MXN','KE',20,80),(2312,'MXN','NP',15,70),(2313,'MXN','PE',40,160),(2314,'MXN','UA',35,115),(2315,'MXN','MZ',15,150),(2316,'MXN','TZ',5,35),(2317,'MXN','AO',35,85),(2318,'MXN','JO',25,115),(2319,'MXN','ZW',15,80),(2320,'MXN','TR',40,105),(2321,'MXN','MU',20,70),(2322,'MXN','SV',15,80),(2323,'MXN','TH',60,185),(2324,'MXN','CO',30,115),(2325,'MXN','LK',15,20),(2326,'MXN','CR',20,120),(2327,'MXN','AR',40,110),(2328,'MXN','MA',20,70),(2329,'MXN','MY',50,190),(2330,'MXN','KZ',20,80),(2331,'MXN','DZ',20,40),(2332,'MXN','ID',45,170),(2333,'MXN','NG',25,160),(2334,'MXN','GT',20,125),(2335,'MXN','VN',35,140),(2336,'MXN','BY',15,70),(2337,'MXN','EG',25,145),(2338,'MXN','UY',20,85),(2339,'MXN','BD',15,35),(2340,'MXN','PK',15,95),(2341,'MXN','PH',30,105),(2342,'MXN','ET',5,35),(2343,'MXN','TN',20,30),(2344,'MXN','LB',20,55),(2345,'MXN','IN',15,75),(2346,'MXN','PY',20,60),(2347,'MXN','UZ',20,35),(2348,'MXN','EC',15,60),(2349,'MXN','MM',20,25),(2350,'MXN','GE',20,25),(2351,'MYR','US',90,250),(2352,'MYR','CH',80,215),(2353,'MYR','AU',75,190),(2354,'MYR','GB',65,165),(2355,'MYR','DE',65,165),(2356,'MYR','DK',60,145),(2357,'MYR','AT',45,135),(2358,'MYR','NO',50,135),(2359,'MYR','CA',55,165),(2360,'MYR','NL',60,145),(2361,'MYR','SE',45,125),(2362,'MYR','IE',45,120),(2363,'MYR','BE',40,125),(2364,'MYR','FI',30,95),(2365,'MYR','FR',40,105),(2366,'MYR','NZ',40,115),(2367,'MYR','HK',35,100),(2368,'MYR','CZ',35,85),(2369,'MYR','SK',35,70),(2370,'MYR','AE',30,95),(2371,'MYR','SG',40,120),(2372,'MYR','IL',35,85),(2373,'MYR','KW',15,75),(2374,'MYR','IT',25,65),(2375,'MYR','JP',30,85),(2376,'MYR','ES',25,65),(2377,'MYR','VE',5,50),(2378,'MYR','HU',20,50),(2379,'MYR','PT',20,55),(2380,'MYR','GR',25,50),(2381,'MYR','KR',30,85),(2382,'MYR','TW',25,70),(2383,'MYR','PL',20,55),(2384,'MYR','ZM',5,20),(2385,'MYR','PR',10,70),(2386,'MYR','CI',5,15),(2387,'MYR','RO',20,50),(2388,'MYR','BH',10,50),(2389,'MYR','PA',5,70),(2390,'MYR','GH',5,20),(2391,'MYR','KH',5,20),(2392,'MYR','SN',5,20),(2393,'MYR','SA',15,50),(2394,'MYR','RU',15,40),(2395,'MYR','UG',5,15),(2396,'MYR','BR',15,35),(2397,'MYR','NI',5,20),(2398,'MYR','MG',5,15),(2399,'MYR','DO',5,25),(2400,'MYR','MX',10,40),(2401,'MYR','OM',5,40),(2402,'MYR','CM',5,30),(2403,'MYR','ZA',10,40),(2404,'MYR','CL',15,40),(2405,'MYR','KE',5,15),(2406,'MYR','NP',5,15),(2407,'MYR','PE',10,35),(2408,'MYR','UA',5,25),(2409,'MYR','MZ',5,30),(2410,'MYR','TZ',5,10),(2411,'MYR','AO',5,20),(2412,'MYR','JO',5,25),(2413,'MYR','ZW',5,15),(2414,'MYR','TR',10,20),(2415,'MYR','MU',5,15),(2416,'MYR','SV',5,15),(2417,'MYR','TH',10,35),(2418,'MYR','CO',5,25),(2419,'MYR','LK',5,10),(2420,'MYR','CR',5,25),(2421,'MYR','AR',10,20),(2422,'MYR','MA',5,15),(2423,'MYR','MY',10,40),(2424,'MYR','KZ',5,15),(2425,'MYR','DZ',5,10),(2426,'MYR','ID',10,35),(2427,'MYR','NG',5,35),(2428,'MYR','GT',5,25),(2429,'MYR','VN',10,30),(2430,'MYR','BY',5,15),(2431,'MYR','EG',5,30),(2432,'MYR','UY',5,15),(2433,'MYR','BD',5,10),(2434,'MYR','PK',5,20),(2435,'MYR','PH',5,20),(2436,'MYR','ET',5,10),(2437,'MYR','TN',5,10),(2438,'MYR','LB',5,10),(2439,'MYR','IN',5,15),(2440,'MYR','PY',5,10),(2441,'MYR','UZ',5,10),(2442,'MYR','EC',5,10),(2443,'MYR','MM',5,10),(2444,'MYR','GE',5,10),(2445,'NGN','US',8270,23330),(2446,'NGN','CH',7710,20290),(2447,'NGN','AU',7015,18010),(2448,'NGN','GB',6115,15650),(2449,'NGN','DE',6070,15525),(2450,'NGN','DK',5585,13860),(2451,'NGN','AT',4075,12665),(2452,'NGN','NO',4620,12895),(2453,'NGN','CA',5105,15655),(2454,'NGN','NL',5465,13865),(2455,'NGN','SE',4375,11825),(2456,'NGN','IE',4325,11405),(2457,'NGN','BE',3980,11660),(2458,'NGN','FI',2975,9035),(2459,'NGN','FR',3685,9860),(2460,'NGN','NZ',3750,11035),(2461,'NGN','HK',3410,9640),(2462,'NGN','CZ',3250,7805),(2463,'NGN','SK',3065,6645),(2464,'NGN','AE',2895,9080),(2465,'NGN','SG',3775,11160),(2466,'NGN','IL',3295,8060),(2467,'NGN','KW',1485,7245),(2468,'NGN','IT',2245,5920),(2469,'NGN','JP',2810,7995),(2470,'NGN','ES',2305,6095),(2471,'NGN','VE',300,4670),(2472,'NGN','HU',1945,4520),(2473,'NGN','PT',1940,5055),(2474,'NGN','GR',2390,4900),(2475,'NGN','KR',2950,7810),(2476,'NGN','TW',2395,6415),(2477,'NGN','PL',2050,5075),(2478,'NGN','ZM',295,1690),(2479,'NGN','PR',725,6810),(2480,'NGN','CI',395,1635),(2481,'NGN','RO',1885,4560),(2482,'NGN','BH',855,4740),(2483,'NGN','PA',575,6510),(2484,'NGN','GH',685,1915),(2485,'NGN','KH',395,1900),(2486,'NGN','SN',290,2065),(2487,'NGN','SA',1230,4705),(2488,'NGN','RU',1220,3900),(2489,'NGN','UG',285,1510),(2490,'NGN','BR',1305,3210),(2491,'NGN','NI',285,2055),(2492,'NGN','MG',290,1460),(2493,'NGN','DO',350,2415),(2494,'NGN','MX',980,3555),(2495,'NGN','OM',620,3555),(2496,'NGN','CM',285,2650),(2497,'NGN','ZA',1170,3770),(2498,'NGN','CL',1220,3645),(2499,'NGN','KE',350,1520),(2500,'NGN','NP',285,1380),(2501,'NGN','PE',730,3065),(2502,'NGN','UA',695,2170),(2503,'NGN','MZ',285,2875),(2504,'NGN','TZ',35,660),(2505,'NGN','AO',635,1655),(2506,'NGN','JO',470,2220),(2507,'NGN','ZW',290,1575),(2508,'NGN','TR',745,2040),(2509,'NGN','MU',380,1305),(2510,'NGN','SV',285,1580),(2511,'NGN','TH',1120,3520),(2512,'NGN','CO',565,2195),(2513,'NGN','LK',275,380),(2514,'NGN','CR',345,2295),(2515,'NGN','AR',770,2090),(2516,'NGN','MA',345,1355),(2517,'NGN','MY',980,3600),(2518,'NGN','KZ',420,1530),(2519,'NGN','DZ',345,725),(2520,'NGN','ID',875,3240),(2521,'NGN','NG',490,3105),(2522,'NGN','GT',345,2430),(2523,'NGN','VN',715,2705),(2524,'NGN','BY',335,1305),(2525,'NGN','EG',450,2765),(2526,'NGN','UY',355,1645),(2527,'NGN','BD',295,650),(2528,'NGN','PK',320,1855),(2529,'NGN','PH',555,2055),(2530,'NGN','ET',90,680),(2531,'NGN','TN',345,620),(2532,'NGN','LB',345,1035),(2533,'NGN','IN',320,1445),(2534,'NGN','PY',345,1105),(2535,'NGN','UZ',345,670),(2536,'NGN','EC',335,1145),(2537,'NGN','MM',345,375),(2538,'NGN','GE',345,440),(2539,'NOK','US',185,520),(2540,'NOK','CH',170,450),(2541,'NOK','AU',155,400),(2542,'NOK','GB',135,350),(2543,'NOK','DE',135,345),(2544,'NOK','DK',125,310),(2545,'NOK','AT',90,280),(2546,'NOK','NO',105,285),(2547,'NOK','CA',115,350),(2548,'NOK','NL',120,310),(2549,'NOK','SE',95,265),(2550,'NOK','IE',95,255),(2551,'NOK','BE',90,260),(2552,'NOK','FI',65,200),(2553,'NOK','FR',80,220),(2554,'NOK','NZ',85,245),(2555,'NOK','HK',75,215),(2556,'NOK','CZ',70,175),(2557,'NOK','SK',70,150),(2558,'NOK','AE',65,200),(2559,'NOK','SG',85,250),(2560,'NOK','IL',75,180),(2561,'NOK','KW',35,160),(2562,'NOK','IT',50,130),(2563,'NOK','JP',65,180),(2564,'NOK','ES',50,135),(2565,'NOK','VE',5,105),(2566,'NOK','HU',45,100),(2567,'NOK','PT',45,115),(2568,'NOK','GR',55,110),(2569,'NOK','KR',65,175),(2570,'NOK','TW',55,145),(2571,'NOK','PL',45,115),(2572,'NOK','ZM',5,40),(2573,'NOK','PR',15,150),(2574,'NOK','CI',10,35),(2575,'NOK','RO',40,100),(2576,'NOK','BH',20,105),(2577,'NOK','PA',15,145),(2578,'NOK','GH',15,45),(2579,'NOK','KH',10,40),(2580,'NOK','SN',5,45),(2581,'NOK','SA',25,105),(2582,'NOK','RU',25,85),(2583,'NOK','UG',5,35),(2584,'NOK','BR',30,70),(2585,'NOK','NI',5,45),(2586,'NOK','MG',5,30),(2587,'NOK','DO',10,55),(2588,'NOK','MX',20,80),(2589,'NOK','OM',15,80),(2590,'NOK','CM',5,60),(2591,'NOK','ZA',25,85),(2592,'NOK','CL',25,80),(2593,'NOK','KE',10,35),(2594,'NOK','NP',5,30),(2595,'NOK','PE',15,70),(2596,'NOK','UA',15,50),(2597,'NOK','MZ',5,65),(2598,'NOK','TZ',5,15),(2599,'NOK','AO',15,35),(2600,'NOK','JO',10,50),(2601,'NOK','ZW',5,35),(2602,'NOK','TR',15,45),(2603,'NOK','MU',10,30),(2604,'NOK','SV',5,35),(2605,'NOK','TH',25,80),(2606,'NOK','CO',15,50),(2607,'NOK','LK',5,10),(2608,'NOK','CR',10,50),(2609,'NOK','AR',15,45),(2610,'NOK','MA',10,30),(2611,'NOK','MY',20,80),(2612,'NOK','KZ',10,35),(2613,'NOK','DZ',10,15),(2614,'NOK','ID',20,70),(2615,'NOK','NG',10,70),(2616,'NOK','GT',10,55),(2617,'NOK','VN',15,60),(2618,'NOK','BY',5,30),(2619,'NOK','EG',10,60),(2620,'NOK','UY',10,35),(2621,'NOK','BD',5,15),(2622,'NOK','PK',5,40),(2623,'NOK','PH',10,45),(2624,'NOK','ET',5,15),(2625,'NOK','TN',10,15),(2626,'NOK','LB',10,25),(2627,'NOK','IN',5,30),(2628,'NOK','PY',10,25),(2629,'NOK','UZ',10,15),(2630,'NOK','EC',5,25),(2631,'NOK','MM',10,15),(2632,'NOK','GE',10,15),(2633,'PEN','US',80,220),(2634,'PEN','CH',75,195),(2635,'PEN','AU',65,170),(2636,'PEN','GB',60,150),(2637,'PEN','DE',60,145),(2638,'PEN','DK',55,130),(2639,'PEN','AT',40,120),(2640,'PEN','NO',45,120),(2641,'PEN','CA',50,150),(2642,'PEN','NL',50,130),(2643,'PEN','SE',40,110),(2644,'PEN','IE',40,110),(2645,'PEN','BE',40,110),(2646,'PEN','FI',30,85),(2647,'PEN','FR',35,95),(2648,'PEN','NZ',35,105),(2649,'PEN','HK',30,90),(2650,'PEN','CZ',30,75),(2651,'PEN','SK',30,65),(2652,'PEN','AE',25,85),(2653,'PEN','SG',35,105),(2654,'PEN','IL',30,75),(2655,'PEN','KW',15,70),(2656,'PEN','IT',20,55),(2657,'PEN','JP',25,75),(2658,'PEN','ES',20,60),(2659,'PEN','VE',5,45),(2660,'PEN','HU',20,45),(2661,'PEN','PT',20,50),(2662,'PEN','GR',25,45),(2663,'PEN','KR',30,75),(2664,'PEN','TW',25,60),(2665,'PEN','PL',20,50),(2666,'PEN','ZM',5,15),(2667,'PEN','PR',5,65),(2668,'PEN','CI',5,15),(2669,'PEN','RO',20,45),(2670,'PEN','BH',10,45),(2671,'PEN','PA',5,60),(2672,'PEN','GH',5,20),(2673,'PEN','KH',5,20),(2674,'PEN','SN',5,20),(2675,'PEN','SA',10,45),(2676,'PEN','RU',10,35),(2677,'PEN','UG',5,15),(2678,'PEN','BR',10,30),(2679,'PEN','NI',5,20),(2680,'PEN','MG',5,15),(2681,'PEN','DO',5,25),(2682,'PEN','MX',10,35),(2683,'PEN','OM',5,35),(2684,'PEN','CM',5,25),(2685,'PEN','ZA',10,35),(2686,'PEN','CL',10,35),(2687,'PEN','KE',5,15),(2688,'PEN','NP',5,15),(2689,'PEN','PE',5,30),(2690,'PEN','UA',5,20),(2691,'PEN','MZ',5,25),(2692,'PEN','TZ',5,10),(2693,'PEN','AO',5,15),(2694,'PEN','JO',5,20),(2695,'PEN','ZW',5,15),(2696,'PEN','TR',5,20),(2697,'PEN','MU',5,10),(2698,'PEN','SV',5,15),(2699,'PEN','TH',10,35),(2700,'PEN','CO',5,20),(2701,'PEN','LK',5,10),(2702,'PEN','CR',5,20),(2703,'PEN','AR',5,20),(2704,'PEN','MA',5,15),(2705,'PEN','MY',10,35),(2706,'PEN','KZ',5,15),(2707,'PEN','DZ',5,10),(2708,'PEN','ID',10,30),(2709,'PEN','NG',5,30),(2710,'PEN','GT',5,25),(2711,'PEN','VN',5,25),(2712,'PEN','BY',5,10),(2713,'PEN','EG',5,25),(2714,'PEN','UY',5,15),(2715,'PEN','BD',5,10),(2716,'PEN','PK',5,20),(2717,'PEN','PH',5,20),(2718,'PEN','ET',5,10),(2719,'PEN','TN',5,10),(2720,'PEN','LB',5,10),(2721,'PEN','IN',5,15),(2722,'PEN','PY',5,10),(2723,'PEN','UZ',5,10),(2724,'PEN','EC',5,10),(2725,'PEN','MM',5,10),(2726,'PEN','GE',5,10),(2727,'PHP','US',1045,2945),(2728,'PHP','CH',975,2560),(2729,'PHP','AU',885,2270),(2730,'PHP','GB',770,1975),(2731,'PHP','DE',765,1960),(2732,'PHP','DK',705,1750),(2733,'PHP','AT',515,1600),(2734,'PHP','NO',585,1625),(2735,'PHP','CA',645,1975),(2736,'PHP','NL',690,1750),(2737,'PHP','SE',550,1490),(2738,'PHP','IE',545,1440),(2739,'PHP','BE',500,1470),(2740,'PHP','FI',375,1140),(2741,'PHP','FR',465,1245),(2742,'PHP','NZ',475,1390),(2743,'PHP','HK',430,1215),(2744,'PHP','CZ',410,985),(2745,'PHP','SK',385,840),(2746,'PHP','AE',365,1145),(2747,'PHP','SG',475,1410),(2748,'PHP','IL',415,1015),(2749,'PHP','KW',185,915),(2750,'PHP','IT',285,745),(2751,'PHP','JP',355,1010),(2752,'PHP','ES',290,770),(2753,'PHP','VE',40,590),(2754,'PHP','HU',245,570),(2755,'PHP','PT',245,640),(2756,'PHP','GR',300,620),(2757,'PHP','KR',370,985),(2758,'PHP','TW',300,810),(2759,'PHP','PL',260,640),(2760,'PHP','ZM',35,215),(2761,'PHP','PR',90,860),(2762,'PHP','CI',50,205),(2763,'PHP','RO',240,575),(2764,'PHP','BH',110,600),(2765,'PHP','PA',70,820),(2766,'PHP','GH',85,240),(2767,'PHP','KH',50,240),(2768,'PHP','SN',35,260),(2769,'PHP','SA',155,595),(2770,'PHP','RU',155,490),(2771,'PHP','UG',35,190),(2772,'PHP','BR',165,405),(2773,'PHP','NI',35,260),(2774,'PHP','MG',35,185),(2775,'PHP','DO',45,305),(2776,'PHP','MX',125,450),(2777,'PHP','OM',80,450),(2778,'PHP','CM',35,335),(2779,'PHP','ZA',150,475),(2780,'PHP','CL',155,460),(2781,'PHP','KE',45,190),(2782,'PHP','NP',35,175),(2783,'PHP','PE',90,385),(2784,'PHP','UA',90,275),(2785,'PHP','MZ',35,365),(2786,'PHP','TZ',5,85),(2787,'PHP','AO',80,210),(2788,'PHP','JO',60,280),(2789,'PHP','ZW',35,200),(2790,'PHP','TR',95,255),(2791,'PHP','MU',50,165),(2792,'PHP','SV',35,200),(2793,'PHP','TH',140,445),(2794,'PHP','CO',70,275),(2795,'PHP','LK',35,50),(2796,'PHP','CR',45,290),(2797,'PHP','AR',95,265),(2798,'PHP','MA',45,170),(2799,'PHP','MY',125,455),(2800,'PHP','KZ',55,195),(2801,'PHP','DZ',45,90),(2802,'PHP','ID',110,410),(2803,'PHP','NG',60,390),(2804,'PHP','GT',45,305),(2805,'PHP','VN',90,340),(2806,'PHP','BY',40,165),(2807,'PHP','EG',55,350),(2808,'PHP','UY',45,205),(2809,'PHP','BD',35,80),(2810,'PHP','PK',40,235),(2811,'PHP','PH',70,260),(2812,'PHP','ET',10,85),(2813,'PHP','TN',45,80),(2814,'PHP','LB',45,130),(2815,'PHP','IN',40,180),(2816,'PHP','PY',45,140),(2817,'PHP','UZ',45,85),(2818,'PHP','EC',40,145),(2819,'PHP','MM',45,50),(2820,'PHP','GE',45,55),(2821,'PKR','US',3485,9840),(2822,'PKR','CH',3250,8555),(2823,'PKR','AU',2960,7595),(2824,'PKR','GB',2580,6600),(2825,'PKR','DE',2560,6550),(2826,'PKR','DK',2355,5845),(2827,'PKR','AT',1720,5340),(2828,'PKR','NO',1950,5440),(2829,'PKR','CA',2155,6605),(2830,'PKR','NL',2305,5850),(2831,'PKR','SE',1845,4985),(2832,'PKR','IE',1825,4810),(2833,'PKR','BE',1680,4920),(2834,'PKR','FI',1255,3810),(2835,'PKR','FR',1555,4160),(2836,'PKR','NZ',1580,4655),(2837,'PKR','HK',1440,4065),(2838,'PKR','CZ',1370,3290),(2839,'PKR','SK',1295,2805),(2840,'PKR','AE',1220,3830),(2841,'PKR','SG',1590,4705),(2842,'PKR','IL',1390,3400),(2843,'PKR','KW',625,3055),(2844,'PKR','IT',945,2495),(2845,'PKR','JP',1185,3370),(2846,'PKR','ES',970,2570),(2847,'PKR','VE',125,1970),(2848,'PKR','HU',820,1905),(2849,'PKR','PT',820,2130),(2850,'PKR','GR',1010,2065),(2851,'PKR','KR',1245,3295),(2852,'PKR','TW',1010,2705),(2853,'PKR','PL',865,2140),(2854,'PKR','ZM',125,715),(2855,'PKR','PR',305,2870),(2856,'PKR','CI',165,690),(2857,'PKR','RO',795,1920),(2858,'PKR','BH',360,2000),(2859,'PKR','PA',240,2745),(2860,'PKR','GH',290,810),(2861,'PKR','KH',165,800),(2862,'PKR','SN',120,870),(2863,'PKR','SA',520,1985),(2864,'PKR','RU',515,1645),(2865,'PKR','UG',120,635),(2866,'PKR','BR',550,1355),(2867,'PKR','NI',120,865),(2868,'PKR','MG',120,615),(2869,'PKR','DO',145,1020),(2870,'PKR','MX',415,1500),(2871,'PKR','OM',260,1500),(2872,'PKR','CM',120,1115),(2873,'PKR','ZA',495,1590),(2874,'PKR','CL',515,1535),(2875,'PKR','KE',150,640),(2876,'PKR','NP',120,585),(2877,'PKR','PE',305,1295),(2878,'PKR','UA',295,915),(2879,'PKR','MZ',120,1215),(2880,'PKR','TZ',15,280),(2881,'PKR','AO',270,700),(2882,'PKR','JO',195,935),(2883,'PKR','ZW',120,665),(2884,'PKR','TR',315,860),(2885,'PKR','MU',160,550),(2886,'PKR','SV',120,665),(2887,'PKR','TH',470,1485),(2888,'PKR','CO',240,925),(2889,'PKR','LK',115,160),(2890,'PKR','CR',145,970),(2891,'PKR','AR',325,880),(2892,'PKR','MA',145,570),(2893,'PKR','MY',415,1515),(2894,'PKR','KZ',175,645),(2895,'PKR','DZ',145,305),(2896,'PKR','ID',370,1365),(2897,'PKR','NG',205,1310),(2898,'PKR','GT',145,1025),(2899,'PKR','VN',300,1140),(2900,'PKR','BY',140,550),(2901,'PKR','EG',190,1165),(2902,'PKR','UY',150,695),(2903,'PKR','BD',125,275),(2904,'PKR','PK',135,780),(2905,'PKR','PH',235,870),(2906,'PKR','ET',40,285),(2907,'PKR','TN',145,260),(2908,'PKR','LB',145,435),(2909,'PKR','IN',135,610),(2910,'PKR','PY',145,465),(2911,'PKR','UZ',145,285),(2912,'PKR','EC',140,485),(2913,'PKR','MM',145,160),(2914,'PKR','GE',145,185),(2915,'PLN','US',80,230),(2916,'PLN','CH',75,200),(2917,'PLN','AU',70,175),(2918,'PLN','GB',60,155),(2919,'PLN','DE',60,150),(2920,'PLN','DK',55,135),(2921,'PLN','AT',40,125),(2922,'PLN','NO',45,125),(2923,'PLN','CA',50,155),(2924,'PLN','NL',55,135),(2925,'PLN','SE',45,115),(2926,'PLN','IE',40,110),(2927,'PLN','BE',40,115),(2928,'PLN','FI',30,90),(2929,'PLN','FR',35,95),(2930,'PLN','NZ',35,110),(2931,'PLN','HK',35,95),(2932,'PLN','CZ',30,75),(2933,'PLN','SK',30,65),(2934,'PLN','AE',30,90),(2935,'PLN','SG',35,110),(2936,'PLN','IL',30,80),(2937,'PLN','KW',15,70),(2938,'PLN','IT',20,60),(2939,'PLN','JP',30,80),(2940,'PLN','ES',25,60),(2941,'PLN','VE',5,45),(2942,'PLN','HU',20,45),(2943,'PLN','PT',20,50),(2944,'PLN','GR',25,50),(2945,'PLN','KR',30,75),(2946,'PLN','TW',25,65),(2947,'PLN','PL',20,50),(2948,'PLN','ZM',5,15),(2949,'PLN','PR',5,65),(2950,'PLN','CI',5,15),(2951,'PLN','RO',20,45),(2952,'PLN','BH',10,45),(2953,'PLN','PA',5,65),(2954,'PLN','GH',5,20),(2955,'PLN','KH',5,20),(2956,'PLN','SN',5,20),(2957,'PLN','SA',10,45),(2958,'PLN','RU',10,40),(2959,'PLN','UG',5,15),(2960,'PLN','BR',15,30),(2961,'PLN','NI',5,20),(2962,'PLN','MG',5,15),(2963,'PLN','DO',5,25),(2964,'PLN','MX',10,35),(2965,'PLN','OM',5,35),(2966,'PLN','CM',5,25),(2967,'PLN','ZA',10,35),(2968,'PLN','CL',10,35),(2969,'PLN','KE',5,15),(2970,'PLN','NP',5,15),(2971,'PLN','PE',5,30),(2972,'PLN','UA',5,20),(2973,'PLN','MZ',5,30),(2974,'PLN','TZ',5,10),(2975,'PLN','AO',5,15),(2976,'PLN','JO',5,20),(2977,'PLN','ZW',5,15),(2978,'PLN','TR',5,20),(2979,'PLN','MU',5,15),(2980,'PLN','SV',5,15),(2981,'PLN','TH',10,35),(2982,'PLN','CO',5,20),(2983,'PLN','LK',5,10),(2984,'PLN','CR',5,25),(2985,'PLN','AR',10,20),(2986,'PLN','MA',5,15),(2987,'PLN','MY',10,35),(2988,'PLN','KZ',5,15),(2989,'PLN','DZ',5,10),(2990,'PLN','ID',10,30),(2991,'PLN','NG',5,30),(2992,'PLN','GT',5,25),(2993,'PLN','VN',5,25),(2994,'PLN','BY',5,15),(2995,'PLN','EG',5,25),(2996,'PLN','UY',5,15),(2997,'PLN','BD',5,10),(2998,'PLN','PK',5,20),(2999,'PLN','PH',5,20),(3000,'PLN','ET',5,10),(3001,'PLN','TN',5,10),(3002,'PLN','LB',5,10),(3003,'PLN','IN',5,15),(3004,'PLN','PY',5,10),(3005,'PLN','UZ',5,10),(3006,'PLN','EC',5,10),(3007,'PLN','MM',5,10),(3008,'PLN','GE',5,10),(3009,'RON','US',85,245),(3010,'RON','CH',80,215),(3011,'RON','AU',75,190),(3012,'RON','GB',65,165),(3013,'RON','DE',65,165),(3014,'RON','DK',60,145),(3015,'RON','AT',45,135),(3016,'RON','NO',50,135),(3017,'RON','CA',55,165),(3018,'RON','NL',60,145),(3019,'RON','SE',45,125),(3020,'RON','IE',45,120),(3021,'RON','BE',40,125),(3022,'RON','FI',30,95),(3023,'RON','FR',40,105),(3024,'RON','NZ',40,115),(3025,'RON','HK',35,100),(3026,'RON','CZ',35,80),(3027,'RON','SK',30,70),(3028,'RON','AE',30,95),(3029,'RON','SG',40,120),(3030,'RON','IL',35,85),(3031,'RON','KW',15,75),(3032,'RON','IT',25,60),(3033,'RON','JP',30,85),(3034,'RON','ES',25,65),(3035,'RON','VE',5,50),(3036,'RON','HU',20,50),(3037,'RON','PT',20,55),(3038,'RON','GR',25,50),(3039,'RON','KR',30,80),(3040,'RON','TW',25,70),(3041,'RON','PL',20,55),(3042,'RON','ZM',5,20),(3043,'RON','PR',10,70),(3044,'RON','CI',5,15),(3045,'RON','RO',20,50),(3046,'RON','BH',10,50),(3047,'RON','PA',5,70),(3048,'RON','GH',5,20),(3049,'RON','KH',5,20),(3050,'RON','SN',5,20),(3051,'RON','SA',15,50),(3052,'RON','RU',15,40),(3053,'RON','UG',5,15),(3054,'RON','BR',15,35),(3055,'RON','NI',5,20),(3056,'RON','MG',5,15),(3057,'RON','DO',5,25),(3058,'RON','MX',10,35),(3059,'RON','OM',5,35),(3060,'RON','CM',5,30),(3061,'RON','ZA',10,40),(3062,'RON','CL',15,40),(3063,'RON','KE',5,15),(3064,'RON','NP',5,15),(3065,'RON','PE',10,30),(3066,'RON','UA',5,25),(3067,'RON','MZ',5,30),(3068,'RON','TZ',5,10),(3069,'RON','AO',5,15),(3070,'RON','JO',5,25),(3071,'RON','ZW',5,15),(3072,'RON','TR',10,20),(3073,'RON','MU',5,15),(3074,'RON','SV',5,15),(3075,'RON','TH',10,35),(3076,'RON','CO',5,25),(3077,'RON','LK',5,10),(3078,'RON','CR',5,25),(3079,'RON','AR',10,20),(3080,'RON','MA',5,15),(3081,'RON','MY',10,40),(3082,'RON','KZ',5,15),(3083,'RON','DZ',5,10),(3084,'RON','ID',10,35),(3085,'RON','NG',5,35),(3086,'RON','GT',5,25),(3087,'RON','VN',10,30),(3088,'RON','BY',5,15),(3089,'RON','EG',5,30),(3090,'RON','UY',5,15),(3091,'RON','BD',5,10),(3092,'RON','PK',5,20),(3093,'RON','PH',5,20),(3094,'RON','ET',5,10),(3095,'RON','TN',5,10),(3096,'RON','LB',5,10),(3097,'RON','IN',5,15),(3098,'RON','PY',5,10),(3099,'RON','UZ',5,10),(3100,'RON','EC',5,10),(3101,'RON','MM',5,10),(3102,'RON','GE',5,10),(3103,'RSD','US',2100,5930),(3104,'RSD','CH',1960,5155),(3105,'RSD','AU',1785,4580),(3106,'RSD','GB',1555,3980),(3107,'RSD','DE',1545,3945),(3108,'RSD','DK',1420,3525),(3109,'RSD','AT',1035,3220),(3110,'RSD','NO',1175,3280),(3111,'RSD','CA',1300,3980),(3112,'RSD','NL',1390,3525),(3113,'RSD','SE',1110,3005),(3114,'RSD','IE',1100,2900),(3115,'RSD','BE',1010,2965),(3116,'RSD','FI',755,2295),(3117,'RSD','FR',935,2505),(3118,'RSD','NZ',955,2805),(3119,'RSD','HK',865,2450),(3120,'RSD','CZ',825,1985),(3121,'RSD','SK',780,1690),(3122,'RSD','AE',735,2310),(3123,'RSD','SG',960,2835),(3124,'RSD','IL',840,2050),(3125,'RSD','KW',380,1840),(3126,'RSD','IT',570,1505),(3127,'RSD','JP',715,2030),(3128,'RSD','ES',585,1550),(3129,'RSD','VE',75,1185),(3130,'RSD','HU',495,1150),(3131,'RSD','PT',495,1285),(3132,'RSD','GR',610,1245),(3133,'RSD','KR',750,1985),(3134,'RSD','TW',610,1630),(3135,'RSD','PL',520,1290),(3136,'RSD','ZM',75,430),(3137,'RSD','PR',185,1730),(3138,'RSD','CI',100,415),(3139,'RSD','RO',480,1160),(3140,'RSD','BH',215,1205),(3141,'RSD','PA',145,1655),(3142,'RSD','GH',175,485),(3143,'RSD','KH',100,485),(3144,'RSD','SN',75,525),(3145,'RSD','SA',315,1195),(3146,'RSD','RU',310,990),(3147,'RSD','UG',75,385),(3148,'RSD','BR',330,815),(3149,'RSD','NI',75,525),(3150,'RSD','MG',75,370),(3151,'RSD','DO',90,615),(3152,'RSD','MX',250,905),(3153,'RSD','OM',155,905),(3154,'RSD','CM',75,675),(3155,'RSD','ZA',300,960),(3156,'RSD','CL',310,925),(3157,'RSD','KE',90,385),(3158,'RSD','NP',75,350),(3159,'RSD','PE',185,780),(3160,'RSD','UA',175,550),(3161,'RSD','MZ',75,730),(3162,'RSD','TZ',10,170),(3163,'RSD','AO',160,420),(3164,'RSD','JO',120,565),(3165,'RSD','ZW',75,400),(3166,'RSD','TR',190,520),(3167,'RSD','MU',95,330),(3168,'RSD','SV',75,400),(3169,'RSD','TH',285,895),(3170,'RSD','CO',145,560),(3171,'RSD','LK',70,95),(3172,'RSD','CR',90,585),(3173,'RSD','AR',195,530),(3174,'RSD','MA',90,345),(3175,'RSD','MY',250,915),(3176,'RSD','KZ',105,390),(3177,'RSD','DZ',85,185),(3178,'RSD','ID',220,825),(3179,'RSD','NG',125,790),(3180,'RSD','GT',85,620),(3181,'RSD','VN',180,690),(3182,'RSD','BY',85,330),(3183,'RSD','EG',115,700),(3184,'RSD','UY',90,420),(3185,'RSD','BD',75,165),(3186,'RSD','PK',80,470),(3187,'RSD','PH',140,525),(3188,'RSD','ET',25,175),(3189,'RSD','TN',85,160),(3190,'RSD','LB',90,265),(3191,'RSD','IN',80,365),(3192,'RSD','PY',85,280),(3193,'RSD','UZ',85,170),(3194,'RSD','EC',85,290),(3195,'RSD','MM',85,95),(3196,'RSD','GE',90,110),(3197,'RUB','US',1605,4525),(3198,'RUB','CH',1495,3935),(3199,'RUB','AU',1360,3495),(3200,'RUB','GB',1185,3035),(3201,'RUB','DE',1180,3010),(3202,'RUB','DK',1085,2690),(3203,'RUB','AT',790,2455),(3204,'RUB','NO',895,2500),(3205,'RUB','CA',990,3040),(3206,'RUB','NL',1060,2690),(3207,'RUB','SE',850,2295),(3208,'RUB','IE',840,2215),(3209,'RUB','BE',770,2260),(3210,'RUB','FI',575,1755),(3211,'RUB','FR',715,1915),(3212,'RUB','NZ',725,2140),(3213,'RUB','HK',660,1870),(3214,'RUB','CZ',630,1515),(3215,'RUB','SK',595,1290),(3216,'RUB','AE',560,1760),(3217,'RUB','SG',735,2165),(3218,'RUB','IL',640,1565),(3219,'RUB','KW',290,1405),(3220,'RUB','IT',435,1150),(3221,'RUB','JP',545,1550),(3222,'RUB','ES',445,1185),(3223,'RUB','VE',60,905),(3224,'RUB','HU',375,875),(3225,'RUB','PT',375,980),(3226,'RUB','GR',465,950),(3227,'RUB','KR',570,1515),(3228,'RUB','TW',465,1245),(3229,'RUB','PL',400,985),(3230,'RUB','ZM',55,330),(3231,'RUB','PR',140,1320),(3232,'RUB','CI',75,315),(3233,'RUB','RO',365,885),(3234,'RUB','BH',165,920),(3235,'RUB','PA',110,1265),(3236,'RUB','GH',135,370),(3237,'RUB','KH',75,370),(3238,'RUB','SN',55,400),(3239,'RUB','SA',240,915),(3240,'RUB','RU',235,755),(3241,'RUB','UG',55,295),(3242,'RUB','BR',255,625),(3243,'RUB','NI',55,400),(3244,'RUB','MG',55,285),(3245,'RUB','DO',65,470),(3246,'RUB','MX',190,690),(3247,'RUB','OM',120,690),(3248,'RUB','CM',55,515),(3249,'RUB','ZA',225,730),(3250,'RUB','CL',235,705),(3251,'RUB','KE',70,295),(3252,'RUB','NP',55,270),(3253,'RUB','PE',140,595),(3254,'RUB','UA',135,420),(3255,'RUB','MZ',55,560),(3256,'RUB','TZ',5,130),(3257,'RUB','AO',125,320),(3258,'RUB','JO',90,430),(3259,'RUB','ZW',55,305),(3260,'RUB','TR',145,395),(3261,'RUB','MU',75,255),(3262,'RUB','SV',55,305),(3263,'RUB','TH',215,680),(3264,'RUB','CO',110,425),(3265,'RUB','LK',55,75),(3266,'RUB','CR',65,445),(3267,'RUB','AR',150,405),(3268,'RUB','MA',65,265),(3269,'RUB','MY',190,700),(3270,'RUB','KZ',80,295),(3271,'RUB','DZ',65,140),(3272,'RUB','ID',170,630),(3273,'RUB','NG',95,600),(3274,'RUB','GT',65,470),(3275,'RUB','VN',140,525),(3276,'RUB','BY',65,255),(3277,'RUB','EG',90,535),(3278,'RUB','UY',70,320),(3279,'RUB','BD',55,125),(3280,'RUB','PK',60,360),(3281,'RUB','PH',110,400),(3282,'RUB','ET',15,130),(3283,'RUB','TN',65,120),(3284,'RUB','LB',65,200),(3285,'RUB','IN',60,280),(3286,'RUB','PY',65,215),(3287,'RUB','UZ',65,130),(3288,'RUB','EC',65,220),(3289,'RUB','MM',65,75),(3290,'RUB','GE',65,85),(3291,'SAR','US',80,230),(3292,'SAR','CH',75,200),(3293,'SAR','AU',70,180),(3294,'SAR','GB',60,155),(3295,'SAR','DE',60,155),(3296,'SAR','DK',55,135),(3297,'SAR','AT',40,125),(3298,'SAR','NO',45,125),(3299,'SAR','CA',50,155),(3300,'SAR','NL',55,135),(3301,'SAR','SE',45,115),(3302,'SAR','IE',45,110),(3303,'SAR','BE',40,115),(3304,'SAR','FI',30,90),(3305,'SAR','FR',35,95),(3306,'SAR','NZ',35,110),(3307,'SAR','HK',35,95),(3308,'SAR','CZ',30,75),(3309,'SAR','SK',30,65),(3310,'SAR','AE',30,90),(3311,'SAR','SG',35,110),(3312,'SAR','IL',30,80),(3313,'SAR','KW',15,70),(3314,'SAR','IT',20,60),(3315,'SAR','JP',30,80),(3316,'SAR','ES',25,60),(3317,'SAR','VE',5,45),(3318,'SAR','HU',20,45),(3319,'SAR','PT',20,50),(3320,'SAR','GR',25,50),(3321,'SAR','KR',30,75),(3322,'SAR','TW',25,65),(3323,'SAR','PL',20,50),(3324,'SAR','ZM',5,15),(3325,'SAR','PR',5,65),(3326,'SAR','CI',5,15),(3327,'SAR','RO',20,45),(3328,'SAR','BH',10,45),(3329,'SAR','PA',5,65),(3330,'SAR','GH',5,20),(3331,'SAR','KH',5,20),(3332,'SAR','SN',5,20),(3333,'SAR','SA',10,45),(3334,'SAR','RU',10,40),(3335,'SAR','UG',5,15),(3336,'SAR','BR',15,30),(3337,'SAR','NI',5,20),(3338,'SAR','MG',5,15),(3339,'SAR','DO',5,25),(3340,'SAR','MX',10,35),(3341,'SAR','OM',5,35),(3342,'SAR','CM',5,25),(3343,'SAR','ZA',10,35),(3344,'SAR','CL',10,35),(3345,'SAR','KE',5,15),(3346,'SAR','NP',5,15),(3347,'SAR','PE',5,30),(3348,'SAR','UA',5,20),(3349,'SAR','MZ',5,30),(3350,'SAR','TZ',5,10),(3351,'SAR','AO',5,15),(3352,'SAR','JO',5,20),(3353,'SAR','ZW',5,15),(3354,'SAR','TR',5,20),(3355,'SAR','MU',5,15),(3356,'SAR','SV',5,15),(3357,'SAR','TH',10,35),(3358,'SAR','CO',5,20),(3359,'SAR','LK',5,10),(3360,'SAR','CR',5,25),(3361,'SAR','AR',10,20),(3362,'SAR','MA',5,15),(3363,'SAR','MY',10,35),(3364,'SAR','KZ',5,15),(3365,'SAR','DZ',5,10),(3366,'SAR','ID',10,30),(3367,'SAR','NG',5,30),(3368,'SAR','GT',5,25),(3369,'SAR','VN',5,25),(3370,'SAR','BY',5,15),(3371,'SAR','EG',5,25),(3372,'SAR','UY',5,15),(3373,'SAR','BD',5,10),(3374,'SAR','PK',5,20),(3375,'SAR','PH',5,20),(3376,'SAR','ET',5,10),(3377,'SAR','TN',5,10),(3378,'SAR','LB',5,10),(3379,'SAR','IN',5,15),(3380,'SAR','PY',5,10),(3381,'SAR','UZ',5,10),(3382,'SAR','EC',5,10),(3383,'SAR','MM',5,10),(3384,'SAR','GE',5,10),(3385,'SEK','US',180,510),(3386,'SEK','CH',170,445),(3387,'SEK','AU',155,395),(3388,'SEK','GB',135,345),(3389,'SEK','DE',135,340),(3390,'SEK','DK',125,305),(3391,'SEK','AT',90,280),(3392,'SEK','NO',100,285),(3393,'SEK','CA',110,345),(3394,'SEK','NL',120,305),(3395,'SEK','SE',95,260),(3396,'SEK','IE',95,250),(3397,'SEK','BE',85,255),(3398,'SEK','FI',65,200),(3399,'SEK','FR',80,215),(3400,'SEK','NZ',80,240),(3401,'SEK','HK',75,210),(3402,'SEK','CZ',70,170),(3403,'SEK','SK',65,145),(3404,'SEK','AE',65,200),(3405,'SEK','SG',85,245),(3406,'SEK','IL',70,175),(3407,'SEK','KW',35,160),(3408,'SEK','IT',50,130),(3409,'SEK','JP',60,175),(3410,'SEK','ES',50,135),(3411,'SEK','VE',5,105),(3412,'SEK','HU',45,100),(3413,'SEK','PT',45,110),(3414,'SEK','GR',50,110),(3415,'SEK','KR',65,170),(3416,'SEK','TW',55,140),(3417,'SEK','PL',45,110),(3418,'SEK','ZM',5,35),(3419,'SEK','PR',15,150),(3420,'SEK','CI',10,35),(3421,'SEK','RO',40,100),(3422,'SEK','BH',20,105),(3423,'SEK','PA',15,145),(3424,'SEK','GH',15,40),(3425,'SEK','KH',10,40),(3426,'SEK','SN',5,45),(3427,'SEK','SA',25,105),(3428,'SEK','RU',25,85),(3429,'SEK','UG',5,35),(3430,'SEK','BR',30,70),(3431,'SEK','NI',5,45),(3432,'SEK','MG',5,30),(3433,'SEK','DO',10,55),(3434,'SEK','MX',20,80),(3435,'SEK','OM',15,80),(3436,'SEK','CM',5,60),(3437,'SEK','ZA',25,85),(3438,'SEK','CL',25,80),(3439,'SEK','KE',10,35),(3440,'SEK','NP',5,30),(3441,'SEK','PE',15,65),(3442,'SEK','UA',15,50),(3443,'SEK','MZ',5,65),(3444,'SEK','TZ',5,15),(3445,'SEK','AO',15,35),(3446,'SEK','JO',10,50),(3447,'SEK','ZW',5,35),(3448,'SEK','TR',15,45),(3449,'SEK','MU',10,30),(3450,'SEK','SV',5,35),(3451,'SEK','TH',25,75),(3452,'SEK','CO',10,50),(3453,'SEK','LK',5,10),(3454,'SEK','CR',10,50),(3455,'SEK','AR',15,45),(3456,'SEK','MA',10,30),(3457,'SEK','MY',20,80),(3458,'SEK','KZ',10,35),(3459,'SEK','DZ',10,15),(3460,'SEK','ID',20,70),(3461,'SEK','NG',10,70),(3462,'SEK','GT',10,55),(3463,'SEK','VN',15,60),(3464,'SEK','BY',5,30),(3465,'SEK','EG',10,60),(3466,'SEK','UY',10,35),(3467,'SEK','BD',5,15),(3468,'SEK','PK',5,40),(3469,'SEK','PH',10,45),(3470,'SEK','ET',5,15),(3471,'SEK','TN',10,15),(3472,'SEK','LB',10,25),(3473,'SEK','IN',5,30),(3474,'SEK','PY',10,25),(3475,'SEK','UZ',10,15),(3476,'SEK','EC',5,25),(3477,'SEK','MM',10,15),(3478,'SEK','GE',10,15),(3479,'SGD','US',30,80),(3480,'SGD','CH',25,70),(3481,'SGD','AU',25,65),(3482,'SGD','GB',20,55),(3483,'SGD','DE',20,55),(3484,'SGD','DK',20,50),(3485,'SGD','AT',15,45),(3486,'SGD','NO',15,45),(3487,'SGD','CA',20,55),(3488,'SGD','NL',20,50),(3489,'SGD','SE',15,40),(3490,'SGD','IE',15,40),(3491,'SGD','BE',15,40),(3492,'SGD','FI',10,30),(3493,'SGD','FR',15,35),(3494,'SGD','NZ',15,40),(3495,'SGD','HK',10,35),(3496,'SGD','CZ',10,25),(3497,'SGD','SK',10,25),(3498,'SGD','AE',10,30),(3499,'SGD','SG',15,40),(3500,'SGD','IL',10,30),(3501,'SGD','KW',5,25),(3502,'SGD','IT',10,20),(3503,'SGD','JP',10,30),(3504,'SGD','ES',10,20),(3505,'SGD','VE',5,15),(3506,'SGD','HU',5,15),(3507,'SGD','PT',5,20),(3508,'SGD','GR',10,15),(3509,'SGD','KR',10,25),(3510,'SGD','TW',10,20),(3511,'SGD','PL',5,20),(3512,'SGD','ZM',5,10),(3513,'SGD','PR',5,25),(3514,'SGD','CI',5,10),(3515,'SGD','RO',5,15),(3516,'SGD','BH',5,15),(3517,'SGD','PA',5,25),(3518,'SGD','GH',5,10),(3519,'SGD','KH',5,10),(3520,'SGD','SN',5,10),(3521,'SGD','SA',5,15),(3522,'SGD','RU',5,15),(3523,'SGD','UG',5,10),(3524,'SGD','BR',5,10),(3525,'SGD','NI',5,10),(3526,'SGD','MG',5,10),(3527,'SGD','DO',5,10),(3528,'SGD','MX',5,10),(3529,'SGD','OM',5,10),(3530,'SGD','CM',5,10),(3531,'SGD','ZA',5,15),(3532,'SGD','CL',5,15),(3533,'SGD','KE',5,10),(3534,'SGD','NP',5,10),(3535,'SGD','PE',5,10),(3536,'SGD','UA',5,10),(3537,'SGD','MZ',5,10),(3538,'SGD','TZ',5,10),(3539,'SGD','AO',5,10),(3540,'SGD','JO',5,10),(3541,'SGD','ZW',5,10),(3542,'SGD','TR',5,10),(3543,'SGD','MU',5,10),(3544,'SGD','SV',5,10),(3545,'SGD','TH',5,10),(3546,'SGD','CO',5,10),(3547,'SGD','LK',5,10),(3548,'SGD','CR',5,10),(3549,'SGD','AR',5,10),(3550,'SGD','MA',5,10),(3551,'SGD','MY',5,15),(3552,'SGD','KZ',5,10),(3553,'SGD','DZ',5,10),(3554,'SGD','ID',5,10),(3555,'SGD','NG',5,10),(3556,'SGD','GT',5,10),(3557,'SGD','VN',5,10),(3558,'SGD','BY',5,10),(3559,'SGD','EG',5,10),(3560,'SGD','UY',5,10),(3561,'SGD','BD',5,10),(3562,'SGD','PK',5,10),(3563,'SGD','PH',5,10),(3564,'SGD','ET',5,10),(3565,'SGD','TN',5,10),(3566,'SGD','LB',5,10),(3567,'SGD','IN',5,10),(3568,'SGD','PY',5,10),(3569,'SGD','UZ',5,10),(3570,'SGD','EC',5,10),(3571,'SGD','MM',5,10),(3572,'SGD','GE',5,10),(3573,'THB','US',650,1840),(3574,'THB','CH',610,1600),(3575,'THB','AU',555,1420),(3576,'THB','GB',485,1235),(3577,'THB','DE',480,1225),(3578,'THB','DK',440,1095),(3579,'THB','AT',320,1000),(3580,'THB','NO',365,1020),(3581,'THB','CA',405,1235),(3582,'THB','NL',430,1095),(3583,'THB','SE',345,935),(3584,'THB','IE',340,900),(3585,'THB','BE',315,920),(3586,'THB','FI',235,715),(3587,'THB','FR',290,780),(3588,'THB','NZ',295,870),(3589,'THB','HK',270,760),(3590,'THB','CZ',255,615),(3591,'THB','SK',240,525),(3592,'THB','AE',230,715),(3593,'THB','SG',300,880),(3594,'THB','IL',260,635),(3595,'THB','KW',115,570),(3596,'THB','IT',175,465),(3597,'THB','JP',220,630),(3598,'THB','ES',180,480),(3599,'THB','VE',25,370),(3600,'THB','HU',155,355),(3601,'THB','PT',155,400),(3602,'THB','GR',190,385),(3603,'THB','KR',235,615),(3604,'THB','TW',190,505),(3605,'THB','PL',160,400),(3606,'THB','ZM',25,135),(3607,'THB','PR',55,535),(3608,'THB','CI',30,130),(3609,'THB','RO',150,360),(3610,'THB','BH',70,375),(3611,'THB','PA',45,515),(3612,'THB','GH',55,150),(3613,'THB','KH',30,150),(3614,'THB','SN',25,165),(3615,'THB','SA',95,370),(3616,'THB','RU',95,310),(3617,'THB','UG',25,120),(3618,'THB','BR',105,255),(3619,'THB','NI',25,160),(3620,'THB','MG',25,115),(3621,'THB','DO',25,190),(3622,'THB','MX',80,280),(3623,'THB','OM',50,280),(3624,'THB','CM',25,210),(3625,'THB','ZA',90,295),(3626,'THB','CL',95,290),(3627,'THB','KE',30,120),(3628,'THB','NP',25,110),(3629,'THB','PE',55,240),(3630,'THB','UA',55,170),(3631,'THB','MZ',25,225),(3632,'THB','TZ',5,50),(3633,'THB','AO',50,130),(3634,'THB','JO',35,175),(3635,'THB','ZW',25,125),(3636,'THB','TR',60,160),(3637,'THB','MU',30,105),(3638,'THB','SV',25,125),(3639,'THB','TH',90,280),(3640,'THB','CO',45,175),(3641,'THB','LK',20,30),(3642,'THB','CR',25,180),(3643,'THB','AR',60,165),(3644,'THB','MA',25,105),(3645,'THB','MY',75,285),(3646,'THB','KZ',35,120),(3647,'THB','DZ',25,55),(3648,'THB','ID',70,255),(3649,'THB','NG',40,245),(3650,'THB','GT',25,190),(3651,'THB','VN',55,215),(3652,'THB','BY',25,105),(3653,'THB','EG',35,220),(3654,'THB','UY',30,130),(3655,'THB','BD',25,50),(3656,'THB','PK',25,145),(3657,'THB','PH',45,160),(3658,'THB','ET',5,55),(3659,'THB','TN',25,50),(3660,'THB','LB',25,80),(3661,'THB','IN',25,115),(3662,'THB','PY',25,85),(3663,'THB','UZ',25,55),(3664,'THB','EC',25,90),(3665,'THB','MM',25,30),(3666,'THB','GE',25,35),(3667,'TRY','US',160,455),(3668,'TRY','CH',150,395),(3669,'TRY','AU',135,350),(3670,'TRY','GB',120,305),(3671,'TRY','DE',120,300),(3672,'TRY','DK',110,270),(3673,'TRY','AT',80,245),(3674,'TRY','NO',90,250),(3675,'TRY','CA',100,305),(3676,'TRY','NL',105,270),(3677,'TRY','SE',85,230),(3678,'TRY','IE',85,220),(3679,'TRY','BE',75,225),(3680,'TRY','FI',60,175),(3681,'TRY','FR',70,190),(3682,'TRY','NZ',75,215),(3683,'TRY','HK',65,190),(3684,'TRY','CZ',65,150),(3685,'TRY','SK',60,130),(3686,'TRY','AE',55,175),(3687,'TRY','SG',75,215),(3688,'TRY','IL',65,155),(3689,'TRY','KW',30,140),(3690,'TRY','IT',45,115),(3691,'TRY','JP',55,155),(3692,'TRY','ES',45,120),(3693,'TRY','VE',5,90),(3694,'TRY','HU',40,90),(3695,'TRY','PT',40,100),(3696,'TRY','GR',45,95),(3697,'TRY','KR',55,150),(3698,'TRY','TW',45,125),(3699,'TRY','PL',40,100),(3700,'TRY','ZM',5,35),(3701,'TRY','PR',15,135),(3702,'TRY','CI',10,30),(3703,'TRY','RO',35,90),(3704,'TRY','BH',15,90),(3705,'TRY','PA',10,125),(3706,'TRY','GH',15,35),(3707,'TRY','KH',10,35),(3708,'TRY','SN',5,40),(3709,'TRY','SA',25,90),(3710,'TRY','RU',25,75),(3711,'TRY','UG',5,30),(3712,'TRY','BR',25,65),(3713,'TRY','NI',5,40),(3714,'TRY','MG',5,30),(3715,'TRY','DO',5,45),(3716,'TRY','MX',20,70),(3717,'TRY','OM',10,70),(3718,'TRY','CM',5,50),(3719,'TRY','ZA',25,75),(3720,'TRY','CL',25,70),(3721,'TRY','KE',5,30),(3722,'TRY','NP',5,25),(3723,'TRY','PE',15,60),(3724,'TRY','UA',15,40),(3725,'TRY','MZ',5,55),(3726,'TRY','TZ',5,15),(3727,'TRY','AO',10,30),(3728,'TRY','JO',10,45),(3729,'TRY','ZW',5,30),(3730,'TRY','TR',15,40),(3731,'TRY','MU',5,25),(3732,'TRY','SV',5,30),(3733,'TRY','TH',20,70),(3734,'TRY','CO',10,45),(3735,'TRY','LK',5,10),(3736,'TRY','CR',5,45),(3737,'TRY','AR',15,40),(3738,'TRY','MA',5,25),(3739,'TRY','MY',20,70),(3740,'TRY','KZ',10,30),(3741,'TRY','DZ',5,15),(3742,'TRY','ID',15,65),(3743,'TRY','NG',10,60),(3744,'TRY','GT',5,45),(3745,'TRY','VN',15,55),(3746,'TRY','BY',5,25),(3747,'TRY','EG',10,55),(3748,'TRY','UY',5,30),(3749,'TRY','BD',5,15),(3750,'TRY','PK',5,35),(3751,'TRY','PH',10,40),(3752,'TRY','ET',5,15),(3753,'TRY','TN',5,10),(3754,'TRY','LB',5,20),(3755,'TRY','IN',5,30),(3756,'TRY','PY',5,20),(3757,'TRY','UZ',5,15),(3758,'TRY','EC',5,20),(3759,'TRY','MM',5,10),(3760,'TRY','GE',5,10),(3761,'TWD','US',610,1715),(3762,'TWD','CH',570,1495),(3763,'TWD','AU',515,1325),(3764,'TWD','GB',450,1150),(3765,'TWD','DE',445,1145),(3766,'TWD','DK',410,1020),(3767,'TWD','AT',300,930),(3768,'TWD','NO',340,950),(3769,'TWD','CA',375,1155),(3770,'TWD','NL',400,1020),(3771,'TWD','SE',320,870),(3772,'TWD','IE',320,840),(3773,'TWD','BE',295,860),(3774,'TWD','FI',220,665),(3775,'TWD','FR',270,725),(3776,'TWD','NZ',275,810),(3777,'TWD','HK',250,710),(3778,'TWD','CZ',240,575),(3779,'TWD','SK',225,490),(3780,'TWD','AE',215,670),(3781,'TWD','SG',280,820),(3782,'TWD','IL',245,595),(3783,'TWD','KW',110,535),(3784,'TWD','IT',165,435),(3785,'TWD','JP',205,590),(3786,'TWD','ES',170,450),(3787,'TWD','VE',20,345),(3788,'TWD','HU',145,335),(3789,'TWD','PT',145,370),(3790,'TWD','GR',175,360),(3791,'TWD','KR',215,575),(3792,'TWD','TW',175,470),(3793,'TWD','PL',150,375),(3794,'TWD','ZM',20,125),(3795,'TWD','PR',55,500),(3796,'TWD','CI',30,120),(3797,'TWD','RO',140,335),(3798,'TWD','BH',65,350),(3799,'TWD','PA',40,480),(3800,'TWD','GH',50,140),(3801,'TWD','KH',30,140),(3802,'TWD','SN',20,150),(3803,'TWD','SA',90,345),(3804,'TWD','RU',90,285),(3805,'TWD','UG',20,110),(3806,'TWD','BR',95,235),(3807,'TWD','NI',20,150),(3808,'TWD','MG',20,105),(3809,'TWD','DO',25,180),(3810,'TWD','MX',70,260),(3811,'TWD','OM',45,260),(3812,'TWD','CM',20,195),(3813,'TWD','ZA',85,275),(3814,'TWD','CL',90,270),(3815,'TWD','KE',25,110),(3816,'TWD','NP',20,100),(3817,'TWD','PE',55,225),(3818,'TWD','UA',50,160),(3819,'TWD','MZ',20,210),(3820,'TWD','TZ',5,50),(3821,'TWD','AO',45,120),(3822,'TWD','JO',35,165),(3823,'TWD','ZW',20,115),(3824,'TWD','TR',55,150),(3825,'TWD','MU',30,95),(3826,'TWD','SV',20,115),(3827,'TWD','TH',80,260),(3828,'TWD','CO',40,160),(3829,'TWD','LK',20,30),(3830,'TWD','CR',25,170),(3831,'TWD','AR',55,155),(3832,'TWD','MA',25,100),(3833,'TWD','MY',70,265),(3834,'TWD','KZ',30,115),(3835,'TWD','DZ',25,55),(3836,'TWD','ID',65,240),(3837,'TWD','NG',35,230),(3838,'TWD','GT',25,180),(3839,'TWD','VN',55,200),(3840,'TWD','BY',25,95),(3841,'TWD','EG',35,205),(3842,'TWD','UY',25,120),(3843,'TWD','BD',20,50),(3844,'TWD','PK',25,135),(3845,'TWD','PH',40,150),(3846,'TWD','ET',5,50),(3847,'TWD','TN',25,45),(3848,'TWD','LB',25,75),(3849,'TWD','IN',25,105),(3850,'TWD','PY',25,80),(3851,'TWD','UZ',25,50),(3852,'TWD','EC',25,85),(3853,'TWD','MM',25,30),(3854,'TWD','GE',25,30),(3855,'UAH','US',610,1720),(3856,'UAH','CH',570,1495),(3857,'UAH','AU',515,1330),(3858,'UAH','GB',450,1155),(3859,'UAH','DE',450,1145),(3860,'UAH','DK',410,1020),(3861,'UAH','AT',300,935),(3862,'UAH','NO',340,950),(3863,'UAH','CA',375,1155),(3864,'UAH','NL',405,1020),(3865,'UAH','SE',320,870),(3866,'UAH','IE',320,840),(3867,'UAH','BE',295,860),(3868,'UAH','FI',220,665),(3869,'UAH','FR',270,725),(3870,'UAH','NZ',275,815),(3871,'UAH','HK',250,710),(3872,'UAH','CZ',240,575),(3873,'UAH','SK',225,490),(3874,'UAH','AE',215,670),(3875,'UAH','SG',280,825),(3876,'UAH','IL',245,595),(3877,'UAH','KW',110,535),(3878,'UAH','IT',165,435),(3879,'UAH','JP',205,590),(3880,'UAH','ES',170,450),(3881,'UAH','VE',20,345),(3882,'UAH','HU',145,335),(3883,'UAH','PT',145,375),(3884,'UAH','GR',175,360),(3885,'UAH','KR',215,575),(3886,'UAH','TW',175,475),(3887,'UAH','PL',150,375),(3888,'UAH','ZM',20,125),(3889,'UAH','PR',55,500),(3890,'UAH','CI',30,120),(3891,'UAH','RO',140,335),(3892,'UAH','BH',65,350),(3893,'UAH','PA',40,480),(3894,'UAH','GH',50,140),(3895,'UAH','KH',30,140),(3896,'UAH','SN',20,150),(3897,'UAH','SA',90,345),(3898,'UAH','RU',90,290),(3899,'UAH','UG',20,110),(3900,'UAH','BR',95,235),(3901,'UAH','NI',20,150),(3902,'UAH','MG',20,110),(3903,'UAH','DO',25,180),(3904,'UAH','MX',70,260),(3905,'UAH','OM',45,260),(3906,'UAH','CM',20,195),(3907,'UAH','ZA',85,280),(3908,'UAH','CL',90,270),(3909,'UAH','KE',25,110),(3910,'UAH','NP',20,100),(3911,'UAH','PE',55,225),(3912,'UAH','UA',50,160),(3913,'UAH','MZ',20,210),(3914,'UAH','TZ',5,50),(3915,'UAH','AO',45,120),(3916,'UAH','JO',35,165),(3917,'UAH','ZW',20,115),(3918,'UAH','TR',55,150),(3919,'UAH','MU',30,95),(3920,'UAH','SV',20,115),(3921,'UAH','TH',80,260),(3922,'UAH','CO',40,160),(3923,'UAH','LK',20,30),(3924,'UAH','CR',25,170),(3925,'UAH','AR',55,155),(3926,'UAH','MA',25,100),(3927,'UAH','MY',70,265),(3928,'UAH','KZ',30,115),(3929,'UAH','DZ',25,55),(3930,'UAH','ID',65,240),(3931,'UAH','NG',35,230),(3932,'UAH','GT',25,180),(3933,'UAH','VN',55,200),(3934,'UAH','BY',25,95),(3935,'UAH','EG',35,205),(3936,'UAH','UY',25,120),(3937,'UAH','BD',20,50),(3938,'UAH','PK',25,135),(3939,'UAH','PH',40,150),(3940,'UAH','ET',5,50),(3941,'UAH','TN',25,45),(3942,'UAH','LB',25,75),(3943,'UAH','IN',25,105),(3944,'UAH','PY',25,80),(3945,'UAH','UZ',25,50),(3946,'UAH','EC',25,85),(3947,'UAH','MM',25,30),(3948,'UAH','GE',25,30),(3949,'USD','US',20,60),(3950,'USD','CH',20,55),(3951,'USD','AU',20,45),(3952,'USD','GB',15,40),(3953,'USD','DE',15,40),(3954,'USD','DK',15,35),(3955,'USD','AT',10,35),(3956,'USD','NO',10,35),(3957,'USD','CA',15,40),(3958,'USD','NL',15,35),(3959,'USD','SE',10,30),(3960,'USD','IE',10,30),(3961,'USD','BE',10,30),(3962,'USD','FI',10,25),(3963,'USD','FR',10,25),(3964,'USD','NZ',10,30),(3965,'USD','HK',10,25),(3966,'USD','CZ',10,20),(3967,'USD','SK',10,15),(3968,'USD','AE',10,25),(3969,'USD','SG',10,30),(3970,'USD','IL',10,20),(3971,'USD','KW',5,20),(3972,'USD','IT',5,15),(3973,'USD','JP',5,20),(3974,'USD','ES',5,15),(3975,'USD','VE',5,10),(3976,'USD','HU',5,10),(3977,'USD','PT',5,15),(3978,'USD','GR',5,15),(3979,'USD','KR',10,20),(3980,'USD','TW',5,15),(3981,'USD','PL',5,15),(3982,'USD','ZM',5,10),(3983,'USD','PR',5,20),(3984,'USD','CI',5,10),(3985,'USD','RO',5,10),(3986,'USD','BH',5,10),(3987,'USD','PA',5,15),(3988,'USD','GH',5,10),(3989,'USD','KH',5,10),(3990,'USD','SN',5,10),(3991,'USD','SA',5,10),(3992,'USD','RU',5,10),(3993,'USD','UG',5,10),(3994,'USD','BR',5,10),(3995,'USD','NI',5,10),(3996,'USD','MG',5,10),(3997,'USD','DO',5,10),(3998,'USD','MX',5,10),(3999,'USD','OM',5,10),(4000,'USD','CM',5,10),(4001,'USD','ZA',5,10),(4002,'USD','CL',5,10),(4003,'USD','KE',5,10),(4004,'USD','NP',5,10),(4005,'USD','PE',5,10),(4006,'USD','UA',5,10),(4007,'USD','MZ',5,10),(4008,'USD','TZ',5,10),(4009,'USD','AO',5,10),(4010,'USD','JO',5,10),(4011,'USD','ZW',5,10),(4012,'USD','TR',5,10),(4013,'USD','MU',5,10),(4014,'USD','SV',5,10),(4015,'USD','TH',5,10),(4016,'USD','CO',5,10),(4017,'USD','LK',5,10),(4018,'USD','CR',5,10),(4019,'USD','AR',5,10),(4020,'USD','MA',5,10),(4021,'USD','MY',5,10),(4022,'USD','KZ',5,10),(4023,'USD','DZ',5,10),(4024,'USD','ID',5,10),(4025,'USD','NG',5,10),(4026,'USD','GT',5,10),(4027,'USD','VN',5,10),(4028,'USD','BY',5,10),(4029,'USD','EG',5,10),(4030,'USD','UY',5,10),(4031,'USD','BD',5,10),(4032,'USD','PK',5,10),(4033,'USD','PH',5,10),(4034,'USD','ET',5,10),(4035,'USD','TN',5,10),(4036,'USD','LB',5,10),(4037,'USD','IN',5,10),(4038,'USD','PY',5,10),(4039,'USD','UZ',5,10),(4040,'USD','EC',5,10),(4041,'USD','MM',5,10),(4042,'USD','GE',5,10),(4043,'VND','US',501260,1414340),(4044,'VND','CH',467440,1230050),(4045,'VND','AU',425330,1092035),(4046,'VND','GB',370825,948980),(4047,'VND','DE',368005,941305),(4048,'VND','DK',338590,840285),(4049,'VND','AT',247060,767770),(4050,'VND','NO',280035,781870),(4051,'VND','CA',309560,949275),(4052,'VND','NL',331205,840625),(4053,'VND','SE',265110,716900),(4054,'VND','IE',262340,691545),(4055,'VND','BE',241250,707035),(4056,'VND','FI',180355,547725),(4057,'VND','FR',223325,597765),(4058,'VND','NZ',227285,669110),(4059,'VND','HK',206690,584525),(4060,'VND','CZ',197060,473095),(4061,'VND','SK',185915,402915),(4062,'VND','AE',175445,550600),(4063,'VND','SG',228920,676560),(4064,'VND','IL',199775,488665),(4065,'VND','KW',90110,439220),(4066,'VND','IT',135985,358995),(4067,'VND','JP',170500,484575),(4068,'VND','ES',139790,369670),(4069,'VND','VE',18325,283150),(4070,'VND','HU',117795,274075),(4071,'VND','PT',117590,306530),(4072,'VND','GR',144990,296945),(4073,'VND','KR',178765,473390),(4074,'VND','TW',145295,388965),(4075,'VND','PL',124320,307750),(4076,'VND','ZM',17955,102445),(4077,'VND','PR',43915,412820),(4078,'VND','CI',23965,99035),(4079,'VND','RO',114205,276330),(4080,'VND','BH',51860,287490),(4081,'VND','PA',34735,394605),(4082,'VND','GH',41630,116170),(4083,'VND','KH',24000,115255),(4084,'VND','SN',17475,125220),(4085,'VND','SA',74540,285405),(4086,'VND','RU',74075,236380),(4087,'VND','UG',17405,91510),(4088,'VND','BR',78980,194735),(4089,'VND','NI',17370,124690),(4090,'VND','MG',17575,88390),(4091,'VND','DO',21075,146550),(4092,'VND','MX',59560,215530),(4093,'VND','OM',37440,215540),(4094,'VND','CM',17345,160620),(4095,'VND','ZA',70970,228425),(4096,'VND','CL',73940,220970),(4097,'VND','KE',21345,92235),(4098,'VND','NP',17345,83780),(4099,'VND','PE',44165,185900),(4100,'VND','UA',42105,131500),(4101,'VND','MZ',17345,174435),(4102,'VND','TZ',2190,40030),(4103,'VND','AO',38465,100290),(4104,'VND','JO',28365,134700),(4105,'VND','ZW',17435,95590),(4106,'VND','TR',45180,123620),(4107,'VND','MU',23140,79070),(4108,'VND','SV',17345,95775),(4109,'VND','TH',67775,213265),(4110,'VND','CO',34375,133035),(4111,'VND','LK',16690,23055),(4112,'VND','CR',20955,139205),(4113,'VND','AR',46810,126790),(4114,'VND','MA',20905,82055),(4115,'VND','MY',59320,218145),(4116,'VND','KZ',25370,92865),(4117,'VND','DZ',20800,44030),(4118,'VND','ID',52930,196355),(4119,'VND','NG',29750,188200),(4120,'VND','GT',20845,147390),(4121,'VND','VN',43305,164120),(4122,'VND','BY',20335,79160),(4123,'VND','EG',27425,167505),(4124,'VND','UY',21620,99635),(4125,'VND','BD',17800,39405),(4126,'VND','PK',19515,112330),(4127,'VND','PH',33795,124710),(4128,'VND','ET',5420,41305),(4129,'VND','TN',20820,37725),(4130,'VND','LB',21020,62835),(4131,'VND','IN',19380,87540),(4132,'VND','PY',20830,66985),(4133,'VND','UZ',20845,40665),(4134,'VND','EC',20250,69470),(4135,'VND','MM',20850,22770),(4136,'VND','GE',20915,26650),(4137,'ZAR','US',330,935),(4138,'ZAR','CH',310,815),(4139,'ZAR','AU',280,720),(4140,'ZAR','GB',245,630),(4141,'ZAR','DE',245,620),(4142,'ZAR','DK',225,555),(4143,'ZAR','AT',165,510),(4144,'ZAR','NO',185,515),(4145,'ZAR','CA',205,630),(4146,'ZAR','NL',220,555),(4147,'ZAR','SE',175,475),(4148,'ZAR','IE',175,455),(4149,'ZAR','BE',160,470),(4150,'ZAR','FI',120,360),(4151,'ZAR','FR',150,395),(4152,'ZAR','NZ',150,440),(4153,'ZAR','HK',135,385),(4154,'ZAR','CZ',130,315),(4155,'ZAR','SK',125,265),(4156,'ZAR','AE',115,365),(4157,'ZAR','SG',150,445),(4158,'ZAR','IL',130,325),(4159,'ZAR','KW',60,290),(4160,'ZAR','IT',90,235),(4161,'ZAR','JP',115,320),(4162,'ZAR','ES',90,245),(4163,'ZAR','VE',10,185),(4164,'ZAR','HU',80,180),(4165,'ZAR','PT',80,205),(4166,'ZAR','GR',95,195),(4167,'ZAR','KR',120,315),(4168,'ZAR','TW',95,255),(4169,'ZAR','PL',80,205),(4170,'ZAR','ZM',10,70),(4171,'ZAR','PR',30,275),(4172,'ZAR','CI',15,65),(4173,'ZAR','RO',75,185),(4174,'ZAR','BH',35,190),(4175,'ZAR','PA',25,260),(4176,'ZAR','GH',30,75),(4177,'ZAR','KH',15,75),(4178,'ZAR','SN',10,85),(4179,'ZAR','SA',50,190),(4180,'ZAR','RU',50,155),(4181,'ZAR','UG',10,60),(4182,'ZAR','BR',50,130),(4183,'ZAR','NI',10,80),(4184,'ZAR','MG',10,60),(4185,'ZAR','DO',15,95),(4186,'ZAR','MX',40,145),(4187,'ZAR','OM',25,145),(4188,'ZAR','CM',10,105),(4189,'ZAR','ZA',45,150),(4190,'ZAR','CL',50,145),(4191,'ZAR','KE',15,60),(4192,'ZAR','NP',10,55),(4193,'ZAR','PE',30,125),(4194,'ZAR','UA',30,85),(4195,'ZAR','MZ',10,115),(4196,'ZAR','TZ',5,25),(4197,'ZAR','AO',25,65),(4198,'ZAR','JO',20,90),(4199,'ZAR','ZW',10,65),(4200,'ZAR','TR',30,80),(4201,'ZAR','MU',15,50),(4202,'ZAR','SV',10,65),(4203,'ZAR','TH',45,140),(4204,'ZAR','CO',25,90),(4205,'ZAR','LK',10,15),(4206,'ZAR','CR',15,90),(4207,'ZAR','AR',30,85),(4208,'ZAR','MA',15,55),(4209,'ZAR','MY',40,145),(4210,'ZAR','KZ',15,60),(4211,'ZAR','DZ',15,30),(4212,'ZAR','ID',35,130),(4213,'ZAR','NG',20,125),(4214,'ZAR','GT',15,95),(4215,'ZAR','VN',30,110),(4216,'ZAR','BY',15,50),(4217,'ZAR','EG',20,110),(4218,'ZAR','UY',15,65),(4219,'ZAR','BD',10,25),(4220,'ZAR','PK',15,75),(4221,'ZAR','PH',20,80),(4222,'ZAR','ET',5,25),(4223,'ZAR','TN',15,25),(4224,'ZAR','LB',15,40),(4225,'ZAR','IN',15,60),(4226,'ZAR','PY',15,45),(4227,'ZAR','UZ',15,25),(4228,'ZAR','EC',15,45),(4229,'ZAR','MM',15,20),(4230,'ZAR','GE',15,20);

--
-- Table structure for table `sidesi5_gla_merchant_issues`
--

CREATE TABLE `sidesi5_gla_merchant_issues` (
  `id` bigint(20) NOT NULL AUTO_INCREMENT,
  `product_id` bigint(20) NOT NULL,
  `issue` varchar(200) COLLATE utf8mb4_unicode_520_ci NOT NULL,
  `code` varchar(100) COLLATE utf8mb4_unicode_520_ci NOT NULL,
  `severity` varchar(20) COLLATE utf8mb4_unicode_520_ci NOT NULL DEFAULT 'warning',
  `product` varchar(100) COLLATE utf8mb4_unicode_520_ci NOT NULL,
  `action` text COLLATE utf8mb4_unicode_520_ci NOT NULL,
  `action_url` varchar(1024) COLLATE utf8mb4_unicode_520_ci NOT NULL,
  `applicable_countries` text COLLATE utf8mb4_unicode_520_ci NOT NULL,
  `source` varchar(10) COLLATE utf8mb4_unicode_520_ci NOT NULL DEFAULT 'mc',
  `type` varchar(10) COLLATE utf8mb4_unicode_520_ci NOT NULL DEFAULT 'product',
  `created_at` datetime NOT NULL,
  PRIMARY KEY (`id`)
) ENGINE=MyISAM DEFAULT CHARSET=utf8mb4 COLLATE=utf8mb4_unicode_520_ci;

--
-- Dumping data for table `sidesi5_gla_merchant_issues`
--


--
-- Table structure for table `sidesi5_gla_shipping_rates`
--

CREATE TABLE `sidesi5_gla_shipping_rates` (
  `id` bigint(20) NOT NULL AUTO_INCREMENT,
  `country` varchar(2) COLLATE utf8mb4_unicode_520_ci NOT NULL,
  `currency` varchar(3) COLLATE utf8mb4_unicode_520_ci NOT NULL,
  `rate` double NOT NULL DEFAULT '0',
  `options` text COLLATE utf8mb4_unicode_520_ci,
  PRIMARY KEY (`id`),
  KEY `country` (`country`),
  KEY `currency` (`currency`)
) ENGINE=MyISAM DEFAULT CHARSET=utf8mb4 COLLATE=utf8mb4_unicode_520_ci;

--
-- Dumping data for table `sidesi5_gla_shipping_rates`
--


--
-- Table structure for table `sidesi5_gla_shipping_times`
--

CREATE TABLE `sidesi5_gla_shipping_times` (
  `id` bigint(20) NOT NULL AUTO_INCREMENT,
  `country` varchar(2) COLLATE utf8mb4_unicode_520_ci NOT NULL,
  `time` bigint(20) NOT NULL DEFAULT '0',
  PRIMARY KEY (`id`),
  KEY `country` (`country`)
) ENGINE=MyISAM DEFAULT CHARSET=utf8mb4 COLLATE=utf8mb4_unicode_520_ci;

--
-- Dumping data for table `sidesi5_gla_shipping_times`
--


--
-- Table structure for table `sidesi5_layerslider`
--

CREATE TABLE `sidesi5_layerslider` (
  `id` int(10) NOT NULL AUTO_INCREMENT,
  `group_id` int(10) DEFAULT NULL,
  `author` int(10) NOT NULL DEFAULT '0',
  `name` varchar(100) COLLATE utf8mb4_unicode_520_ci DEFAULT '',
  `slug` varchar(100) COLLATE utf8mb4_unicode_520_ci DEFAULT '',
  `data` mediumtext COLLATE utf8mb4_unicode_520_ci NOT NULL,
  `date_c` int(10) NOT NULL,
  `date_m` int(10) NOT NULL,
  `schedule_start` int(10) NOT NULL DEFAULT '0',
  `schedule_end` int(10) NOT NULL DEFAULT '0',
  `flag_dirty` tinyint(1) NOT NULL DEFAULT '0',
  `flag_hidden` tinyint(1) NOT NULL DEFAULT '0',
  `flag_deleted` tinyint(1) NOT NULL DEFAULT '0',
  `flag_popup` tinyint(1) NOT NULL DEFAULT '0',
  `flag_group` tinyint(1) NOT NULL DEFAULT '0',
  PRIMARY KEY (`id`)
) ENGINE=MyISAM AUTO_INCREMENT=4 DEFAULT CHARSET=utf8mb4 COLLATE=utf8mb4_unicode_520_ci;

--
-- Dumping data for table `sidesi5_layerslider`
--

INSERT INTO `sidesi5_layerslider` VALUES (1,NULL,2,'Intro / Featured','Intro','{\"properties\":{\"title\":\"Intro \\/ Featured\",\"slug\":\"Intro\",\"sliderVersion\":\"6.8.4\",\"status\":true,\"schedule_start\":\"\",\"schedule_end\":\"\",\"type\":\"fixedsize\",\"width\":1170,\"height\":558,\"maxwidth\":\"\",\"responsiveunder\":\"0\",\"fullSizeMode\":\"normal\",\"fitScreenWidth\":true,\"allowFullscreen\":true,\"maxRatio\":\"\",\"insertMethod\":\"prependTo\",\"insertSelector\":\"\",\"clipSlideTransition\":\"disabled\",\"preventSliderClip\":true,\"hideunder\":\"0\",\"hideover\":\"100000\",\"slideOnSwipe\":true,\"optimizeForMobile\":true,\"firstlayer\":\"1\",\"autostart\":true,\"startinviewport\":true,\"pauseonhover\":\"enabled\",\"keybnav\":true,\"touchnav\":true,\"playByScrollSpeed\":\"1\",\"loops\":\"0\",\"forceloopnum\":true,\"twowayslideshow\":true,\"skin\":\"v5\",\"sliderfadeinduration\":\"350\",\"sliderclass\":\"\",\"sliderstyle\":\"margin-bottom: 0px;\",\"backgroundcolor\":\"\",\"backgroundimageId\":\"\",\"backgroundimage\":\"\",\"globalBGRepeat\":\"no-repeat\",\"globalBGAttachment\":\"scroll\",\"globalBGPosition\":\"50% 50%\",\"globalBGSize\":\"auto\",\"navprevnext\":true,\"navstartstop\":true,\"navbuttons\":true,\"hoverprevnext\":true,\"thumb_nav\":\"disabled\",\"thumb_container_width\":\"60%\",\"thumb_width\":\"100\",\"thumb_height\":\"60\",\"thumb_active_opacity\":\"35\",\"thumb_inactive_opacity\":\"100\",\"autoplayvideos\":true,\"rememberUnmuteState\":true,\"autopauseslideshow\":\"auto\",\"youtubepreview\":\"maxresdefault.jpg\",\"popupPositionHorizontal\":\"center\",\"popupPositionVertical\":\"middle\",\"popupWidth\":\"640\",\"popupHeight\":\"360\",\"popupDistanceLeft\":\"10\",\"popupDistanceRight\":\"10\",\"popupDistanceTop\":\"10\",\"popupDistanceBottom\":\"10\",\"popupShowOnTimeout\":\"\",\"popupShowOnIdle\":\"\",\"popupShowOnScroll\":\"\",\"popupShowOnClick\":\"\",\"popupCloseOnTimeout\":\"\",\"popupCloseOnScroll\":\"\",\"popup_repeat\":true,\"popup_repeat_days\":\"\",\"popupShowOnce\":true,\"popup_pages_custom\":\"\",\"popup_pages_exclude\":\"\",\"popup_roles_administrator\":true,\"popup_roles_editor\":true,\"popup_roles_author\":true,\"popup_roles_contributor\":true,\"popup_roles_subscriber\":true,\"popup_roles_visitor\":true,\"popupTransitionIn\":\"fade\",\"popupDurationIn\":\"1000\",\"popupDelayIn\":\"200\",\"popupTransitionOut\":\"fade\",\"popupDurationOut\":\"500\",\"popupResetOnClose\":\"slide\",\"popupShowCloseButton\":true,\"popupCloseButtonStyle\":\"\",\"popupOverlayClickToClose\":true,\"popupOverlayBackground\":\"rgba(0,0,0,.85)\",\"popupOverlayTransitionIn\":\"fade\",\"popupOverlayDurationIn\":\"400\",\"popupOverlayTransitionOut\":\"fade\",\"popupOverlayDurationOut\":\"400\",\"yourlogoId\":\"\",\"yourlogo\":\"\",\"yourlogostyle\":\"left: -10px; top: -10px;\",\"yourlogolink\":\"\",\"yourlogotarget\":\"_self\",\"slideBGSize\":\"auto\",\"slideBGPosition\":\"50% 50%\",\"parallaxSensitivity\":\"10\",\"parallaxCenterLayers\":\"center\",\"parallaxCenterDegree\":\"40\",\"forceLayersOutDuration\":\"750\",\"useSrcset\":true,\"preferBlendMode\":\"disabled\",\"previewId\":\"\",\"preview\":\"\",\"responsive\":false,\"sublayercontainer\":\"0\",\"animatefirstlayer\":true,\"cbinit\":\"function(element) {\\r\\n\\r\\n}\",\"cbstart\":\"function(data) {\\r\\n\\r\\n}\",\"cbstop\":\"function(data) {\\r\\n\\r\\n}\",\"cbpause\":\"function(data) {\\r\\n\\r\\n}\",\"cbanimstart\":\"function(data) {\\r\\n\\r\\n}\",\"cbanimstop\":\"function(data) {\\r\\n\\r\\n}\",\"cbprev\":\"function(data) {\\r\\n\\r\\n}\",\"cbnext\":\"function(data) {\\r\\n\\r\\n}\",\"circletimer\":false},\"layers\":[{\"properties\":{\"post_offset\":\"-1\",\"3d_transitions\":\"\",\"2d_transitions\":\"\",\"custom_3d_transitions\":\"\",\"custom_2d_transitions\":\"\",\"backgroundId\":\"\",\"background\":\"\",\"bgsize\":\"inherit\",\"bgposition\":\"inherit\",\"bgcolor\":\"\",\"thumbnailId\":\"\",\"thumbnail\":\"\",\"slidedelay\":\"4000\",\"timeshift\":\"0\",\"transitionduration\":\"\",\"layer_link\":\"https:\\/\\/bit.ly\\/2l3jd8A\",\"linkId\":\"\",\"linkName\":\"\",\"linkType\":\"\",\"layer_link_target\":\"_blank\",\"layer_link_type\":\"over\",\"deeplink\":\"\",\"globalhover\":false,\"overflow\":false,\"kenburnszoom\":\"disabled\",\"kenburnsscale\":\"1.2\",\"kenburnsrotate\":\"\",\"parallaxtype\":\"2d\",\"parallaxevent\":\"cursor\",\"parallaxaxis\":\"both\",\"parallaxtransformorigin\":\"50% 50% 0\",\"parallaxdurationmove\":\"1500\",\"parallaxdurationleave\":\"1200\",\"parallaxdistance\":\"10\",\"parallaxrotate\":\"10\",\"parallaxtransformperspective\":\"500\",\"id\":\"\",\"skip\":false,\"post_content\":false,\"customProperties\":[]},\"sublayers\":[{\"subtitle\":\"Layer #1\",\"transition\":\"{\\\\\\\"offsetxin\\\\\\\":\\\\\\\"0\\\\\\\",\\\\\\\"offsetyin\\\\\\\":\\\\\\\"400\\\\\\\",\\\\\\\"durationin\\\\\\\":\\\\\\\"1000\\\\\\\",\\\\\\\"delayin\\\\\\\":\\\\\\\"0\\\\\\\",\\\\\\\"easingin\\\\\\\":\\\\\\\"easeInOutQuint\\\\\\\",\\\\\\\"fadein\\\\\\\":true,\\\\\\\"rotatein\\\\\\\":\\\\\\\"0\\\\\\\",\\\\\\\"rotatexin\\\\\\\":\\\\\\\"0\\\\\\\",\\\\\\\"rotateyin\\\\\\\":\\\\\\\"0\\\\\\\",\\\\\\\"transformoriginin\\\\\\\":\\\\\\\"50% 50% 0\\\\\\\",\\\\\\\"skewxin\\\\\\\":\\\\\\\"0\\\\\\\",\\\\\\\"skewyin\\\\\\\":\\\\\\\"0\\\\\\\",\\\\\\\"scalexin\\\\\\\":\\\\\\\"1\\\\\\\",\\\\\\\"scaleyin\\\\\\\":\\\\\\\"1\\\\\\\",\\\\\\\"offsetxout\\\\\\\":\\\\\\\"0\\\\\\\",\\\\\\\"offsetyout\\\\\\\":\\\\\\\"400\\\\\\\",\\\\\\\"durationout\\\\\\\":\\\\\\\"400\\\\\\\",\\\\\\\"showuntil\\\\\\\":\\\\\\\"0\\\\\\\",\\\\\\\"easingout\\\\\\\":\\\\\\\"easeInOutQuint\\\\\\\",\\\\\\\"fadeout\\\\\\\":true,\\\\\\\"rotateout\\\\\\\":\\\\\\\"0\\\\\\\",\\\\\\\"rotatexout\\\\\\\":\\\\\\\"0\\\\\\\",\\\\\\\"rotateyout\\\\\\\":\\\\\\\"0\\\\\\\",\\\\\\\"transformoriginout\\\\\\\":\\\\\\\"50% 50% 0\\\\\\\",\\\\\\\"skewxout\\\\\\\":\\\\\\\"0\\\\\\\",\\\\\\\"skewyout\\\\\\\":\\\\\\\"0\\\\\\\",\\\\\\\"scalexout\\\\\\\":\\\\\\\"1\\\\\\\",\\\\\\\"scaleyout\\\\\\\":\\\\\\\"1\\\\\\\",\\\\\\\"parallaxlevel\\\\\\\":\\\\\\\"0\\\\\\\"}\",\"styles\":\"{\\\\\\\"width\\\\\\\":\\\\\\\"1170px\\\\\\\",\\\\\\\"height\\\\\\\":\\\\\\\"558px\\\\\\\",\\\\\\\"top\\\\\\\":\\\\\\\"0px\\\\\\\",\\\\\\\"left\\\\\\\":\\\\\\\"0px\\\\\\\",\\\\\\\"wordwrap\\\\\\\":false}\",\"media\":\"img\",\"type\":\"p\",\"imageId\":2067,\"image\":\"http:\\/\\/testsite.wildrivertech.com\\/wp-content\\/uploads\\/layerslider\\/projects\\/Intro-Featured\\/tech-world.png\",\"html\":\"\",\"post_text_length\":\"\",\"url\":\"\",\"target\":\"_self\",\"id\":\"\",\"class\":\"\",\"title\":\"\",\"alt\":\"\",\"rel\":\"\",\"style\":\"\",\"imageThumb\":\"https:\\/\\/avada.theme-fusion.com\\/technology\\/wp-content\\/uploads\\/sites\\/74\\/2016\\/08\\/tech-world-300x143.png\",\"skip\":false,\"innerAttributes\":[],\"outerAttributes\":[],\"hasTransforms\":false,\"meta\":[],\"linkId\":\"\",\"linkName\":\"\",\"linkType\":\"\",\"uuid\":\"42f7c565-561a-453d-a1a2-1db827dc792a\"},{\"subtitle\":\"Line Right\",\"transition\":\"{\\\\\\\"offsetxin\\\\\\\":\\\\\\\"-130\\\\\\\",\\\\\\\"offsetyin\\\\\\\":\\\\\\\"0\\\\\\\",\\\\\\\"durationin\\\\\\\":\\\\\\\"1000\\\\\\\",\\\\\\\"delayin\\\\\\\":\\\\\\\"0\\\\\\\",\\\\\\\"easingin\\\\\\\":\\\\\\\"easeInOutQuint\\\\\\\",\\\\\\\"fadein\\\\\\\":true,\\\\\\\"rotatein\\\\\\\":\\\\\\\"0\\\\\\\",\\\\\\\"rotatexin\\\\\\\":\\\\\\\"0\\\\\\\",\\\\\\\"rotateyin\\\\\\\":\\\\\\\"0\\\\\\\",\\\\\\\"transformoriginin\\\\\\\":\\\\\\\"50% 50% 0\\\\\\\",\\\\\\\"skewxin\\\\\\\":\\\\\\\"0\\\\\\\",\\\\\\\"skewyin\\\\\\\":\\\\\\\"0\\\\\\\",\\\\\\\"scalexin\\\\\\\":\\\\\\\"1\\\\\\\",\\\\\\\"scaleyin\\\\\\\":\\\\\\\"1\\\\\\\",\\\\\\\"offsetxout\\\\\\\":\\\\\\\"-130\\\\\\\",\\\\\\\"offsetyout\\\\\\\":\\\\\\\"0\\\\\\\",\\\\\\\"durationout\\\\\\\":\\\\\\\"400\\\\\\\",\\\\\\\"showuntil\\\\\\\":\\\\\\\"0\\\\\\\",\\\\\\\"easingout\\\\\\\":\\\\\\\"easeInOutQuint\\\\\\\",\\\\\\\"fadeout\\\\\\\":true,\\\\\\\"rotateout\\\\\\\":\\\\\\\"0\\\\\\\",\\\\\\\"rotatexout\\\\\\\":\\\\\\\"0\\\\\\\",\\\\\\\"rotateyout\\\\\\\":\\\\\\\"0\\\\\\\",\\\\\\\"transformoriginout\\\\\\\":\\\\\\\"50% 50% 0\\\\\\\",\\\\\\\"skewxout\\\\\\\":\\\\\\\"0\\\\\\\",\\\\\\\"skewyout\\\\\\\":\\\\\\\"0\\\\\\\",\\\\\\\"scalexout\\\\\\\":\\\\\\\"1\\\\\\\",\\\\\\\"scaleyout\\\\\\\":\\\\\\\"1\\\\\\\",\\\\\\\"parallaxlevel\\\\\\\":\\\\\\\"0\\\\\\\"}\",\"styles\":\"{\\\\\\\"top\\\\\\\":\\\\\\\"103px\\\\\\\",\\\\\\\"left\\\\\\\":\\\\\\\"724px\\\\\\\",\\\\\\\"wordwrap\\\\\\\":false}\",\"media\":\"img\",\"type\":\"p\",\"imageId\":2065,\"image\":\"http:\\/\\/testsite.wildrivertech.com\\/wp-content\\/uploads\\/layerslider\\/projects\\/Intro-Featured\\/01-tech-right.png\",\"html\":\"\",\"post_text_length\":\"\",\"url\":\"\",\"target\":\"_self\",\"id\":\"\",\"class\":\"\",\"title\":\"\",\"alt\":\"\",\"rel\":\"\",\"style\":\"\",\"imageThumb\":\"https:\\/\\/avada.theme-fusion.com\\/technology\\/wp-content\\/uploads\\/sites\\/74\\/2016\\/08\\/01-tech-right.png\",\"skip\":false,\"locked\":false,\"innerAttributes\":[],\"outerAttributes\":[],\"hasTransforms\":false,\"meta\":[],\"linkId\":\"\",\"linkName\":\"\",\"linkType\":\"\",\"uuid\":\"11820ba2-c1d3-4ed2-bea3-3302815a1702\"},{\"subtitle\":\"Heading Two\",\"transition\":\"{\\\\\\\"offsetxin\\\\\\\":\\\\\\\"-30\\\\\\\",\\\\\\\"offsetyin\\\\\\\":\\\\\\\"0\\\\\\\",\\\\\\\"durationin\\\\\\\":\\\\\\\"1000\\\\\\\",\\\\\\\"delayin\\\\\\\":\\\\\\\"0\\\\\\\",\\\\\\\"easingin\\\\\\\":\\\\\\\"easeInOutQuint\\\\\\\",\\\\\\\"fadein\\\\\\\":true,\\\\\\\"rotatein\\\\\\\":\\\\\\\"0\\\\\\\",\\\\\\\"rotatexin\\\\\\\":\\\\\\\"0\\\\\\\",\\\\\\\"rotateyin\\\\\\\":\\\\\\\"0\\\\\\\",\\\\\\\"transformoriginin\\\\\\\":\\\\\\\"50% 50% 0\\\\\\\",\\\\\\\"skewxin\\\\\\\":\\\\\\\"0\\\\\\\",\\\\\\\"skewyin\\\\\\\":\\\\\\\"0\\\\\\\",\\\\\\\"scalexin\\\\\\\":\\\\\\\"1\\\\\\\",\\\\\\\"scaleyin\\\\\\\":\\\\\\\"1\\\\\\\",\\\\\\\"offsetxout\\\\\\\":\\\\\\\"-30\\\\\\\",\\\\\\\"offsetyout\\\\\\\":\\\\\\\"0\\\\\\\",\\\\\\\"durationout\\\\\\\":\\\\\\\"400\\\\\\\",\\\\\\\"showuntil\\\\\\\":\\\\\\\"0\\\\\\\",\\\\\\\"easingout\\\\\\\":\\\\\\\"easeInOutQuint\\\\\\\",\\\\\\\"fadeout\\\\\\\":true,\\\\\\\"rotateout\\\\\\\":\\\\\\\"0\\\\\\\",\\\\\\\"rotatexout\\\\\\\":\\\\\\\"0\\\\\\\",\\\\\\\"rotateyout\\\\\\\":\\\\\\\"0\\\\\\\",\\\\\\\"transformoriginout\\\\\\\":\\\\\\\"50% 50% 0\\\\\\\",\\\\\\\"skewxout\\\\\\\":\\\\\\\"0\\\\\\\",\\\\\\\"skewyout\\\\\\\":\\\\\\\"0\\\\\\\",\\\\\\\"scalexout\\\\\\\":\\\\\\\"1\\\\\\\",\\\\\\\"scaleyout\\\\\\\":\\\\\\\"1\\\\\\\",\\\\\\\"parallaxlevel\\\\\\\":\\\\\\\"0\\\\\\\"}\",\"styles\":\"{\\\\\\\"top\\\\\\\":\\\\\\\"90px\\\\\\\",\\\\\\\"left\\\\\\\":\\\\\\\"910px\\\\\\\",\\\\\\\"wordwrap\\\\\\\":false,\\\\\\\"font-size\\\\\\\":\\\\\\\"24\\\\\\\"}\",\"media\":\"text\",\"type\":\"h5\",\"imageId\":\"\",\"image\":\"\",\"html\":\"Coverage\",\"post_text_length\":\"\",\"url\":\"\",\"target\":\"_self\",\"id\":\"\",\"class\":\"\",\"title\":\"\",\"alt\":\"\",\"rel\":\"\",\"style\":\"\",\"locked\":false,\"skip\":false,\"innerAttributes\":[],\"outerAttributes\":[],\"hasTransforms\":false,\"meta\":[],\"linkId\":\"\",\"linkName\":\"\",\"linkType\":\"\",\"uuid\":\"006ebbc1-dccc-44f7-8f95-7ff076a19168\"},{\"subtitle\":\"Message Two\",\"transition\":\"{\\\\\\\"offsetxin\\\\\\\":\\\\\\\"-20\\\\\\\",\\\\\\\"offsetyin\\\\\\\":\\\\\\\"0\\\\\\\",\\\\\\\"durationin\\\\\\\":\\\\\\\"1000\\\\\\\",\\\\\\\"delayin\\\\\\\":\\\\\\\"0\\\\\\\",\\\\\\\"easingin\\\\\\\":\\\\\\\"easeInOutQuint\\\\\\\",\\\\\\\"fadein\\\\\\\":true,\\\\\\\"rotatein\\\\\\\":\\\\\\\"0\\\\\\\",\\\\\\\"rotatexin\\\\\\\":\\\\\\\"0\\\\\\\",\\\\\\\"rotateyin\\\\\\\":\\\\\\\"0\\\\\\\",\\\\\\\"transformoriginin\\\\\\\":\\\\\\\"50% 50% 0\\\\\\\",\\\\\\\"skewxin\\\\\\\":\\\\\\\"0\\\\\\\",\\\\\\\"skewyin\\\\\\\":\\\\\\\"0\\\\\\\",\\\\\\\"scalexin\\\\\\\":\\\\\\\"1\\\\\\\",\\\\\\\"scaleyin\\\\\\\":\\\\\\\"1\\\\\\\",\\\\\\\"offsetxout\\\\\\\":\\\\\\\"-20\\\\\\\",\\\\\\\"offsetyout\\\\\\\":\\\\\\\"0\\\\\\\",\\\\\\\"durationout\\\\\\\":\\\\\\\"400\\\\\\\",\\\\\\\"showuntil\\\\\\\":\\\\\\\"0\\\\\\\",\\\\\\\"easingout\\\\\\\":\\\\\\\"easeInOutQuint\\\\\\\",\\\\\\\"fadeout\\\\\\\":true,\\\\\\\"rotateout\\\\\\\":\\\\\\\"0\\\\\\\",\\\\\\\"rotatexout\\\\\\\":\\\\\\\"0\\\\\\\",\\\\\\\"rotateyout\\\\\\\":\\\\\\\"0\\\\\\\",\\\\\\\"transformoriginout\\\\\\\":\\\\\\\"50% 50% 0\\\\\\\",\\\\\\\"skewxout\\\\\\\":\\\\\\\"0\\\\\\\",\\\\\\\"skewyout\\\\\\\":\\\\\\\"0\\\\\\\",\\\\\\\"scalexout\\\\\\\":\\\\\\\"1\\\\\\\",\\\\\\\"scaleyout\\\\\\\":\\\\\\\"1\\\\\\\",\\\\\\\"parallaxlevel\\\\\\\":\\\\\\\"0\\\\\\\"}\",\"styles\":\"{\\\\\\\"width\\\\\\\":\\\\\\\"260px\\\\\\\",\\\\\\\"top\\\\\\\":\\\\\\\"136px\\\\\\\",\\\\\\\"left\\\\\\\":\\\\\\\"911px\\\\\\\",\\\\\\\"wordwrap\\\\\\\":false}\",\"media\":\"text\",\"type\":\"p\",\"imageId\":\"\",\"image\":\"\",\"html\":\"Lorem ipsum dolor sit amet, consectetur adipiscing elit.\",\"post_text_length\":\"\",\"url\":\"\",\"target\":\"_self\",\"id\":\"\",\"class\":\"\",\"title\":\"\",\"alt\":\"\",\"rel\":\"\",\"style\":\"white-space: normal !important; font-size:18px;\",\"locked\":false,\"skip\":false,\"innerAttributes\":[],\"outerAttributes\":[],\"hasTransforms\":false,\"meta\":[],\"linkId\":\"\",\"linkName\":\"\",\"linkType\":\"\",\"uuid\":\"a24aa388-03d2-43f7-a29f-eb0daa43b79f\"},{\"subtitle\":\"Line Left\",\"transition\":\"{\\\\\\\"offsetxin\\\\\\\":\\\\\\\"150\\\\\\\",\\\\\\\"offsetyin\\\\\\\":\\\\\\\"0\\\\\\\",\\\\\\\"durationin\\\\\\\":\\\\\\\"1000\\\\\\\",\\\\\\\"delayin\\\\\\\":\\\\\\\"0\\\\\\\",\\\\\\\"easingin\\\\\\\":\\\\\\\"easeInOutQuint\\\\\\\",\\\\\\\"fadein\\\\\\\":true,\\\\\\\"rotatein\\\\\\\":\\\\\\\"0\\\\\\\",\\\\\\\"rotatexin\\\\\\\":\\\\\\\"0\\\\\\\",\\\\\\\"rotateyin\\\\\\\":\\\\\\\"0\\\\\\\",\\\\\\\"transformoriginin\\\\\\\":\\\\\\\"50% 50% 0\\\\\\\",\\\\\\\"skewxin\\\\\\\":\\\\\\\"0\\\\\\\",\\\\\\\"skewyin\\\\\\\":\\\\\\\"0\\\\\\\",\\\\\\\"scalexin\\\\\\\":\\\\\\\"1\\\\\\\",\\\\\\\"scaleyin\\\\\\\":\\\\\\\"1\\\\\\\",\\\\\\\"offsetxout\\\\\\\":\\\\\\\"150\\\\\\\",\\\\\\\"offsetyout\\\\\\\":\\\\\\\"0\\\\\\\",\\\\\\\"durationout\\\\\\\":\\\\\\\"400\\\\\\\",\\\\\\\"showuntil\\\\\\\":\\\\\\\"0\\\\\\\",\\\\\\\"easingout\\\\\\\":\\\\\\\"easeInOutQuint\\\\\\\",\\\\\\\"fadeout\\\\\\\":true,\\\\\\\"rotateout\\\\\\\":\\\\\\\"0\\\\\\\",\\\\\\\"rotatexout\\\\\\\":\\\\\\\"0\\\\\\\",\\\\\\\"rotateyout\\\\\\\":\\\\\\\"0\\\\\\\",\\\\\\\"transformoriginout\\\\\\\":\\\\\\\"50% 50% 0\\\\\\\",\\\\\\\"skewxout\\\\\\\":\\\\\\\"0\\\\\\\",\\\\\\\"skewyout\\\\\\\":\\\\\\\"0\\\\\\\",\\\\\\\"scalexout\\\\\\\":\\\\\\\"1\\\\\\\",\\\\\\\"scaleyout\\\\\\\":\\\\\\\"1\\\\\\\",\\\\\\\"parallaxlevel\\\\\\\":\\\\\\\"0\\\\\\\"}\",\"styles\":\"{\\\\\\\"top\\\\\\\":\\\\\\\"28px\\\\\\\",\\\\\\\"left\\\\\\\":\\\\\\\"191px\\\\\\\",\\\\\\\"wordwrap\\\\\\\":false}\",\"media\":\"img\",\"type\":\"p\",\"imageId\":2064,\"image\":\"http:\\/\\/testsite.wildrivertech.com\\/wp-content\\/uploads\\/layerslider\\/projects\\/Intro-Featured\\/01-tech-left.png\",\"html\":\"\",\"post_text_length\":\"\",\"url\":\"\",\"target\":\"_self\",\"id\":\"\",\"class\":\"\",\"title\":\"\",\"alt\":\"\",\"rel\":\"\",\"style\":\"\",\"imageThumb\":\"https:\\/\\/avada.theme-fusion.com\\/technology\\/wp-content\\/uploads\\/sites\\/74\\/2016\\/08\\/01-tech-left-156x300.png\",\"skip\":false,\"locked\":false,\"innerAttributes\":[],\"outerAttributes\":[],\"hasTransforms\":false,\"meta\":[],\"linkId\":\"\",\"linkName\":\"\",\"linkType\":\"\",\"uuid\":\"30d3a0c5-27f0-46aa-bfdb-d91a57426f72\"},{\"subtitle\":\"Heading One\",\"transition\":\"{\\\\\\\"offsetxin\\\\\\\":\\\\\\\"-30\\\\\\\",\\\\\\\"offsetyin\\\\\\\":\\\\\\\"0\\\\\\\",\\\\\\\"durationin\\\\\\\":\\\\\\\"1000\\\\\\\",\\\\\\\"delayin\\\\\\\":\\\\\\\"0\\\\\\\",\\\\\\\"easingin\\\\\\\":\\\\\\\"easeInOutQuint\\\\\\\",\\\\\\\"fadein\\\\\\\":true,\\\\\\\"rotatein\\\\\\\":\\\\\\\"0\\\\\\\",\\\\\\\"rotatexin\\\\\\\":\\\\\\\"0\\\\\\\",\\\\\\\"rotateyin\\\\\\\":\\\\\\\"0\\\\\\\",\\\\\\\"transformoriginin\\\\\\\":\\\\\\\"50% 50% 0\\\\\\\",\\\\\\\"skewxin\\\\\\\":\\\\\\\"0\\\\\\\",\\\\\\\"skewyin\\\\\\\":\\\\\\\"0\\\\\\\",\\\\\\\"scalexin\\\\\\\":\\\\\\\"1\\\\\\\",\\\\\\\"scaleyin\\\\\\\":\\\\\\\"1\\\\\\\",\\\\\\\"offsetxout\\\\\\\":\\\\\\\"-30\\\\\\\",\\\\\\\"offsetyout\\\\\\\":\\\\\\\"0\\\\\\\",\\\\\\\"durationout\\\\\\\":\\\\\\\"400\\\\\\\",\\\\\\\"showuntil\\\\\\\":\\\\\\\"0\\\\\\\",\\\\\\\"easingout\\\\\\\":\\\\\\\"easeInOutQuint\\\\\\\",\\\\\\\"fadeout\\\\\\\":true,\\\\\\\"rotateout\\\\\\\":\\\\\\\"0\\\\\\\",\\\\\\\"rotatexout\\\\\\\":\\\\\\\"0\\\\\\\",\\\\\\\"rotateyout\\\\\\\":\\\\\\\"0\\\\\\\",\\\\\\\"transformoriginout\\\\\\\":\\\\\\\"50% 50% 0\\\\\\\",\\\\\\\"skewxout\\\\\\\":\\\\\\\"0\\\\\\\",\\\\\\\"skewyout\\\\\\\":\\\\\\\"0\\\\\\\",\\\\\\\"scalexout\\\\\\\":\\\\\\\"1\\\\\\\",\\\\\\\"scaleyout\\\\\\\":\\\\\\\"1\\\\\\\",\\\\\\\"parallaxlevel\\\\\\\":\\\\\\\"0\\\\\\\"}\",\"styles\":\"{\\\\\\\"font-size\\\\\\\":\\\\\\\"24\\\\\\\",\\\\\\\"top\\\\\\\":\\\\\\\"16px\\\\\\\",\\\\\\\"left\\\\\\\":\\\\\\\"34px\\\\\\\",\\\\\\\"wordwrap\\\\\\\":false}\",\"media\":\"text\",\"type\":\"h5\",\"imageId\":\"\",\"image\":\"\",\"html\":\"World Wide\",\"post_text_length\":\"\",\"url\":\"\",\"target\":\"_self\",\"id\":\"\",\"class\":\"\",\"title\":\"\",\"alt\":\"\",\"rel\":\"\",\"style\":\"\",\"locked\":false,\"skip\":false,\"innerAttributes\":[],\"outerAttributes\":[],\"hasTransforms\":false,\"meta\":[],\"linkId\":\"\",\"linkName\":\"\",\"linkType\":\"\",\"uuid\":\"74ff34b1-46fc-43e0-b193-3a6ec5997dfb\"},{\"subtitle\":\"Message One\",\"transition\":\"{\\\\\\\"offsetxin\\\\\\\":\\\\\\\"-20\\\\\\\",\\\\\\\"offsetyin\\\\\\\":\\\\\\\"0\\\\\\\",\\\\\\\"durationin\\\\\\\":\\\\\\\"1000\\\\\\\",\\\\\\\"delayin\\\\\\\":\\\\\\\"0\\\\\\\",\\\\\\\"easingin\\\\\\\":\\\\\\\"easeInOutQuint\\\\\\\",\\\\\\\"fadein\\\\\\\":true,\\\\\\\"rotatein\\\\\\\":\\\\\\\"0\\\\\\\",\\\\\\\"rotatexin\\\\\\\":\\\\\\\"0\\\\\\\",\\\\\\\"rotateyin\\\\\\\":\\\\\\\"0\\\\\\\",\\\\\\\"transformoriginin\\\\\\\":\\\\\\\"50% 50% 0\\\\\\\",\\\\\\\"skewxin\\\\\\\":\\\\\\\"0\\\\\\\",\\\\\\\"skewyin\\\\\\\":\\\\\\\"0\\\\\\\",\\\\\\\"scalexin\\\\\\\":\\\\\\\"1\\\\\\\",\\\\\\\"scaleyin\\\\\\\":\\\\\\\"1\\\\\\\",\\\\\\\"offsetxout\\\\\\\":\\\\\\\"-20\\\\\\\",\\\\\\\"offsetyout\\\\\\\":\\\\\\\"0\\\\\\\",\\\\\\\"durationout\\\\\\\":\\\\\\\"400\\\\\\\",\\\\\\\"showuntil\\\\\\\":\\\\\\\"0\\\\\\\",\\\\\\\"easingout\\\\\\\":\\\\\\\"easeInOutQuint\\\\\\\",\\\\\\\"fadeout\\\\\\\":true,\\\\\\\"rotateout\\\\\\\":\\\\\\\"0\\\\\\\",\\\\\\\"rotatexout\\\\\\\":\\\\\\\"0\\\\\\\",\\\\\\\"rotateyout\\\\\\\":\\\\\\\"0\\\\\\\",\\\\\\\"transformoriginout\\\\\\\":\\\\\\\"50% 50% 0\\\\\\\",\\\\\\\"skewxout\\\\\\\":\\\\\\\"0\\\\\\\",\\\\\\\"skewyout\\\\\\\":\\\\\\\"0\\\\\\\",\\\\\\\"scalexout\\\\\\\":\\\\\\\"1\\\\\\\",\\\\\\\"scaleyout\\\\\\\":\\\\\\\"1\\\\\\\",\\\\\\\"parallaxlevel\\\\\\\":\\\\\\\"0\\\\\\\"}\",\"styles\":\"{\\\\\\\"width\\\\\\\":\\\\\\\"260px\\\\\\\",\\\\\\\"top\\\\\\\":\\\\\\\"64px\\\\\\\",\\\\\\\"left\\\\\\\":\\\\\\\"34px\\\\\\\",\\\\\\\"wordwrap\\\\\\\":false}\",\"media\":\"text\",\"type\":\"p\",\"imageId\":\"\",\"image\":\"\",\"html\":\"Lorem ipsum dolor sit amet, consectetur adipiscing elit.\",\"post_text_length\":\"\",\"url\":\"\",\"target\":\"_self\",\"id\":\"\",\"class\":\"\",\"title\":\"\",\"alt\":\"\",\"rel\":\"\",\"style\":\"white-space: normal !important; font-size:18px;\",\"locked\":false,\"skip\":false,\"innerAttributes\":[],\"outerAttributes\":[],\"hasTransforms\":false,\"meta\":[],\"linkId\":\"\",\"linkName\":\"\",\"linkType\":\"\",\"uuid\":\"3f56a303-456a-406b-9144-993de8ad5327\"}],\"meta\":{\"activeLayers\":[6],\"undoStackIndex\":10},\"history\":[{\"cmd\":\"layer.general\",\"name\":\"Layer type\",\"updateInfo\":{\"itemIndex\":[1],\"undo\":{\"type\":\"h5\"},\"redo\":{\"type\":\"h3\"}}},{\"cmd\":\"layer.general\",\"name\":\"Layer type\",\"updateInfo\":{\"itemIndex\":[1],\"undo\":{\"type\":\"h3\"},\"redo\":{\"type\":\"h2\"}}},{\"cmd\":\"layer.general\",\"name\":\"Layer type\",\"updateInfo\":{\"itemIndex\":[1],\"undo\":{\"type\":\"h2\"},\"redo\":{\"type\":\"h1\"}}},{\"cmd\":\"layer.general\",\"name\":\"Layer type\",\"updateInfo\":{\"itemIndex\":[1],\"undo\":{\"type\":\"h1\"},\"redo\":{\"type\":\"p\"}}},{\"cmd\":\"layer.general\",\"name\":\"Layer media\",\"updateInfo\":{\"itemIndex\":[1],\"undo\":{\"media\":\"text\"},\"redo\":{\"media\":\"html\"}}},{\"cmd\":\"layer.style\",\"name\":\"Layer settings\",\"updateInfo\":{\"itemIndex\":1,\"undo\":{\"font-size\":\"\"},\"redo\":{\"font-size\":\"18\"}}},{\"cmd\":\"layer.style\",\"name\":\"Layer settings\",\"updateInfo\":{\"itemIndex\":1,\"undo\":{\"font-size\":\"18\"},\"redo\":{\"font-size\":\"24\"}}},{\"cmd\":\"layer.general\",\"name\":\"Layer media\",\"updateInfo\":{\"itemIndex\":[1],\"undo\":{\"media\":\"html\"},\"redo\":{\"media\":\"text\"}}},{\"cmd\":\"layer.general\",\"name\":\"Layer type\",\"updateInfo\":{\"itemIndex\":[1],\"undo\":{\"type\":\"p\"},\"redo\":{\"type\":\"h5\"}}},{\"cmd\":\"layer.style\",\"name\":\"Layer settings\",\"updateInfo\":{\"itemIndex\":4,\"undo\":{\"font-size\":\"\"},\"redo\":{\"font-size\":\"24\"}}},{\"cmd\":\"slide.general\",\"name\":\"Slide settings\",\"updateInfo\":[{\"itemIndex\":0,\"undo\":{\"layer_link\":\"https:\\/\\/themeforest.net\\/item\\/avada-responsive-multipurpose-theme\\/2833226?ref=ThemeFusion\"},\"redo\":{\"layer_link\":\"https:\\/\\/bit.ly\\/2l3jd8A\"}}]}]},{\"properties\":{\"post_offset\":\"-1\",\"3d_transitions\":\"\",\"2d_transitions\":\"\",\"custom_3d_transitions\":\"\",\"custom_2d_transitions\":\"\",\"backgroundId\":\"\",\"background\":\"\",\"bgsize\":\"inherit\",\"bgposition\":\"inherit\",\"bgcolor\":\"\",\"thumbnailId\":\"\",\"thumbnail\":\"\",\"slidedelay\":\"4000\",\"timeshift\":\"0\",\"transitionduration\":\"\",\"layer_link\":\"https:\\/\\/bit.ly\\/2l3jd8A\",\"linkId\":\"\",\"linkName\":\"\",\"linkType\":\"\",\"layer_link_target\":\"_blank\",\"layer_link_type\":\"over\",\"deeplink\":\"\",\"globalhover\":false,\"overflow\":false,\"kenburnszoom\":\"disabled\",\"kenburnsscale\":\"1.2\",\"kenburnsrotate\":\"\",\"parallaxtype\":\"2d\",\"parallaxevent\":\"cursor\",\"parallaxaxis\":\"both\",\"parallaxtransformorigin\":\"50% 50% 0\",\"parallaxdurationmove\":\"1500\",\"parallaxdurationleave\":\"1200\",\"parallaxdistance\":\"10\",\"parallaxrotate\":\"10\",\"parallaxtransformperspective\":\"500\",\"id\":\"\",\"skip\":false,\"post_content\":false,\"customProperties\":[]},\"sublayers\":[{\"subtitle\":\"Layer #1\",\"transition\":\"{\\\\\\\"offsetxin\\\\\\\":\\\\\\\"0\\\\\\\",\\\\\\\"offsetyin\\\\\\\":\\\\\\\"400\\\\\\\",\\\\\\\"durationin\\\\\\\":\\\\\\\"1000\\\\\\\",\\\\\\\"delayin\\\\\\\":\\\\\\\"0\\\\\\\",\\\\\\\"easingin\\\\\\\":\\\\\\\"easeInOutQuint\\\\\\\",\\\\\\\"fadein\\\\\\\":true,\\\\\\\"rotatein\\\\\\\":\\\\\\\"0\\\\\\\",\\\\\\\"rotatexin\\\\\\\":\\\\\\\"0\\\\\\\",\\\\\\\"rotateyin\\\\\\\":\\\\\\\"0\\\\\\\",\\\\\\\"transformoriginin\\\\\\\":\\\\\\\"50% 50% 0\\\\\\\",\\\\\\\"skewxin\\\\\\\":\\\\\\\"0\\\\\\\",\\\\\\\"skewyin\\\\\\\":\\\\\\\"0\\\\\\\",\\\\\\\"scalexin\\\\\\\":\\\\\\\"1\\\\\\\",\\\\\\\"scaleyin\\\\\\\":\\\\\\\"1\\\\\\\",\\\\\\\"offsetxout\\\\\\\":\\\\\\\"0\\\\\\\",\\\\\\\"offsetyout\\\\\\\":\\\\\\\"400\\\\\\\",\\\\\\\"durationout\\\\\\\":\\\\\\\"400\\\\\\\",\\\\\\\"showuntil\\\\\\\":\\\\\\\"0\\\\\\\",\\\\\\\"easingout\\\\\\\":\\\\\\\"easeInOutQuint\\\\\\\",\\\\\\\"fadeout\\\\\\\":true,\\\\\\\"rotateout\\\\\\\":\\\\\\\"0\\\\\\\",\\\\\\\"rotatexout\\\\\\\":\\\\\\\"0\\\\\\\",\\\\\\\"rotateyout\\\\\\\":\\\\\\\"0\\\\\\\",\\\\\\\"transformoriginout\\\\\\\":\\\\\\\"50% 50% 0\\\\\\\",\\\\\\\"skewxout\\\\\\\":\\\\\\\"0\\\\\\\",\\\\\\\"skewyout\\\\\\\":\\\\\\\"0\\\\\\\",\\\\\\\"scalexout\\\\\\\":\\\\\\\"1\\\\\\\",\\\\\\\"scaleyout\\\\\\\":\\\\\\\"1\\\\\\\",\\\\\\\"parallaxlevel\\\\\\\":\\\\\\\"0\\\\\\\"}\",\"styles\":\"{\\\\\\\"width\\\\\\\":\\\\\\\"1170px\\\\\\\",\\\\\\\"height\\\\\\\":\\\\\\\"558px\\\\\\\",\\\\\\\"top\\\\\\\":\\\\\\\"0px\\\\\\\",\\\\\\\"left\\\\\\\":\\\\\\\"0px\\\\\\\",\\\\\\\"wordwrap\\\\\\\":false}\",\"media\":\"img\",\"type\":\"p\",\"imageId\":2066,\"image\":\"http:\\/\\/testsite.wildrivertech.com\\/wp-content\\/uploads\\/layerslider\\/projects\\/Intro-Featured\\/tech-vr-headset.png\",\"html\":\"\",\"post_text_length\":\"\",\"url\":\"\",\"target\":\"_self\",\"id\":\"\",\"class\":\"\",\"title\":\"\",\"alt\":\"\",\"rel\":\"\",\"style\":\"\",\"imageThumb\":\"https:\\/\\/avada.theme-fusion.com\\/technology\\/wp-content\\/uploads\\/sites\\/74\\/2016\\/08\\/tech-vr-headset-300x143.png\",\"skip\":false,\"innerAttributes\":[],\"outerAttributes\":[],\"hasTransforms\":false,\"meta\":[],\"linkId\":\"\",\"linkName\":\"\",\"linkType\":\"\",\"uuid\":\"0d3cab32-f45e-4ce7-8bad-f218c7a3e80a\"},{\"subtitle\":\"Line Right\",\"transition\":\"{\\\\\\\"offsetxin\\\\\\\":\\\\\\\"-130\\\\\\\",\\\\\\\"offsetyin\\\\\\\":\\\\\\\"0\\\\\\\",\\\\\\\"durationin\\\\\\\":\\\\\\\"1000\\\\\\\",\\\\\\\"delayin\\\\\\\":\\\\\\\"0\\\\\\\",\\\\\\\"easingin\\\\\\\":\\\\\\\"easeInOutQuint\\\\\\\",\\\\\\\"fadein\\\\\\\":true,\\\\\\\"rotatein\\\\\\\":\\\\\\\"0\\\\\\\",\\\\\\\"rotatexin\\\\\\\":\\\\\\\"0\\\\\\\",\\\\\\\"rotateyin\\\\\\\":\\\\\\\"0\\\\\\\",\\\\\\\"transformoriginin\\\\\\\":\\\\\\\"50% 50% 0\\\\\\\",\\\\\\\"skewxin\\\\\\\":\\\\\\\"0\\\\\\\",\\\\\\\"skewyin\\\\\\\":\\\\\\\"0\\\\\\\",\\\\\\\"scalexin\\\\\\\":\\\\\\\"1\\\\\\\",\\\\\\\"scaleyin\\\\\\\":\\\\\\\"1\\\\\\\",\\\\\\\"offsetxout\\\\\\\":\\\\\\\"-130\\\\\\\",\\\\\\\"offsetyout\\\\\\\":\\\\\\\"0\\\\\\\",\\\\\\\"durationout\\\\\\\":\\\\\\\"400\\\\\\\",\\\\\\\"showuntil\\\\\\\":\\\\\\\"0\\\\\\\",\\\\\\\"easingout\\\\\\\":\\\\\\\"easeInOutQuint\\\\\\\",\\\\\\\"fadeout\\\\\\\":true,\\\\\\\"rotateout\\\\\\\":\\\\\\\"0\\\\\\\",\\\\\\\"rotatexout\\\\\\\":\\\\\\\"0\\\\\\\",\\\\\\\"rotateyout\\\\\\\":\\\\\\\"0\\\\\\\",\\\\\\\"transformoriginout\\\\\\\":\\\\\\\"50% 50% 0\\\\\\\",\\\\\\\"skewxout\\\\\\\":\\\\\\\"0\\\\\\\",\\\\\\\"skewyout\\\\\\\":\\\\\\\"0\\\\\\\",\\\\\\\"scalexout\\\\\\\":\\\\\\\"1\\\\\\\",\\\\\\\"scaleyout\\\\\\\":\\\\\\\"1\\\\\\\",\\\\\\\"parallaxlevel\\\\\\\":\\\\\\\"0\\\\\\\"}\",\"styles\":\"{\\\\\\\"top\\\\\\\":\\\\\\\"56px\\\\\\\",\\\\\\\"left\\\\\\\":\\\\\\\"720px\\\\\\\",\\\\\\\"wordwrap\\\\\\\":false}\",\"media\":\"img\",\"type\":\"p\",\"imageId\":2065,\"image\":\"http:\\/\\/testsite.wildrivertech.com\\/wp-content\\/uploads\\/layerslider\\/projects\\/Intro-Featured\\/01-tech-right.png\",\"html\":\"\",\"post_text_length\":\"\",\"url\":\"\",\"target\":\"_self\",\"id\":\"\",\"class\":\"\",\"title\":\"\",\"alt\":\"\",\"rel\":\"\",\"style\":\"\",\"imageThumb\":\"https:\\/\\/avada.theme-fusion.com\\/technology\\/wp-content\\/uploads\\/sites\\/74\\/2016\\/08\\/01-tech-right.png\",\"skip\":false,\"locked\":false,\"innerAttributes\":[],\"outerAttributes\":[],\"hasTransforms\":false,\"meta\":[],\"linkId\":\"\",\"linkName\":\"\",\"linkType\":\"\",\"uuid\":\"371bcecc-1b83-4695-be59-39bc5eafcb9c\"},{\"subtitle\":\"Heading Four\",\"transition\":\"{\\\\\\\"offsetxin\\\\\\\":\\\\\\\"-30\\\\\\\",\\\\\\\"offsetyin\\\\\\\":\\\\\\\"0\\\\\\\",\\\\\\\"durationin\\\\\\\":\\\\\\\"1000\\\\\\\",\\\\\\\"delayin\\\\\\\":\\\\\\\"0\\\\\\\",\\\\\\\"easingin\\\\\\\":\\\\\\\"easeInOutQuint\\\\\\\",\\\\\\\"fadein\\\\\\\":true,\\\\\\\"rotatein\\\\\\\":\\\\\\\"0\\\\\\\",\\\\\\\"rotatexin\\\\\\\":\\\\\\\"0\\\\\\\",\\\\\\\"rotateyin\\\\\\\":\\\\\\\"0\\\\\\\",\\\\\\\"transformoriginin\\\\\\\":\\\\\\\"50% 50% 0\\\\\\\",\\\\\\\"skewxin\\\\\\\":\\\\\\\"0\\\\\\\",\\\\\\\"skewyin\\\\\\\":\\\\\\\"0\\\\\\\",\\\\\\\"scalexin\\\\\\\":\\\\\\\"1\\\\\\\",\\\\\\\"scaleyin\\\\\\\":\\\\\\\"1\\\\\\\",\\\\\\\"offsetxout\\\\\\\":\\\\\\\"-30\\\\\\\",\\\\\\\"offsetyout\\\\\\\":\\\\\\\"0\\\\\\\",\\\\\\\"durationout\\\\\\\":\\\\\\\"400\\\\\\\",\\\\\\\"showuntil\\\\\\\":\\\\\\\"0\\\\\\\",\\\\\\\"easingout\\\\\\\":\\\\\\\"easeInOutQuint\\\\\\\",\\\\\\\"fadeout\\\\\\\":true,\\\\\\\"rotateout\\\\\\\":\\\\\\\"0\\\\\\\",\\\\\\\"rotatexout\\\\\\\":\\\\\\\"0\\\\\\\",\\\\\\\"rotateyout\\\\\\\":\\\\\\\"0\\\\\\\",\\\\\\\"transformoriginout\\\\\\\":\\\\\\\"50% 50% 0\\\\\\\",\\\\\\\"skewxout\\\\\\\":\\\\\\\"0\\\\\\\",\\\\\\\"skewyout\\\\\\\":\\\\\\\"0\\\\\\\",\\\\\\\"scalexout\\\\\\\":\\\\\\\"1\\\\\\\",\\\\\\\"scaleyout\\\\\\\":\\\\\\\"1\\\\\\\",\\\\\\\"parallaxlevel\\\\\\\":\\\\\\\"0\\\\\\\"}\",\"styles\":\"{\\\\\\\"top\\\\\\\":\\\\\\\"45px\\\\\\\",\\\\\\\"left\\\\\\\":\\\\\\\"912px\\\\\\\",\\\\\\\"wordwrap\\\\\\\":false,\\\\\\\"font-size\\\\\\\":\\\\\\\"24\\\\\\\"}\",\"media\":\"text\",\"type\":\"h5\",\"imageId\":\"\",\"image\":\"\",\"html\":\"Unstoppable\",\"post_text_length\":\"\",\"url\":\"\",\"target\":\"_self\",\"id\":\"\",\"class\":\"\",\"title\":\"\",\"alt\":\"\",\"rel\":\"\",\"style\":\"\",\"locked\":false,\"skip\":false,\"innerAttributes\":[],\"outerAttributes\":[],\"hasTransforms\":false,\"meta\":[],\"linkId\":\"\",\"linkName\":\"\",\"linkType\":\"\",\"uuid\":\"ccccf42e-2bf9-4eab-9533-a457025ae790\"},{\"subtitle\":\"Message Four\",\"transition\":\"{\\\\\\\"offsetxin\\\\\\\":\\\\\\\"-20\\\\\\\",\\\\\\\"offsetyin\\\\\\\":\\\\\\\"0\\\\\\\",\\\\\\\"durationin\\\\\\\":\\\\\\\"1000\\\\\\\",\\\\\\\"delayin\\\\\\\":\\\\\\\"0\\\\\\\",\\\\\\\"easingin\\\\\\\":\\\\\\\"easeInOutQuint\\\\\\\",\\\\\\\"fadein\\\\\\\":true,\\\\\\\"rotatein\\\\\\\":\\\\\\\"0\\\\\\\",\\\\\\\"rotatexin\\\\\\\":\\\\\\\"0\\\\\\\",\\\\\\\"rotateyin\\\\\\\":\\\\\\\"0\\\\\\\",\\\\\\\"transformoriginin\\\\\\\":\\\\\\\"50% 50% 0\\\\\\\",\\\\\\\"skewxin\\\\\\\":\\\\\\\"0\\\\\\\",\\\\\\\"skewyin\\\\\\\":\\\\\\\"0\\\\\\\",\\\\\\\"scalexin\\\\\\\":\\\\\\\"1\\\\\\\",\\\\\\\"scaleyin\\\\\\\":\\\\\\\"1\\\\\\\",\\\\\\\"offsetxout\\\\\\\":\\\\\\\"-20\\\\\\\",\\\\\\\"offsetyout\\\\\\\":\\\\\\\"0\\\\\\\",\\\\\\\"durationout\\\\\\\":\\\\\\\"400\\\\\\\",\\\\\\\"showuntil\\\\\\\":\\\\\\\"0\\\\\\\",\\\\\\\"easingout\\\\\\\":\\\\\\\"easeInOutQuint\\\\\\\",\\\\\\\"fadeout\\\\\\\":true,\\\\\\\"rotateout\\\\\\\":\\\\\\\"0\\\\\\\",\\\\\\\"rotatexout\\\\\\\":\\\\\\\"0\\\\\\\",\\\\\\\"rotateyout\\\\\\\":\\\\\\\"0\\\\\\\",\\\\\\\"transformoriginout\\\\\\\":\\\\\\\"50% 50% 0\\\\\\\",\\\\\\\"skewxout\\\\\\\":\\\\\\\"0\\\\\\\",\\\\\\\"skewyout\\\\\\\":\\\\\\\"0\\\\\\\",\\\\\\\"scalexout\\\\\\\":\\\\\\\"1\\\\\\\",\\\\\\\"scaleyout\\\\\\\":\\\\\\\"1\\\\\\\",\\\\\\\"parallaxlevel\\\\\\\":\\\\\\\"0\\\\\\\"}\",\"styles\":\"{\\\\\\\"width\\\\\\\":\\\\\\\"260px\\\\\\\",\\\\\\\"top\\\\\\\":\\\\\\\"96px\\\\\\\",\\\\\\\"left\\\\\\\":\\\\\\\"912px\\\\\\\",\\\\\\\"wordwrap\\\\\\\":false}\",\"media\":\"text\",\"type\":\"p\",\"imageId\":\"\",\"image\":\"\",\"html\":\"Lorem ipsum dolor sit amet, consectetur adipiscing elit.\",\"post_text_length\":\"\",\"url\":\"\",\"target\":\"_self\",\"id\":\"\",\"class\":\"\",\"title\":\"\",\"alt\":\"\",\"rel\":\"\",\"style\":\"white-space: normal !important; font-size:18px;\",\"locked\":false,\"skip\":false,\"innerAttributes\":[],\"outerAttributes\":[],\"hasTransforms\":false,\"meta\":[],\"linkId\":\"\",\"linkName\":\"\",\"linkType\":\"\",\"uuid\":\"b8ac2f2e-0e7a-4dae-8e18-239f230f473b\"},{\"subtitle\":\"Line Left\",\"transition\":\"{\\\\\\\"offsetxin\\\\\\\":\\\\\\\"150\\\\\\\",\\\\\\\"offsetyin\\\\\\\":\\\\\\\"0\\\\\\\",\\\\\\\"durationin\\\\\\\":\\\\\\\"1000\\\\\\\",\\\\\\\"delayin\\\\\\\":\\\\\\\"0\\\\\\\",\\\\\\\"easingin\\\\\\\":\\\\\\\"easeInOutQuint\\\\\\\",\\\\\\\"fadein\\\\\\\":true,\\\\\\\"rotatein\\\\\\\":\\\\\\\"0\\\\\\\",\\\\\\\"rotatexin\\\\\\\":\\\\\\\"0\\\\\\\",\\\\\\\"rotateyin\\\\\\\":\\\\\\\"0\\\\\\\",\\\\\\\"transformoriginin\\\\\\\":\\\\\\\"50% 50% 0\\\\\\\",\\\\\\\"skewxin\\\\\\\":\\\\\\\"0\\\\\\\",\\\\\\\"skewyin\\\\\\\":\\\\\\\"0\\\\\\\",\\\\\\\"scalexin\\\\\\\":\\\\\\\"1\\\\\\\",\\\\\\\"scaleyin\\\\\\\":\\\\\\\"1\\\\\\\",\\\\\\\"offsetxout\\\\\\\":\\\\\\\"150\\\\\\\",\\\\\\\"offsetyout\\\\\\\":\\\\\\\"0\\\\\\\",\\\\\\\"durationout\\\\\\\":\\\\\\\"400\\\\\\\",\\\\\\\"showuntil\\\\\\\":\\\\\\\"0\\\\\\\",\\\\\\\"easingout\\\\\\\":\\\\\\\"easeInOutQuint\\\\\\\",\\\\\\\"fadeout\\\\\\\":true,\\\\\\\"rotateout\\\\\\\":\\\\\\\"0\\\\\\\",\\\\\\\"rotatexout\\\\\\\":\\\\\\\"0\\\\\\\",\\\\\\\"rotateyout\\\\\\\":\\\\\\\"0\\\\\\\",\\\\\\\"transformoriginout\\\\\\\":\\\\\\\"50% 50% 0\\\\\\\",\\\\\\\"skewxout\\\\\\\":\\\\\\\"0\\\\\\\",\\\\\\\"skewyout\\\\\\\":\\\\\\\"0\\\\\\\",\\\\\\\"scalexout\\\\\\\":\\\\\\\"1\\\\\\\",\\\\\\\"scaleyout\\\\\\\":\\\\\\\"1\\\\\\\",\\\\\\\"parallaxlevel\\\\\\\":\\\\\\\"0\\\\\\\"}\",\"styles\":\"{\\\\\\\"top\\\\\\\":\\\\\\\"49px\\\\\\\",\\\\\\\"left\\\\\\\":\\\\\\\"213px\\\\\\\",\\\\\\\"wordwrap\\\\\\\":false}\",\"media\":\"img\",\"type\":\"p\",\"imageId\":2064,\"image\":\"http:\\/\\/testsite.wildrivertech.com\\/wp-content\\/uploads\\/layerslider\\/projects\\/Intro-Featured\\/01-tech-left.png\",\"html\":\"\",\"post_text_length\":\"\",\"url\":\"\",\"target\":\"_self\",\"id\":\"\",\"class\":\"\",\"title\":\"\",\"alt\":\"\",\"rel\":\"\",\"style\":\"\",\"imageThumb\":\"https:\\/\\/avada.theme-fusion.com\\/technology\\/wp-content\\/uploads\\/sites\\/74\\/2016\\/08\\/01-tech-left-156x300.png\",\"skip\":false,\"locked\":false,\"innerAttributes\":[],\"outerAttributes\":[],\"hasTransforms\":false,\"meta\":[],\"linkId\":\"\",\"linkName\":\"\",\"linkType\":\"\",\"uuid\":\"7f45e43a-12ba-4390-9ab8-71a62871079a\"},{\"subtitle\":\"Heading Three\",\"transition\":\"{\\\\\\\"offsetxin\\\\\\\":\\\\\\\"-30\\\\\\\",\\\\\\\"offsetyin\\\\\\\":\\\\\\\"0\\\\\\\",\\\\\\\"durationin\\\\\\\":\\\\\\\"1000\\\\\\\",\\\\\\\"delayin\\\\\\\":\\\\\\\"0\\\\\\\",\\\\\\\"easingin\\\\\\\":\\\\\\\"easeInOutQuint\\\\\\\",\\\\\\\"fadein\\\\\\\":true,\\\\\\\"rotatein\\\\\\\":\\\\\\\"0\\\\\\\",\\\\\\\"rotatexin\\\\\\\":\\\\\\\"0\\\\\\\",\\\\\\\"rotateyin\\\\\\\":\\\\\\\"0\\\\\\\",\\\\\\\"transformoriginin\\\\\\\":\\\\\\\"50% 50% 0\\\\\\\",\\\\\\\"skewxin\\\\\\\":\\\\\\\"0\\\\\\\",\\\\\\\"skewyin\\\\\\\":\\\\\\\"0\\\\\\\",\\\\\\\"scalexin\\\\\\\":\\\\\\\"1\\\\\\\",\\\\\\\"scaleyin\\\\\\\":\\\\\\\"1\\\\\\\",\\\\\\\"offsetxout\\\\\\\":\\\\\\\"-30\\\\\\\",\\\\\\\"offsetyout\\\\\\\":\\\\\\\"0\\\\\\\",\\\\\\\"durationout\\\\\\\":\\\\\\\"400\\\\\\\",\\\\\\\"showuntil\\\\\\\":\\\\\\\"0\\\\\\\",\\\\\\\"easingout\\\\\\\":\\\\\\\"easeInOutQuint\\\\\\\",\\\\\\\"fadeout\\\\\\\":true,\\\\\\\"rotateout\\\\\\\":\\\\\\\"0\\\\\\\",\\\\\\\"rotatexout\\\\\\\":\\\\\\\"0\\\\\\\",\\\\\\\"rotateyout\\\\\\\":\\\\\\\"0\\\\\\\",\\\\\\\"transformoriginout\\\\\\\":\\\\\\\"50% 50% 0\\\\\\\",\\\\\\\"skewxout\\\\\\\":\\\\\\\"0\\\\\\\",\\\\\\\"skewyout\\\\\\\":\\\\\\\"0\\\\\\\",\\\\\\\"scalexout\\\\\\\":\\\\\\\"1\\\\\\\",\\\\\\\"scaleyout\\\\\\\":\\\\\\\"1\\\\\\\",\\\\\\\"parallaxlevel\\\\\\\":\\\\\\\"0\\\\\\\"}\",\"styles\":\"{\\\\\\\"top\\\\\\\":\\\\\\\"36px\\\\\\\",\\\\\\\"left\\\\\\\":\\\\\\\"34px\\\\\\\",\\\\\\\"wordwrap\\\\\\\":false,\\\\\\\"font-size\\\\\\\":\\\\\\\"24\\\\\\\"}\",\"media\":\"text\",\"type\":\"h5\",\"imageId\":\"\",\"image\":\"\",\"html\":\"Virtually\",\"post_text_length\":\"\",\"url\":\"\",\"target\":\"_self\",\"id\":\"\",\"class\":\"\",\"title\":\"\",\"alt\":\"\",\"rel\":\"\",\"style\":\"\",\"locked\":false,\"skip\":false,\"innerAttributes\":[],\"outerAttributes\":[],\"hasTransforms\":false,\"meta\":[],\"linkId\":\"\",\"linkName\":\"\",\"linkType\":\"\",\"uuid\":\"64a38ae7-4012-4770-9183-7cb3b12cadce\"},{\"subtitle\":\"Message Three\",\"transition\":\"{\\\\\\\"offsetxin\\\\\\\":\\\\\\\"-20\\\\\\\",\\\\\\\"offsetyin\\\\\\\":\\\\\\\"0\\\\\\\",\\\\\\\"durationin\\\\\\\":\\\\\\\"1000\\\\\\\",\\\\\\\"delayin\\\\\\\":\\\\\\\"0\\\\\\\",\\\\\\\"easingin\\\\\\\":\\\\\\\"easeInOutQuint\\\\\\\",\\\\\\\"fadein\\\\\\\":true,\\\\\\\"rotatein\\\\\\\":\\\\\\\"0\\\\\\\",\\\\\\\"rotatexin\\\\\\\":\\\\\\\"0\\\\\\\",\\\\\\\"rotateyin\\\\\\\":\\\\\\\"0\\\\\\\",\\\\\\\"transformoriginin\\\\\\\":\\\\\\\"50% 50% 0\\\\\\\",\\\\\\\"skewxin\\\\\\\":\\\\\\\"0\\\\\\\",\\\\\\\"skewyin\\\\\\\":\\\\\\\"0\\\\\\\",\\\\\\\"scalexin\\\\\\\":\\\\\\\"1\\\\\\\",\\\\\\\"scaleyin\\\\\\\":\\\\\\\"1\\\\\\\",\\\\\\\"offsetxout\\\\\\\":\\\\\\\"-20\\\\\\\",\\\\\\\"offsetyout\\\\\\\":\\\\\\\"0\\\\\\\",\\\\\\\"durationout\\\\\\\":\\\\\\\"400\\\\\\\",\\\\\\\"showuntil\\\\\\\":\\\\\\\"0\\\\\\\",\\\\\\\"easingout\\\\\\\":\\\\\\\"easeInOutQuint\\\\\\\",\\\\\\\"fadeout\\\\\\\":true,\\\\\\\"rotateout\\\\\\\":\\\\\\\"0\\\\\\\",\\\\\\\"rotatexout\\\\\\\":\\\\\\\"0\\\\\\\",\\\\\\\"rotateyout\\\\\\\":\\\\\\\"0\\\\\\\",\\\\\\\"transformoriginout\\\\\\\":\\\\\\\"50% 50% 0\\\\\\\",\\\\\\\"skewxout\\\\\\\":\\\\\\\"0\\\\\\\",\\\\\\\"skewyout\\\\\\\":\\\\\\\"0\\\\\\\",\\\\\\\"scalexout\\\\\\\":\\\\\\\"1\\\\\\\",\\\\\\\"scaleyout\\\\\\\":\\\\\\\"1\\\\\\\",\\\\\\\"parallaxlevel\\\\\\\":\\\\\\\"0\\\\\\\"}\",\"styles\":\"{\\\\\\\"width\\\\\\\":\\\\\\\"260px\\\\\\\",\\\\\\\"top\\\\\\\":\\\\\\\"84px\\\\\\\",\\\\\\\"left\\\\\\\":\\\\\\\"34px\\\\\\\",\\\\\\\"wordwrap\\\\\\\":false}\",\"media\":\"text\",\"type\":\"p\",\"imageId\":\"\",\"image\":\"\",\"html\":\"Lorem ipsum dolor sit amet, consectetur adipiscing elit.\",\"post_text_length\":\"\",\"url\":\"\",\"target\":\"_self\",\"id\":\"\",\"class\":\"\",\"title\":\"\",\"alt\":\"\",\"rel\":\"\",\"style\":\"white-space: normal !important; font-size:18px;\",\"locked\":false,\"skip\":false,\"innerAttributes\":[],\"outerAttributes\":[],\"hasTransforms\":false,\"meta\":[],\"linkId\":\"\",\"linkName\":\"\",\"linkType\":\"\",\"uuid\":\"9b1adca2-241c-446f-b3d0-97005fca93d3\"}],\"meta\":{\"activeLayers\":[6],\"undoStackIndex\":4},\"history\":[{\"cmd\":\"layer.style\",\"name\":\"Layer settings\",\"updateInfo\":{\"itemIndex\":1,\"undo\":{\"font-size\":\"\"},\"redo\":{\"font-size\":\"24\"}}},{\"cmd\":\"layer.style\",\"name\":\"Layer settings\",\"updateInfo\":{\"itemIndex\":4,\"undo\":{\"font-size\":\"\"},\"redo\":{\"font-size\":\"24\"}}},{\"cmd\":\"layer.general\",\"name\":\"Hide layer\",\"updateInfo\":[{\"itemIndex\":0,\"undo\":{\"skip\":false},\"redo\":{\"skip\":true}}]},{\"cmd\":\"layer.general\",\"name\":\"Hide layer\",\"updateInfo\":[{\"itemIndex\":0,\"undo\":{\"skip\":true},\"redo\":{\"skip\":false}}]},{\"cmd\":\"slide.general\",\"name\":\"Slide settings\",\"updateInfo\":[{\"itemIndex\":1,\"undo\":{\"layer_link\":\"https:\\/\\/themeforest.net\\/item\\/avada-responsive-multipurpose-theme\\/2833226?ref=ThemeFusion\"},\"redo\":{\"layer_link\":\"https:\\/\\/bit.ly\\/2l3jd8A\"}}]}]}],\"googlefonts\":[]}',1647025452,1647025452,0,0,0,0,0,0,0),(2,NULL,2,'Technology','technology','{\"properties\":{\"title\":\"Technology\",\"slug\":\"technology\",\"sliderVersion\":\"6.8.4\",\"status\":true,\"schedule_start\":\"\",\"schedule_end\":\"\",\"type\":\"fullwidth\",\"width\":1170,\"height\":922,\"maxwidth\":\"\",\"responsiveunder\":\"0\",\"fullSizeMode\":\"normal\",\"fitScreenWidth\":true,\"allowFullscreen\":true,\"maxRatio\":\"\",\"insertMethod\":\"prependTo\",\"insertSelector\":\"\",\"clipSlideTransition\":\"disabled\",\"preventSliderClip\":true,\"hideunder\":\"0\",\"hideover\":\"10000\",\"slideOnSwipe\":true,\"optimizeForMobile\":true,\"firstlayer\":\"1\",\"autostart\":true,\"startinviewport\":true,\"pauseonhover\":\"enabled\",\"keybnav\":true,\"touchnav\":true,\"playByScrollSpeed\":\"1\",\"loops\":\"0\",\"forceloopnum\":true,\"skin\":\"noskin\",\"sliderfadeinduration\":\"0\",\"sliderclass\":\"\",\"sliderstyle\":\"margin-bottom: 0px;\",\"backgroundcolor\":\"#bdbdbd\",\"backgroundimageId\":\"\",\"backgroundimage\":\"\",\"globalBGRepeat\":\"no-repeat\",\"globalBGAttachment\":\"scroll\",\"globalBGPosition\":\"50% 50%\",\"globalBGSize\":\"auto\",\"navprevnext\":true,\"navstartstop\":true,\"navbuttons\":true,\"hoverprevnext\":true,\"thumb_nav\":\"hover\",\"thumb_container_width\":\"60%\",\"thumb_width\":\"100\",\"thumb_height\":\"60\",\"thumb_active_opacity\":\"35\",\"thumb_inactive_opacity\":\"100\",\"autoplayvideos\":true,\"rememberUnmuteState\":true,\"autopauseslideshow\":\"auto\",\"youtubepreview\":\"maxresdefault.jpg\",\"popupPositionHorizontal\":\"center\",\"popupPositionVertical\":\"middle\",\"popupWidth\":\"640\",\"popupHeight\":\"360\",\"popupDistanceLeft\":\"10\",\"popupDistanceRight\":\"10\",\"popupDistanceTop\":\"10\",\"popupDistanceBottom\":\"10\",\"popupShowOnTimeout\":\"\",\"popupShowOnIdle\":\"\",\"popupShowOnScroll\":\"\",\"popupShowOnClick\":\"\",\"popupCloseOnTimeout\":\"\",\"popupCloseOnScroll\":\"\",\"popup_repeat\":true,\"popup_repeat_days\":\"\",\"popupShowOnce\":true,\"popup_pages_custom\":\"\",\"popup_pages_exclude\":\"\",\"popup_roles_administrator\":true,\"popup_roles_editor\":true,\"popup_roles_author\":true,\"popup_roles_contributor\":true,\"popup_roles_subscriber\":true,\"popup_roles_visitor\":true,\"popupTransitionIn\":\"fade\",\"popupDurationIn\":\"1000\",\"popupDelayIn\":\"200\",\"popupTransitionOut\":\"fade\",\"popupDurationOut\":\"500\",\"popupResetOnClose\":\"slide\",\"popupShowCloseButton\":true,\"popupCloseButtonStyle\":\"\",\"popupOverlayClickToClose\":true,\"popupOverlayBackground\":\"rgba(0,0,0,.85)\",\"popupOverlayTransitionIn\":\"fade\",\"popupOverlayDurationIn\":\"400\",\"popupOverlayTransitionOut\":\"fade\",\"popupOverlayDurationOut\":\"400\",\"yourlogoId\":\"\",\"yourlogo\":\"\",\"yourlogostyle\":\"left: -10px; top: -10px;\",\"yourlogolink\":\"\",\"yourlogotarget\":\"_self\",\"slideBGSize\":\"auto\",\"slideBGPosition\":\"50% 50%\",\"parallaxSensitivity\":\"10\",\"parallaxCenterLayers\":\"center\",\"parallaxCenterDegree\":\"40\",\"forceLayersOutDuration\":\"750\",\"useSrcset\":true,\"preferBlendMode\":\"disabled\",\"previewId\":\"\",\"preview\":\"\",\"responsive\":false,\"sublayercontainer\":\"0\",\"animatefirstlayer\":true,\"forceresponsive\":false,\"cbinit\":\"function(element) {\\r\\n\\r\\n}\",\"cbstart\":\"function(data) {\\r\\n\\r\\n}\",\"cbstop\":\"function(data) {\\r\\n\\r\\n}\",\"cbpause\":\"function(data) {\\r\\n\\r\\n}\",\"cbanimstart\":\"function(data) {\\r\\n\\r\\n}\",\"cbanimstop\":\"function(data) {\\r\\n\\r\\n}\",\"cbprev\":\"function(data) {\\r\\n\\r\\n}\",\"cbnext\":\"function(data) {\\r\\n\\r\\n}\",\"circletimer\":false},\"layers\":[{\"properties\":{\"post_offset\":\"-1\",\"3d_transitions\":\"\",\"2d_transitions\":\"\",\"custom_3d_transitions\":\"\",\"custom_2d_transitions\":\"\",\"backgroundId\":\"\",\"background\":\"\",\"bgsize\":\"inherit\",\"bgposition\":\"inherit\",\"bgcolor\":\"\",\"thumbnailId\":\"\",\"thumbnail\":\"\",\"slidedelay\":\"4000\",\"timeshift\":\"0\",\"transitionduration\":\"\",\"layer_link\":\"https:\\/\\/bit.ly\\/2l3jd8A\",\"linkId\":\"\",\"linkName\":\"\",\"linkType\":\"\",\"layer_link_target\":\"_blank\",\"layer_link_type\":\"over\",\"deeplink\":\"\",\"globalhover\":false,\"overflow\":false,\"kenburnszoom\":\"disabled\",\"kenburnsscale\":\"1.2\",\"kenburnsrotate\":\"\",\"parallaxtype\":\"2d\",\"parallaxevent\":\"cursor\",\"parallaxaxis\":\"both\",\"parallaxtransformorigin\":\"50% 50% 0\",\"parallaxdurationmove\":\"1500\",\"parallaxdurationleave\":\"1200\",\"parallaxdistance\":\"10\",\"parallaxrotate\":\"10\",\"parallaxtransformperspective\":\"500\",\"skip\":false,\"id\":\"\",\"post_content\":false,\"customProperties\":[]},\"sublayers\":[{\"subtitle\":\"Mesh BG\",\"transition\":\"{\\\\\\\"offsetxin\\\\\\\":\\\\\\\"0\\\\\\\",\\\\\\\"offsetyin\\\\\\\":\\\\\\\"300\\\\\\\",\\\\\\\"durationin\\\\\\\":\\\\\\\"1000\\\\\\\",\\\\\\\"delayin\\\\\\\":\\\\\\\"0\\\\\\\",\\\\\\\"easingin\\\\\\\":\\\\\\\"easeInOutQuint\\\\\\\",\\\\\\\"fadein\\\\\\\":true,\\\\\\\"rotatein\\\\\\\":\\\\\\\"0\\\\\\\",\\\\\\\"rotatexin\\\\\\\":\\\\\\\"0\\\\\\\",\\\\\\\"rotateyin\\\\\\\":\\\\\\\"0\\\\\\\",\\\\\\\"transformoriginin\\\\\\\":\\\\\\\"50% 50% 0\\\\\\\",\\\\\\\"skewxin\\\\\\\":\\\\\\\"0\\\\\\\",\\\\\\\"skewyin\\\\\\\":\\\\\\\"0\\\\\\\",\\\\\\\"scalexin\\\\\\\":\\\\\\\"1\\\\\\\",\\\\\\\"scaleyin\\\\\\\":\\\\\\\"1\\\\\\\",\\\\\\\"offsetxout\\\\\\\":\\\\\\\"0\\\\\\\",\\\\\\\"offsetyout\\\\\\\":\\\\\\\"300\\\\\\\",\\\\\\\"durationout\\\\\\\":\\\\\\\"400\\\\\\\",\\\\\\\"showuntil\\\\\\\":\\\\\\\"0\\\\\\\",\\\\\\\"easingout\\\\\\\":\\\\\\\"easeInOutQuint\\\\\\\",\\\\\\\"fadeout\\\\\\\":true,\\\\\\\"rotateout\\\\\\\":\\\\\\\"0\\\\\\\",\\\\\\\"rotatexout\\\\\\\":\\\\\\\"0\\\\\\\",\\\\\\\"rotateyout\\\\\\\":\\\\\\\"0\\\\\\\",\\\\\\\"transformoriginout\\\\\\\":\\\\\\\"50% 50% 0\\\\\\\",\\\\\\\"skewxout\\\\\\\":\\\\\\\"0\\\\\\\",\\\\\\\"skewyout\\\\\\\":\\\\\\\"0\\\\\\\",\\\\\\\"scalexout\\\\\\\":\\\\\\\"1\\\\\\\",\\\\\\\"scaleyout\\\\\\\":\\\\\\\"1\\\\\\\",\\\\\\\"parallaxlevel\\\\\\\":\\\\\\\"0\\\\\\\"}\",\"styles\":\"{\\\\\\\"width\\\\\\\":\\\\\\\"2425px\\\\\\\",\\\\\\\"height\\\\\\\":\\\\\\\"922px\\\\\\\",\\\\\\\"top\\\\\\\":\\\\\\\"0px\\\\\\\",\\\\\\\"left\\\\\\\":\\\\\\\"50%\\\\\\\",\\\\\\\"wordwrap\\\\\\\":false}\",\"media\":\"img\",\"type\":\"p\",\"imageId\":2087,\"image\":\"http:\\/\\/testsite.wildrivertech.com\\/wp-content\\/uploads\\/layerslider\\/projects\\/Technology\\/grid3.png\",\"html\":\"\",\"post_text_length\":\"\",\"url\":\"\",\"target\":\"_self\",\"id\":\"\",\"class\":\"\",\"title\":\"\",\"alt\":\"\",\"rel\":\"\",\"style\":\"\",\"imageThumb\":\"https:\\/\\/avada.theme-fusion.com\\/technology\\/wp-content\\/uploads\\/sites\\/74\\/2016\\/08\\/grid3-300x114.png\",\"locked\":true,\"skip\":false,\"innerAttributes\":[],\"outerAttributes\":[],\"hasTransforms\":false,\"uuid\":\"adc74780-60c3-4c06-ab3e-59f8dee12e8d\"},{\"subtitle\":\"Static UI\",\"transition\":\"{\\\\\\\"offsetxin\\\\\\\":\\\\\\\"0\\\\\\\",\\\\\\\"offsetyin\\\\\\\":\\\\\\\"100\\\\\\\",\\\\\\\"durationin\\\\\\\":\\\\\\\"1000\\\\\\\",\\\\\\\"delayin\\\\\\\":\\\\\\\"0\\\\\\\",\\\\\\\"easingin\\\\\\\":\\\\\\\"easeInOutQuint\\\\\\\",\\\\\\\"fadein\\\\\\\":true,\\\\\\\"rotatein\\\\\\\":\\\\\\\"0\\\\\\\",\\\\\\\"rotatexin\\\\\\\":\\\\\\\"0\\\\\\\",\\\\\\\"rotateyin\\\\\\\":\\\\\\\"0\\\\\\\",\\\\\\\"transformoriginin\\\\\\\":\\\\\\\"50% 50% 0\\\\\\\",\\\\\\\"skewxin\\\\\\\":\\\\\\\"0\\\\\\\",\\\\\\\"skewyin\\\\\\\":\\\\\\\"0\\\\\\\",\\\\\\\"scalexin\\\\\\\":\\\\\\\"1\\\\\\\",\\\\\\\"scaleyin\\\\\\\":\\\\\\\"1\\\\\\\",\\\\\\\"offsetxout\\\\\\\":\\\\\\\"0\\\\\\\",\\\\\\\"offsetyout\\\\\\\":\\\\\\\"100\\\\\\\",\\\\\\\"durationout\\\\\\\":\\\\\\\"400\\\\\\\",\\\\\\\"showuntil\\\\\\\":\\\\\\\"0\\\\\\\",\\\\\\\"easingout\\\\\\\":\\\\\\\"easeInOutQuint\\\\\\\",\\\\\\\"fadeout\\\\\\\":true,\\\\\\\"rotateout\\\\\\\":\\\\\\\"0\\\\\\\",\\\\\\\"rotatexout\\\\\\\":\\\\\\\"0\\\\\\\",\\\\\\\"rotateyout\\\\\\\":\\\\\\\"0\\\\\\\",\\\\\\\"transformoriginout\\\\\\\":\\\\\\\"50% 50% 0\\\\\\\",\\\\\\\"skewxout\\\\\\\":\\\\\\\"0\\\\\\\",\\\\\\\"skewyout\\\\\\\":\\\\\\\"0\\\\\\\",\\\\\\\"scalexout\\\\\\\":\\\\\\\"1\\\\\\\",\\\\\\\"scaleyout\\\\\\\":\\\\\\\"1\\\\\\\",\\\\\\\"parallaxlevel\\\\\\\":\\\\\\\"0\\\\\\\"}\",\"styles\":\"{\\\\\\\"width\\\\\\\":\\\\\\\"1170px\\\\\\\",\\\\\\\"height\\\\\\\":\\\\\\\"239px\\\\\\\",\\\\\\\"top\\\\\\\":\\\\\\\"683px\\\\\\\",\\\\\\\"left\\\\\\\":\\\\\\\"50%\\\\\\\",\\\\\\\"wordwrap\\\\\\\":false}\",\"media\":\"img\",\"type\":\"p\",\"imageId\":2088,\"image\":\"http:\\/\\/testsite.wildrivertech.com\\/wp-content\\/uploads\\/layerslider\\/projects\\/Technology\\/static-ui.png\",\"html\":\"\",\"post_text_length\":\"\",\"url\":\"\",\"target\":\"_self\",\"id\":\"\",\"class\":\"\",\"title\":\"\",\"alt\":\"\",\"rel\":\"\",\"style\":\"\",\"imageThumb\":\"https:\\/\\/avada.theme-fusion.com\\/technology\\/wp-content\\/uploads\\/sites\\/74\\/2016\\/08\\/static-ui-300x61.png\",\"locked\":true,\"skip\":false,\"innerAttributes\":[],\"outerAttributes\":[],\"hasTransforms\":false,\"uuid\":\"f427d7c7-0a60-49f4-b316-cc6b4e3b74cd\"},{\"subtitle\":\"Circle BG\",\"transition\":\"{\\\\\\\"offsetxin\\\\\\\":\\\\\\\"0\\\\\\\",\\\\\\\"offsetyin\\\\\\\":\\\\\\\"800\\\\\\\",\\\\\\\"durationin\\\\\\\":\\\\\\\"1200\\\\\\\",\\\\\\\"delayin\\\\\\\":\\\\\\\"0\\\\\\\",\\\\\\\"easingin\\\\\\\":\\\\\\\"easeInOutQuint\\\\\\\",\\\\\\\"fadein\\\\\\\":true,\\\\\\\"rotatein\\\\\\\":\\\\\\\"0\\\\\\\",\\\\\\\"rotatexin\\\\\\\":\\\\\\\"0\\\\\\\",\\\\\\\"rotateyin\\\\\\\":\\\\\\\"0\\\\\\\",\\\\\\\"transformoriginin\\\\\\\":\\\\\\\"50% 50% 0\\\\\\\",\\\\\\\"skewxin\\\\\\\":\\\\\\\"0\\\\\\\",\\\\\\\"skewyin\\\\\\\":\\\\\\\"0\\\\\\\",\\\\\\\"scalexin\\\\\\\":\\\\\\\"1\\\\\\\",\\\\\\\"scaleyin\\\\\\\":\\\\\\\"1\\\\\\\",\\\\\\\"offsetxout\\\\\\\":\\\\\\\"0\\\\\\\",\\\\\\\"offsetyout\\\\\\\":\\\\\\\"800\\\\\\\",\\\\\\\"durationout\\\\\\\":\\\\\\\"400\\\\\\\",\\\\\\\"showuntil\\\\\\\":\\\\\\\"0\\\\\\\",\\\\\\\"easingout\\\\\\\":\\\\\\\"easeInOutQuint\\\\\\\",\\\\\\\"fadeout\\\\\\\":true,\\\\\\\"rotateout\\\\\\\":\\\\\\\"0\\\\\\\",\\\\\\\"rotatexout\\\\\\\":\\\\\\\"0\\\\\\\",\\\\\\\"rotateyout\\\\\\\":\\\\\\\"0\\\\\\\",\\\\\\\"transformoriginout\\\\\\\":\\\\\\\"50% 50% 0\\\\\\\",\\\\\\\"skewxout\\\\\\\":\\\\\\\"0\\\\\\\",\\\\\\\"skewyout\\\\\\\":\\\\\\\"0\\\\\\\",\\\\\\\"scalexout\\\\\\\":\\\\\\\"1\\\\\\\",\\\\\\\"scaleyout\\\\\\\":\\\\\\\"1\\\\\\\",\\\\\\\"parallaxlevel\\\\\\\":\\\\\\\"2\\\\\\\",\\\\\\\"parallax\\\\\\\":true}\",\"styles\":\"{\\\\\\\"width\\\\\\\":\\\\\\\"1170px\\\\\\\",\\\\\\\"height\\\\\\\":\\\\\\\"922px\\\\\\\",\\\\\\\"top\\\\\\\":\\\\\\\"0px\\\\\\\",\\\\\\\"left\\\\\\\":\\\\\\\"50%\\\\\\\",\\\\\\\"wordwrap\\\\\\\":false}\",\"media\":\"img\",\"type\":\"p\",\"imageId\":2085,\"image\":\"http:\\/\\/testsite.wildrivertech.com\\/wp-content\\/uploads\\/layerslider\\/projects\\/Technology\\/circle_03.png\",\"html\":\"\",\"post_text_length\":\"\",\"url\":\"\",\"target\":\"_self\",\"id\":\"\",\"class\":\"\",\"title\":\"\",\"alt\":\"\",\"rel\":\"\",\"style\":\"\",\"imageThumb\":\"https:\\/\\/avada.theme-fusion.com\\/technology\\/wp-content\\/uploads\\/sites\\/74\\/2016\\/08\\/circle_03-300x236.png\",\"locked\":true,\"skip\":false,\"innerAttributes\":[],\"outerAttributes\":[],\"hasTransforms\":false,\"uuid\":\"aca2e8e2-35f2-45d0-8adb-8e8c5d10c2ea\"},{\"subtitle\":\"Dude\",\"transition\":\"{\\\\\\\"offsetxin\\\\\\\":\\\\\\\"0\\\\\\\",\\\\\\\"offsetyin\\\\\\\":\\\\\\\"600\\\\\\\",\\\\\\\"durationin\\\\\\\":\\\\\\\"1000\\\\\\\",\\\\\\\"delayin\\\\\\\":\\\\\\\"0\\\\\\\",\\\\\\\"easingin\\\\\\\":\\\\\\\"easeInOutQuint\\\\\\\",\\\\\\\"fadein\\\\\\\":false,\\\\\\\"rotatein\\\\\\\":\\\\\\\"0\\\\\\\",\\\\\\\"rotatexin\\\\\\\":\\\\\\\"0\\\\\\\",\\\\\\\"rotateyin\\\\\\\":\\\\\\\"0\\\\\\\",\\\\\\\"transformoriginin\\\\\\\":\\\\\\\"50% 50% 0\\\\\\\",\\\\\\\"skewxin\\\\\\\":\\\\\\\"0\\\\\\\",\\\\\\\"skewyin\\\\\\\":\\\\\\\"0\\\\\\\",\\\\\\\"scalexin\\\\\\\":\\\\\\\"1\\\\\\\",\\\\\\\"scaleyin\\\\\\\":\\\\\\\"1\\\\\\\",\\\\\\\"offsetxout\\\\\\\":\\\\\\\"0\\\\\\\",\\\\\\\"offsetyout\\\\\\\":\\\\\\\"600\\\\\\\",\\\\\\\"durationout\\\\\\\":\\\\\\\"400\\\\\\\",\\\\\\\"showuntil\\\\\\\":\\\\\\\"0\\\\\\\",\\\\\\\"easingout\\\\\\\":\\\\\\\"easeInOutQuint\\\\\\\",\\\\\\\"fadeout\\\\\\\":false,\\\\\\\"rotateout\\\\\\\":\\\\\\\"0\\\\\\\",\\\\\\\"rotatexout\\\\\\\":\\\\\\\"0\\\\\\\",\\\\\\\"rotateyout\\\\\\\":\\\\\\\"0\\\\\\\",\\\\\\\"transformoriginout\\\\\\\":\\\\\\\"50% 50% 0\\\\\\\",\\\\\\\"skewxout\\\\\\\":\\\\\\\"0\\\\\\\",\\\\\\\"skewyout\\\\\\\":\\\\\\\"0\\\\\\\",\\\\\\\"scalexout\\\\\\\":\\\\\\\"1\\\\\\\",\\\\\\\"scaleyout\\\\\\\":\\\\\\\"1\\\\\\\",\\\\\\\"parallaxlevel\\\\\\\":\\\\\\\"0\\\\\\\"}\",\"styles\":\"{\\\\\\\"width\\\\\\\":\\\\\\\"1000px\\\\\\\",\\\\\\\"height\\\\\\\":\\\\\\\"922px\\\\\\\",\\\\\\\"top\\\\\\\":\\\\\\\"100px\\\\\\\",\\\\\\\"left\\\\\\\":\\\\\\\"50%\\\\\\\",\\\\\\\"wordwrap\\\\\\\":false}\",\"media\":\"img\",\"type\":\"p\",\"imageId\":2086,\"image\":\"http:\\/\\/testsite.wildrivertech.com\\/wp-content\\/uploads\\/layerslider\\/projects\\/Technology\\/dudeb.png\",\"html\":\"\",\"post_text_length\":\"\",\"url\":\"\",\"target\":\"_self\",\"id\":\"\",\"class\":\"\",\"title\":\"\",\"alt\":\"\",\"rel\":\"\",\"style\":\"\",\"imageThumb\":\"https:\\/\\/avada.theme-fusion.com\\/technology\\/wp-content\\/uploads\\/sites\\/74\\/2016\\/08\\/dudeb-300x277.png\",\"locked\":true,\"skip\":false,\"innerAttributes\":[],\"outerAttributes\":[],\"hasTransforms\":false,\"uuid\":\"93f04fb3-5b6b-45ba-85fb-dd32509a4d27\"},{\"subtitle\":\"01 - UI\",\"transition\":\"{\\\\\\\"offsetxin\\\\\\\":\\\\\\\"0\\\\\\\",\\\\\\\"offsetyin\\\\\\\":\\\\\\\"0\\\\\\\",\\\\\\\"durationin\\\\\\\":\\\\\\\"1000\\\\\\\",\\\\\\\"delayin\\\\\\\":\\\\\\\"400\\\\\\\",\\\\\\\"easingin\\\\\\\":\\\\\\\"easeInElastic\\\\\\\",\\\\\\\"fadein\\\\\\\":true,\\\\\\\"rotatein\\\\\\\":\\\\\\\"0\\\\\\\",\\\\\\\"rotatexin\\\\\\\":\\\\\\\"0\\\\\\\",\\\\\\\"rotateyin\\\\\\\":\\\\\\\"0\\\\\\\",\\\\\\\"transformoriginin\\\\\\\":\\\\\\\"50% 50% 0\\\\\\\",\\\\\\\"skewxin\\\\\\\":\\\\\\\"0\\\\\\\",\\\\\\\"skewyin\\\\\\\":\\\\\\\"0\\\\\\\",\\\\\\\"scalexin\\\\\\\":\\\\\\\"1\\\\\\\",\\\\\\\"scaleyin\\\\\\\":\\\\\\\"1\\\\\\\",\\\\\\\"offsetxout\\\\\\\":\\\\\\\"0\\\\\\\",\\\\\\\"offsetyout\\\\\\\":\\\\\\\"0\\\\\\\",\\\\\\\"durationout\\\\\\\":\\\\\\\"400\\\\\\\",\\\\\\\"showuntil\\\\\\\":\\\\\\\"0\\\\\\\",\\\\\\\"easingout\\\\\\\":\\\\\\\"easeInOutQuint\\\\\\\",\\\\\\\"fadeout\\\\\\\":true,\\\\\\\"rotateout\\\\\\\":\\\\\\\"0\\\\\\\",\\\\\\\"rotatexout\\\\\\\":\\\\\\\"0\\\\\\\",\\\\\\\"rotateyout\\\\\\\":\\\\\\\"0\\\\\\\",\\\\\\\"transformoriginout\\\\\\\":\\\\\\\"50% 50% 0\\\\\\\",\\\\\\\"skewxout\\\\\\\":\\\\\\\"0\\\\\\\",\\\\\\\"skewyout\\\\\\\":\\\\\\\"0\\\\\\\",\\\\\\\"scalexout\\\\\\\":\\\\\\\"1\\\\\\\",\\\\\\\"scaleyout\\\\\\\":\\\\\\\"1\\\\\\\",\\\\\\\"parallaxlevel\\\\\\\":\\\\\\\"1\\\\\\\",\\\\\\\"parallax\\\\\\\":true}\",\"styles\":\"{\\\\\\\"width\\\\\\\":\\\\\\\"1170px\\\\\\\",\\\\\\\"height\\\\\\\":\\\\\\\"922px\\\\\\\",\\\\\\\"top\\\\\\\":\\\\\\\"0px\\\\\\\",\\\\\\\"left\\\\\\\":\\\\\\\"50%\\\\\\\",\\\\\\\"wordwrap\\\\\\\":false}\",\"media\":\"img\",\"type\":\"p\",\"imageId\":2084,\"image\":\"http:\\/\\/testsite.wildrivertech.com\\/wp-content\\/uploads\\/layerslider\\/projects\\/Technology\\/17.png\",\"html\":\"\",\"post_text_length\":\"\",\"url\":\"\",\"target\":\"_self\",\"id\":\"\",\"class\":\"\",\"title\":\"\",\"alt\":\"\",\"rel\":\"\",\"style\":\"\",\"imageThumb\":\"https:\\/\\/avada.theme-fusion.com\\/technology\\/wp-content\\/uploads\\/sites\\/74\\/2016\\/08\\/17-300x236.png\",\"locked\":true,\"skip\":false,\"innerAttributes\":[],\"outerAttributes\":[],\"hasTransforms\":false,\"uuid\":\"9c1ce800-f838-4001-bd84-3151d03baca7\"},{\"subtitle\":\"02 - UI\",\"transition\":\"{\\\\\\\"offsetxin\\\\\\\":\\\\\\\"0\\\\\\\",\\\\\\\"offsetyin\\\\\\\":\\\\\\\"0\\\\\\\",\\\\\\\"durationin\\\\\\\":\\\\\\\"1000\\\\\\\",\\\\\\\"delayin\\\\\\\":\\\\\\\"500\\\\\\\",\\\\\\\"easingin\\\\\\\":\\\\\\\"easeInElastic\\\\\\\",\\\\\\\"fadein\\\\\\\":true,\\\\\\\"rotatein\\\\\\\":\\\\\\\"0\\\\\\\",\\\\\\\"rotatexin\\\\\\\":\\\\\\\"0\\\\\\\",\\\\\\\"rotateyin\\\\\\\":\\\\\\\"0\\\\\\\",\\\\\\\"transformoriginin\\\\\\\":\\\\\\\"50% 50% 0\\\\\\\",\\\\\\\"skewxin\\\\\\\":\\\\\\\"0\\\\\\\",\\\\\\\"skewyin\\\\\\\":\\\\\\\"0\\\\\\\",\\\\\\\"scalexin\\\\\\\":\\\\\\\"1\\\\\\\",\\\\\\\"scaleyin\\\\\\\":\\\\\\\"1\\\\\\\",\\\\\\\"offsetxout\\\\\\\":\\\\\\\"0\\\\\\\",\\\\\\\"offsetyout\\\\\\\":\\\\\\\"0\\\\\\\",\\\\\\\"durationout\\\\\\\":\\\\\\\"400\\\\\\\",\\\\\\\"showuntil\\\\\\\":\\\\\\\"0\\\\\\\",\\\\\\\"easingout\\\\\\\":\\\\\\\"easeInOutQuint\\\\\\\",\\\\\\\"fadeout\\\\\\\":true,\\\\\\\"rotateout\\\\\\\":\\\\\\\"0\\\\\\\",\\\\\\\"rotatexout\\\\\\\":\\\\\\\"0\\\\\\\",\\\\\\\"rotateyout\\\\\\\":\\\\\\\"0\\\\\\\",\\\\\\\"transformoriginout\\\\\\\":\\\\\\\"50% 50% 0\\\\\\\",\\\\\\\"skewxout\\\\\\\":\\\\\\\"0\\\\\\\",\\\\\\\"skewyout\\\\\\\":\\\\\\\"0\\\\\\\",\\\\\\\"scalexout\\\\\\\":\\\\\\\"1\\\\\\\",\\\\\\\"scaleyout\\\\\\\":\\\\\\\"1\\\\\\\",\\\\\\\"parallaxlevel\\\\\\\":\\\\\\\"1\\\\\\\",\\\\\\\"parallax\\\\\\\":true}\",\"styles\":\"{\\\\\\\"width\\\\\\\":\\\\\\\"1170px\\\\\\\",\\\\\\\"height\\\\\\\":\\\\\\\"922px\\\\\\\",\\\\\\\"top\\\\\\\":\\\\\\\"0px\\\\\\\",\\\\\\\"left\\\\\\\":\\\\\\\"50%\\\\\\\",\\\\\\\"wordwrap\\\\\\\":false}\",\"media\":\"img\",\"type\":\"p\",\"imageId\":2083,\"image\":\"http:\\/\\/testsite.wildrivertech.com\\/wp-content\\/uploads\\/layerslider\\/projects\\/Technology\\/16.png\",\"html\":\"\",\"post_text_length\":\"\",\"url\":\"\",\"target\":\"_self\",\"id\":\"\",\"class\":\"\",\"title\":\"\",\"alt\":\"\",\"rel\":\"\",\"style\":\"\",\"imageThumb\":\"https:\\/\\/avada.theme-fusion.com\\/technology\\/wp-content\\/uploads\\/sites\\/74\\/2016\\/08\\/16-300x236.png\",\"locked\":true,\"skip\":false,\"innerAttributes\":[],\"outerAttributes\":[],\"hasTransforms\":false,\"uuid\":\"9abab1bf-758e-4936-9f93-293d064ac78b\"},{\"subtitle\":\"03 - UI\",\"transition\":\"{\\\\\\\"offsetxin\\\\\\\":\\\\\\\"0\\\\\\\",\\\\\\\"offsetyin\\\\\\\":\\\\\\\"0\\\\\\\",\\\\\\\"durationin\\\\\\\":\\\\\\\"1000\\\\\\\",\\\\\\\"delayin\\\\\\\":\\\\\\\"600\\\\\\\",\\\\\\\"easingin\\\\\\\":\\\\\\\"easeInElastic\\\\\\\",\\\\\\\"fadein\\\\\\\":true,\\\\\\\"rotatein\\\\\\\":\\\\\\\"0\\\\\\\",\\\\\\\"rotatexin\\\\\\\":\\\\\\\"0\\\\\\\",\\\\\\\"rotateyin\\\\\\\":\\\\\\\"0\\\\\\\",\\\\\\\"transformoriginin\\\\\\\":\\\\\\\"50% 50% 0\\\\\\\",\\\\\\\"skewxin\\\\\\\":\\\\\\\"0\\\\\\\",\\\\\\\"skewyin\\\\\\\":\\\\\\\"0\\\\\\\",\\\\\\\"scalexin\\\\\\\":\\\\\\\"1\\\\\\\",\\\\\\\"scaleyin\\\\\\\":\\\\\\\"1\\\\\\\",\\\\\\\"offsetxout\\\\\\\":\\\\\\\"0\\\\\\\",\\\\\\\"offsetyout\\\\\\\":\\\\\\\"0\\\\\\\",\\\\\\\"durationout\\\\\\\":\\\\\\\"400\\\\\\\",\\\\\\\"showuntil\\\\\\\":\\\\\\\"0\\\\\\\",\\\\\\\"easingout\\\\\\\":\\\\\\\"easeInOutQuint\\\\\\\",\\\\\\\"fadeout\\\\\\\":true,\\\\\\\"rotateout\\\\\\\":\\\\\\\"0\\\\\\\",\\\\\\\"rotatexout\\\\\\\":\\\\\\\"0\\\\\\\",\\\\\\\"rotateyout\\\\\\\":\\\\\\\"0\\\\\\\",\\\\\\\"transformoriginout\\\\\\\":\\\\\\\"50% 50% 0\\\\\\\",\\\\\\\"skewxout\\\\\\\":\\\\\\\"0\\\\\\\",\\\\\\\"skewyout\\\\\\\":\\\\\\\"0\\\\\\\",\\\\\\\"scalexout\\\\\\\":\\\\\\\"1\\\\\\\",\\\\\\\"scaleyout\\\\\\\":\\\\\\\"1\\\\\\\",\\\\\\\"parallaxlevel\\\\\\\":\\\\\\\"1\\\\\\\",\\\\\\\"parallax\\\\\\\":true}\",\"styles\":\"{\\\\\\\"width\\\\\\\":\\\\\\\"1170px\\\\\\\",\\\\\\\"height\\\\\\\":\\\\\\\"922px\\\\\\\",\\\\\\\"top\\\\\\\":\\\\\\\"0px\\\\\\\",\\\\\\\"left\\\\\\\":\\\\\\\"50%\\\\\\\",\\\\\\\"wordwrap\\\\\\\":false}\",\"media\":\"img\",\"type\":\"p\",\"imageId\":2082,\"image\":\"http:\\/\\/testsite.wildrivertech.com\\/wp-content\\/uploads\\/layerslider\\/projects\\/Technology\\/15.png\",\"html\":\"\",\"post_text_length\":\"\",\"url\":\"\",\"target\":\"_self\",\"id\":\"\",\"class\":\"\",\"title\":\"\",\"alt\":\"\",\"rel\":\"\",\"style\":\"\",\"imageThumb\":\"https:\\/\\/avada.theme-fusion.com\\/technology\\/wp-content\\/uploads\\/sites\\/74\\/2016\\/08\\/15-300x236.png\",\"locked\":true,\"skip\":false,\"innerAttributes\":[],\"outerAttributes\":[],\"hasTransforms\":false,\"uuid\":\"f5a8f1f3-9b3d-4f15-a0e8-2359685bf5d6\"},{\"subtitle\":\"04 - UI\",\"transition\":\"{\\\\\\\"offsetxin\\\\\\\":\\\\\\\"0\\\\\\\",\\\\\\\"offsetyin\\\\\\\":\\\\\\\"0\\\\\\\",\\\\\\\"durationin\\\\\\\":\\\\\\\"1000\\\\\\\",\\\\\\\"delayin\\\\\\\":\\\\\\\"950\\\\\\\",\\\\\\\"easingin\\\\\\\":\\\\\\\"easeInElastic\\\\\\\",\\\\\\\"fadein\\\\\\\":true,\\\\\\\"rotatein\\\\\\\":\\\\\\\"0\\\\\\\",\\\\\\\"rotatexin\\\\\\\":\\\\\\\"0\\\\\\\",\\\\\\\"rotateyin\\\\\\\":\\\\\\\"0\\\\\\\",\\\\\\\"transformoriginin\\\\\\\":\\\\\\\"50% 50% 0\\\\\\\",\\\\\\\"skewxin\\\\\\\":\\\\\\\"0\\\\\\\",\\\\\\\"skewyin\\\\\\\":\\\\\\\"0\\\\\\\",\\\\\\\"scalexin\\\\\\\":\\\\\\\"1\\\\\\\",\\\\\\\"scaleyin\\\\\\\":\\\\\\\"1\\\\\\\",\\\\\\\"offsetxout\\\\\\\":\\\\\\\"0\\\\\\\",\\\\\\\"offsetyout\\\\\\\":\\\\\\\"0\\\\\\\",\\\\\\\"durationout\\\\\\\":\\\\\\\"400\\\\\\\",\\\\\\\"showuntil\\\\\\\":\\\\\\\"0\\\\\\\",\\\\\\\"easingout\\\\\\\":\\\\\\\"easeInOutQuint\\\\\\\",\\\\\\\"fadeout\\\\\\\":true,\\\\\\\"rotateout\\\\\\\":\\\\\\\"0\\\\\\\",\\\\\\\"rotatexout\\\\\\\":\\\\\\\"0\\\\\\\",\\\\\\\"rotateyout\\\\\\\":\\\\\\\"0\\\\\\\",\\\\\\\"transformoriginout\\\\\\\":\\\\\\\"50% 50% 0\\\\\\\",\\\\\\\"skewxout\\\\\\\":\\\\\\\"0\\\\\\\",\\\\\\\"skewyout\\\\\\\":\\\\\\\"0\\\\\\\",\\\\\\\"scalexout\\\\\\\":\\\\\\\"1\\\\\\\",\\\\\\\"scaleyout\\\\\\\":\\\\\\\"1\\\\\\\",\\\\\\\"parallaxlevel\\\\\\\":\\\\\\\"0\\\\\\\"}\",\"styles\":\"{\\\\\\\"width\\\\\\\":\\\\\\\"1170px\\\\\\\",\\\\\\\"height\\\\\\\":\\\\\\\"922px\\\\\\\",\\\\\\\"top\\\\\\\":\\\\\\\"0px\\\\\\\",\\\\\\\"left\\\\\\\":\\\\\\\"50%\\\\\\\",\\\\\\\"wordwrap\\\\\\\":false}\",\"media\":\"img\",\"type\":\"p\",\"imageId\":2081,\"image\":\"http:\\/\\/testsite.wildrivertech.com\\/wp-content\\/uploads\\/layerslider\\/projects\\/Technology\\/14.png\",\"html\":\"\",\"post_text_length\":\"\",\"url\":\"\",\"target\":\"_self\",\"id\":\"\",\"class\":\"\",\"title\":\"\",\"alt\":\"\",\"rel\":\"\",\"style\":\"\",\"imageThumb\":\"https:\\/\\/avada.theme-fusion.com\\/technology\\/wp-content\\/uploads\\/sites\\/74\\/2016\\/08\\/14-300x236.png\",\"locked\":true,\"skip\":false,\"innerAttributes\":[],\"outerAttributes\":[],\"hasTransforms\":false,\"uuid\":\"0352f521-98b7-4d16-8814-ecd603eec4be\"},{\"subtitle\":\"05 - UI\",\"transition\":\"{\\\\\\\"offsetxin\\\\\\\":\\\\\\\"0\\\\\\\",\\\\\\\"offsetyin\\\\\\\":\\\\\\\"0\\\\\\\",\\\\\\\"durationin\\\\\\\":\\\\\\\"1000\\\\\\\",\\\\\\\"delayin\\\\\\\":\\\\\\\"1100\\\\\\\",\\\\\\\"easingin\\\\\\\":\\\\\\\"easeInElastic\\\\\\\",\\\\\\\"fadein\\\\\\\":true,\\\\\\\"rotatein\\\\\\\":\\\\\\\"0\\\\\\\",\\\\\\\"rotatexin\\\\\\\":\\\\\\\"0\\\\\\\",\\\\\\\"rotateyin\\\\\\\":\\\\\\\"0\\\\\\\",\\\\\\\"transformoriginin\\\\\\\":\\\\\\\"50% 50% 0\\\\\\\",\\\\\\\"skewxin\\\\\\\":\\\\\\\"0\\\\\\\",\\\\\\\"skewyin\\\\\\\":\\\\\\\"0\\\\\\\",\\\\\\\"scalexin\\\\\\\":\\\\\\\"1\\\\\\\",\\\\\\\"scaleyin\\\\\\\":\\\\\\\"1\\\\\\\",\\\\\\\"offsetxout\\\\\\\":\\\\\\\"0\\\\\\\",\\\\\\\"offsetyout\\\\\\\":\\\\\\\"0\\\\\\\",\\\\\\\"durationout\\\\\\\":\\\\\\\"400\\\\\\\",\\\\\\\"showuntil\\\\\\\":\\\\\\\"0\\\\\\\",\\\\\\\"easingout\\\\\\\":\\\\\\\"easeInOutQuint\\\\\\\",\\\\\\\"fadeout\\\\\\\":true,\\\\\\\"rotateout\\\\\\\":\\\\\\\"0\\\\\\\",\\\\\\\"rotatexout\\\\\\\":\\\\\\\"0\\\\\\\",\\\\\\\"rotateyout\\\\\\\":\\\\\\\"0\\\\\\\",\\\\\\\"transformoriginout\\\\\\\":\\\\\\\"50% 50% 0\\\\\\\",\\\\\\\"skewxout\\\\\\\":\\\\\\\"0\\\\\\\",\\\\\\\"skewyout\\\\\\\":\\\\\\\"0\\\\\\\",\\\\\\\"scalexout\\\\\\\":\\\\\\\"1\\\\\\\",\\\\\\\"scaleyout\\\\\\\":\\\\\\\"1\\\\\\\",\\\\\\\"parallaxlevel\\\\\\\":\\\\\\\"0\\\\\\\"}\",\"styles\":\"{\\\\\\\"width\\\\\\\":\\\\\\\"1170px\\\\\\\",\\\\\\\"height\\\\\\\":\\\\\\\"922px\\\\\\\",\\\\\\\"top\\\\\\\":\\\\\\\"0px\\\\\\\",\\\\\\\"left\\\\\\\":\\\\\\\"50%\\\\\\\",\\\\\\\"wordwrap\\\\\\\":false}\",\"media\":\"img\",\"type\":\"p\",\"imageId\":2080,\"image\":\"http:\\/\\/testsite.wildrivertech.com\\/wp-content\\/uploads\\/layerslider\\/projects\\/Technology\\/13.png\",\"html\":\"\",\"post_text_length\":\"\",\"url\":\"\",\"target\":\"_self\",\"id\":\"\",\"class\":\"\",\"title\":\"\",\"alt\":\"\",\"rel\":\"\",\"style\":\"\",\"imageThumb\":\"https:\\/\\/avada.theme-fusion.com\\/technology\\/wp-content\\/uploads\\/sites\\/74\\/2016\\/08\\/13-300x236.png\",\"locked\":true,\"skip\":false,\"innerAttributes\":[],\"outerAttributes\":[],\"hasTransforms\":false,\"uuid\":\"cccfd1f4-0e4f-4ccb-af88-f61ba9a1e811\"},{\"subtitle\":\"06 - UI\",\"transition\":\"{\\\\\\\"offsetxin\\\\\\\":\\\\\\\"0\\\\\\\",\\\\\\\"offsetyin\\\\\\\":\\\\\\\"0\\\\\\\",\\\\\\\"durationin\\\\\\\":\\\\\\\"1000\\\\\\\",\\\\\\\"delayin\\\\\\\":\\\\\\\"1350\\\\\\\",\\\\\\\"easingin\\\\\\\":\\\\\\\"easeInElastic\\\\\\\",\\\\\\\"fadein\\\\\\\":true,\\\\\\\"rotatein\\\\\\\":\\\\\\\"0\\\\\\\",\\\\\\\"rotatexin\\\\\\\":\\\\\\\"0\\\\\\\",\\\\\\\"rotateyin\\\\\\\":\\\\\\\"0\\\\\\\",\\\\\\\"transformoriginin\\\\\\\":\\\\\\\"50% 50% 0\\\\\\\",\\\\\\\"skewxin\\\\\\\":\\\\\\\"0\\\\\\\",\\\\\\\"skewyin\\\\\\\":\\\\\\\"0\\\\\\\",\\\\\\\"scalexin\\\\\\\":\\\\\\\"1\\\\\\\",\\\\\\\"scaleyin\\\\\\\":\\\\\\\"1\\\\\\\",\\\\\\\"offsetxout\\\\\\\":\\\\\\\"0\\\\\\\",\\\\\\\"offsetyout\\\\\\\":\\\\\\\"0\\\\\\\",\\\\\\\"durationout\\\\\\\":\\\\\\\"400\\\\\\\",\\\\\\\"showuntil\\\\\\\":\\\\\\\"0\\\\\\\",\\\\\\\"easingout\\\\\\\":\\\\\\\"easeInOutQuint\\\\\\\",\\\\\\\"fadeout\\\\\\\":true,\\\\\\\"rotateout\\\\\\\":\\\\\\\"0\\\\\\\",\\\\\\\"rotatexout\\\\\\\":\\\\\\\"0\\\\\\\",\\\\\\\"rotateyout\\\\\\\":\\\\\\\"0\\\\\\\",\\\\\\\"transformoriginout\\\\\\\":\\\\\\\"50% 50% 0\\\\\\\",\\\\\\\"skewxout\\\\\\\":\\\\\\\"0\\\\\\\",\\\\\\\"skewyout\\\\\\\":\\\\\\\"0\\\\\\\",\\\\\\\"scalexout\\\\\\\":\\\\\\\"1\\\\\\\",\\\\\\\"scaleyout\\\\\\\":\\\\\\\"1\\\\\\\",\\\\\\\"parallaxlevel\\\\\\\":\\\\\\\"0\\\\\\\"}\",\"styles\":\"{\\\\\\\"width\\\\\\\":\\\\\\\"1170px\\\\\\\",\\\\\\\"height\\\\\\\":\\\\\\\"922px\\\\\\\",\\\\\\\"top\\\\\\\":\\\\\\\"0px\\\\\\\",\\\\\\\"left\\\\\\\":\\\\\\\"50%\\\\\\\",\\\\\\\"wordwrap\\\\\\\":false}\",\"media\":\"img\",\"type\":\"p\",\"imageId\":2079,\"image\":\"http:\\/\\/testsite.wildrivertech.com\\/wp-content\\/uploads\\/layerslider\\/projects\\/Technology\\/12.png\",\"html\":\"\",\"post_text_length\":\"\",\"url\":\"\",\"target\":\"_self\",\"id\":\"\",\"class\":\"\",\"title\":\"\",\"alt\":\"\",\"rel\":\"\",\"style\":\"\",\"imageThumb\":\"https:\\/\\/avada.theme-fusion.com\\/technology\\/wp-content\\/uploads\\/sites\\/74\\/2016\\/08\\/12-300x236.png\",\"locked\":true,\"skip\":false,\"innerAttributes\":[],\"outerAttributes\":[],\"hasTransforms\":false,\"uuid\":\"2ef80f0b-e75e-47aa-8d32-6cb9d19a2bdf\"},{\"subtitle\":\"07 - UI\",\"transition\":\"{\\\\\\\"offsetxin\\\\\\\":\\\\\\\"0\\\\\\\",\\\\\\\"offsetyin\\\\\\\":\\\\\\\"0\\\\\\\",\\\\\\\"durationin\\\\\\\":\\\\\\\"1000\\\\\\\",\\\\\\\"delayin\\\\\\\":\\\\\\\"1600\\\\\\\",\\\\\\\"easingin\\\\\\\":\\\\\\\"easeInElastic\\\\\\\",\\\\\\\"fadein\\\\\\\":true,\\\\\\\"rotatein\\\\\\\":\\\\\\\"0\\\\\\\",\\\\\\\"rotatexin\\\\\\\":\\\\\\\"0\\\\\\\",\\\\\\\"rotateyin\\\\\\\":\\\\\\\"0\\\\\\\",\\\\\\\"transformoriginin\\\\\\\":\\\\\\\"50% 50% 0\\\\\\\",\\\\\\\"skewxin\\\\\\\":\\\\\\\"0\\\\\\\",\\\\\\\"skewyin\\\\\\\":\\\\\\\"0\\\\\\\",\\\\\\\"scalexin\\\\\\\":\\\\\\\"1\\\\\\\",\\\\\\\"scaleyin\\\\\\\":\\\\\\\"1\\\\\\\",\\\\\\\"offsetxout\\\\\\\":\\\\\\\"0\\\\\\\",\\\\\\\"offsetyout\\\\\\\":\\\\\\\"0\\\\\\\",\\\\\\\"durationout\\\\\\\":\\\\\\\"400\\\\\\\",\\\\\\\"showuntil\\\\\\\":\\\\\\\"0\\\\\\\",\\\\\\\"easingout\\\\\\\":\\\\\\\"easeInOutQuint\\\\\\\",\\\\\\\"fadeout\\\\\\\":true,\\\\\\\"rotateout\\\\\\\":\\\\\\\"0\\\\\\\",\\\\\\\"rotatexout\\\\\\\":\\\\\\\"0\\\\\\\",\\\\\\\"rotateyout\\\\\\\":\\\\\\\"0\\\\\\\",\\\\\\\"transformoriginout\\\\\\\":\\\\\\\"50% 50% 0\\\\\\\",\\\\\\\"skewxout\\\\\\\":\\\\\\\"0\\\\\\\",\\\\\\\"skewyout\\\\\\\":\\\\\\\"0\\\\\\\",\\\\\\\"scalexout\\\\\\\":\\\\\\\"1\\\\\\\",\\\\\\\"scaleyout\\\\\\\":\\\\\\\"1\\\\\\\",\\\\\\\"parallaxlevel\\\\\\\":\\\\\\\"2\\\\\\\",\\\\\\\"parallax\\\\\\\":true}\",\"styles\":\"{\\\\\\\"width\\\\\\\":\\\\\\\"1170px\\\\\\\",\\\\\\\"height\\\\\\\":\\\\\\\"922px\\\\\\\",\\\\\\\"top\\\\\\\":\\\\\\\"0px\\\\\\\",\\\\\\\"left\\\\\\\":\\\\\\\"50%\\\\\\\",\\\\\\\"wordwrap\\\\\\\":false}\",\"media\":\"img\",\"type\":\"p\",\"imageId\":2078,\"image\":\"http:\\/\\/testsite.wildrivertech.com\\/wp-content\\/uploads\\/layerslider\\/projects\\/Technology\\/11.png\",\"html\":\"\",\"post_text_length\":\"\",\"url\":\"\",\"target\":\"_self\",\"id\":\"\",\"class\":\"\",\"title\":\"\",\"alt\":\"\",\"rel\":\"\",\"style\":\"\",\"imageThumb\":\"https:\\/\\/avada.theme-fusion.com\\/technology\\/wp-content\\/uploads\\/sites\\/74\\/2016\\/08\\/11-300x236.png\",\"locked\":true,\"skip\":false,\"innerAttributes\":[],\"outerAttributes\":[],\"hasTransforms\":false,\"uuid\":\"b74822a2-fd57-4237-9fa2-9c55c4194c72\"},{\"subtitle\":\"08 - UI\",\"transition\":\"{\\\\\\\"offsetxin\\\\\\\":\\\\\\\"0\\\\\\\",\\\\\\\"offsetyin\\\\\\\":\\\\\\\"0\\\\\\\",\\\\\\\"durationin\\\\\\\":\\\\\\\"1000\\\\\\\",\\\\\\\"delayin\\\\\\\":\\\\\\\"1700\\\\\\\",\\\\\\\"easingin\\\\\\\":\\\\\\\"easeInElastic\\\\\\\",\\\\\\\"fadein\\\\\\\":true,\\\\\\\"rotatein\\\\\\\":\\\\\\\"0\\\\\\\",\\\\\\\"rotatexin\\\\\\\":\\\\\\\"0\\\\\\\",\\\\\\\"rotateyin\\\\\\\":\\\\\\\"0\\\\\\\",\\\\\\\"transformoriginin\\\\\\\":\\\\\\\"50% 50% 0\\\\\\\",\\\\\\\"skewxin\\\\\\\":\\\\\\\"0\\\\\\\",\\\\\\\"skewyin\\\\\\\":\\\\\\\"0\\\\\\\",\\\\\\\"scalexin\\\\\\\":\\\\\\\"1\\\\\\\",\\\\\\\"scaleyin\\\\\\\":\\\\\\\"1\\\\\\\",\\\\\\\"offsetxout\\\\\\\":\\\\\\\"0\\\\\\\",\\\\\\\"offsetyout\\\\\\\":\\\\\\\"0\\\\\\\",\\\\\\\"durationout\\\\\\\":\\\\\\\"400\\\\\\\",\\\\\\\"showuntil\\\\\\\":\\\\\\\"0\\\\\\\",\\\\\\\"easingout\\\\\\\":\\\\\\\"easeInOutQuint\\\\\\\",\\\\\\\"fadeout\\\\\\\":true,\\\\\\\"rotateout\\\\\\\":\\\\\\\"0\\\\\\\",\\\\\\\"rotatexout\\\\\\\":\\\\\\\"0\\\\\\\",\\\\\\\"rotateyout\\\\\\\":\\\\\\\"0\\\\\\\",\\\\\\\"transformoriginout\\\\\\\":\\\\\\\"50% 50% 0\\\\\\\",\\\\\\\"skewxout\\\\\\\":\\\\\\\"0\\\\\\\",\\\\\\\"skewyout\\\\\\\":\\\\\\\"0\\\\\\\",\\\\\\\"scalexout\\\\\\\":\\\\\\\"1\\\\\\\",\\\\\\\"scaleyout\\\\\\\":\\\\\\\"1\\\\\\\",\\\\\\\"parallaxlevel\\\\\\\":\\\\\\\"3\\\\\\\",\\\\\\\"parallax\\\\\\\":true}\",\"styles\":\"{\\\\\\\"width\\\\\\\":\\\\\\\"1170px\\\\\\\",\\\\\\\"height\\\\\\\":\\\\\\\"922px\\\\\\\",\\\\\\\"top\\\\\\\":\\\\\\\"0px\\\\\\\",\\\\\\\"left\\\\\\\":\\\\\\\"50%\\\\\\\",\\\\\\\"wordwrap\\\\\\\":false}\",\"media\":\"img\",\"type\":\"p\",\"imageId\":2077,\"image\":\"http:\\/\\/testsite.wildrivertech.com\\/wp-content\\/uploads\\/layerslider\\/projects\\/Technology\\/10.png\",\"html\":\"\",\"post_text_length\":\"\",\"url\":\"\",\"target\":\"_self\",\"id\":\"\",\"class\":\"\",\"title\":\"\",\"alt\":\"\",\"rel\":\"\",\"style\":\"\",\"imageThumb\":\"https:\\/\\/avada.theme-fusion.com\\/technology\\/wp-content\\/uploads\\/sites\\/74\\/2016\\/08\\/10-300x236.png\",\"locked\":true,\"skip\":false,\"innerAttributes\":[],\"outerAttributes\":[],\"hasTransforms\":false,\"uuid\":\"3583e088-381f-4e33-9e9e-29b8418d9623\"},{\"subtitle\":\"09 - UI\",\"transition\":\"{\\\\\\\"offsetxin\\\\\\\":\\\\\\\"0\\\\\\\",\\\\\\\"offsetyin\\\\\\\":\\\\\\\"0\\\\\\\",\\\\\\\"durationin\\\\\\\":\\\\\\\"1000\\\\\\\",\\\\\\\"delayin\\\\\\\":\\\\\\\"1800\\\\\\\",\\\\\\\"easingin\\\\\\\":\\\\\\\"easeInElastic\\\\\\\",\\\\\\\"fadein\\\\\\\":true,\\\\\\\"rotatein\\\\\\\":\\\\\\\"0\\\\\\\",\\\\\\\"rotatexin\\\\\\\":\\\\\\\"0\\\\\\\",\\\\\\\"rotateyin\\\\\\\":\\\\\\\"0\\\\\\\",\\\\\\\"transformoriginin\\\\\\\":\\\\\\\"50% 50% 0\\\\\\\",\\\\\\\"skewxin\\\\\\\":\\\\\\\"0\\\\\\\",\\\\\\\"skewyin\\\\\\\":\\\\\\\"0\\\\\\\",\\\\\\\"scalexin\\\\\\\":\\\\\\\"1\\\\\\\",\\\\\\\"scaleyin\\\\\\\":\\\\\\\"1\\\\\\\",\\\\\\\"offsetxout\\\\\\\":\\\\\\\"0\\\\\\\",\\\\\\\"offsetyout\\\\\\\":\\\\\\\"0\\\\\\\",\\\\\\\"durationout\\\\\\\":\\\\\\\"400\\\\\\\",\\\\\\\"showuntil\\\\\\\":\\\\\\\"0\\\\\\\",\\\\\\\"easingout\\\\\\\":\\\\\\\"easeInOutQuint\\\\\\\",\\\\\\\"fadeout\\\\\\\":true,\\\\\\\"rotateout\\\\\\\":\\\\\\\"0\\\\\\\",\\\\\\\"rotatexout\\\\\\\":\\\\\\\"0\\\\\\\",\\\\\\\"rotateyout\\\\\\\":\\\\\\\"0\\\\\\\",\\\\\\\"transformoriginout\\\\\\\":\\\\\\\"50% 50% 0\\\\\\\",\\\\\\\"skewxout\\\\\\\":\\\\\\\"0\\\\\\\",\\\\\\\"skewyout\\\\\\\":\\\\\\\"0\\\\\\\",\\\\\\\"scalexout\\\\\\\":\\\\\\\"1\\\\\\\",\\\\\\\"scaleyout\\\\\\\":\\\\\\\"1\\\\\\\",\\\\\\\"parallaxlevel\\\\\\\":\\\\\\\"3\\\\\\\",\\\\\\\"parallax\\\\\\\":true}\",\"styles\":\"{\\\\\\\"width\\\\\\\":\\\\\\\"1170px\\\\\\\",\\\\\\\"height\\\\\\\":\\\\\\\"922px\\\\\\\",\\\\\\\"top\\\\\\\":\\\\\\\"0px\\\\\\\",\\\\\\\"left\\\\\\\":\\\\\\\"50%\\\\\\\",\\\\\\\"wordwrap\\\\\\\":false}\",\"media\":\"img\",\"type\":\"p\",\"imageId\":2076,\"image\":\"http:\\/\\/testsite.wildrivertech.com\\/wp-content\\/uploads\\/layerslider\\/projects\\/Technology\\/09.png\",\"html\":\"\",\"post_text_length\":\"\",\"url\":\"\",\"target\":\"_self\",\"id\":\"\",\"class\":\"\",\"title\":\"\",\"alt\":\"\",\"rel\":\"\",\"style\":\"\",\"imageThumb\":\"https:\\/\\/avada.theme-fusion.com\\/technology\\/wp-content\\/uploads\\/sites\\/74\\/2016\\/08\\/09-300x236.png\",\"locked\":true,\"skip\":false,\"innerAttributes\":[],\"outerAttributes\":[],\"hasTransforms\":false,\"uuid\":\"6a1e6354-dbb1-4b73-945a-6c1c48be999b\"},{\"subtitle\":\"10 - UI\",\"transition\":\"{\\\\\\\"offsetxin\\\\\\\":\\\\\\\"0\\\\\\\",\\\\\\\"offsetyin\\\\\\\":\\\\\\\"0\\\\\\\",\\\\\\\"durationin\\\\\\\":\\\\\\\"1000\\\\\\\",\\\\\\\"delayin\\\\\\\":\\\\\\\"2000\\\\\\\",\\\\\\\"easingin\\\\\\\":\\\\\\\"easeInElastic\\\\\\\",\\\\\\\"fadein\\\\\\\":true,\\\\\\\"rotatein\\\\\\\":\\\\\\\"0\\\\\\\",\\\\\\\"rotatexin\\\\\\\":\\\\\\\"0\\\\\\\",\\\\\\\"rotateyin\\\\\\\":\\\\\\\"0\\\\\\\",\\\\\\\"transformoriginin\\\\\\\":\\\\\\\"50% 50% 0\\\\\\\",\\\\\\\"skewxin\\\\\\\":\\\\\\\"0\\\\\\\",\\\\\\\"skewyin\\\\\\\":\\\\\\\"0\\\\\\\",\\\\\\\"scalexin\\\\\\\":\\\\\\\"1\\\\\\\",\\\\\\\"scaleyin\\\\\\\":\\\\\\\"1\\\\\\\",\\\\\\\"offsetxout\\\\\\\":\\\\\\\"0\\\\\\\",\\\\\\\"offsetyout\\\\\\\":\\\\\\\"0\\\\\\\",\\\\\\\"durationout\\\\\\\":\\\\\\\"400\\\\\\\",\\\\\\\"showuntil\\\\\\\":\\\\\\\"0\\\\\\\",\\\\\\\"easingout\\\\\\\":\\\\\\\"easeInOutQuint\\\\\\\",\\\\\\\"fadeout\\\\\\\":true,\\\\\\\"rotateout\\\\\\\":\\\\\\\"0\\\\\\\",\\\\\\\"rotatexout\\\\\\\":\\\\\\\"0\\\\\\\",\\\\\\\"rotateyout\\\\\\\":\\\\\\\"0\\\\\\\",\\\\\\\"transformoriginout\\\\\\\":\\\\\\\"50% 50% 0\\\\\\\",\\\\\\\"skewxout\\\\\\\":\\\\\\\"0\\\\\\\",\\\\\\\"skewyout\\\\\\\":\\\\\\\"0\\\\\\\",\\\\\\\"scalexout\\\\\\\":\\\\\\\"1\\\\\\\",\\\\\\\"scaleyout\\\\\\\":\\\\\\\"1\\\\\\\",\\\\\\\"parallaxlevel\\\\\\\":\\\\\\\"4\\\\\\\",\\\\\\\"parallax\\\\\\\":true}\",\"styles\":\"{\\\\\\\"width\\\\\\\":\\\\\\\"1170px\\\\\\\",\\\\\\\"height\\\\\\\":\\\\\\\"922px\\\\\\\",\\\\\\\"top\\\\\\\":\\\\\\\"0px\\\\\\\",\\\\\\\"left\\\\\\\":\\\\\\\"50%\\\\\\\",\\\\\\\"wordwrap\\\\\\\":false}\",\"media\":\"img\",\"type\":\"p\",\"imageId\":2075,\"image\":\"http:\\/\\/testsite.wildrivertech.com\\/wp-content\\/uploads\\/layerslider\\/projects\\/Technology\\/08.png\",\"html\":\"\",\"post_text_length\":\"\",\"url\":\"\",\"target\":\"_self\",\"id\":\"\",\"class\":\"\",\"title\":\"\",\"alt\":\"\",\"rel\":\"\",\"style\":\"\",\"imageThumb\":\"https:\\/\\/avada.theme-fusion.com\\/technology\\/wp-content\\/uploads\\/sites\\/74\\/2016\\/08\\/08-300x236.png\",\"locked\":true,\"skip\":false,\"innerAttributes\":[],\"outerAttributes\":[],\"hasTransforms\":false,\"uuid\":\"bbfcd647-a866-4c18-8f37-51e2547229ce\"},{\"subtitle\":\"11 - UI\",\"transition\":\"{\\\\\\\"offsetxin\\\\\\\":\\\\\\\"0\\\\\\\",\\\\\\\"offsetyin\\\\\\\":\\\\\\\"0\\\\\\\",\\\\\\\"durationin\\\\\\\":\\\\\\\"1000\\\\\\\",\\\\\\\"delayin\\\\\\\":\\\\\\\"2200\\\\\\\",\\\\\\\"easingin\\\\\\\":\\\\\\\"easeInElastic\\\\\\\",\\\\\\\"fadein\\\\\\\":true,\\\\\\\"rotatein\\\\\\\":\\\\\\\"0\\\\\\\",\\\\\\\"rotatexin\\\\\\\":\\\\\\\"0\\\\\\\",\\\\\\\"rotateyin\\\\\\\":\\\\\\\"0\\\\\\\",\\\\\\\"transformoriginin\\\\\\\":\\\\\\\"50% 50% 0\\\\\\\",\\\\\\\"skewxin\\\\\\\":\\\\\\\"0\\\\\\\",\\\\\\\"skewyin\\\\\\\":\\\\\\\"0\\\\\\\",\\\\\\\"scalexin\\\\\\\":\\\\\\\"1\\\\\\\",\\\\\\\"scaleyin\\\\\\\":\\\\\\\"1\\\\\\\",\\\\\\\"offsetxout\\\\\\\":\\\\\\\"0\\\\\\\",\\\\\\\"offsetyout\\\\\\\":\\\\\\\"0\\\\\\\",\\\\\\\"durationout\\\\\\\":\\\\\\\"400\\\\\\\",\\\\\\\"showuntil\\\\\\\":\\\\\\\"0\\\\\\\",\\\\\\\"easingout\\\\\\\":\\\\\\\"easeInOutQuint\\\\\\\",\\\\\\\"fadeout\\\\\\\":true,\\\\\\\"rotateout\\\\\\\":\\\\\\\"0\\\\\\\",\\\\\\\"rotatexout\\\\\\\":\\\\\\\"0\\\\\\\",\\\\\\\"rotateyout\\\\\\\":\\\\\\\"0\\\\\\\",\\\\\\\"transformoriginout\\\\\\\":\\\\\\\"50% 50% 0\\\\\\\",\\\\\\\"skewxout\\\\\\\":\\\\\\\"0\\\\\\\",\\\\\\\"skewyout\\\\\\\":\\\\\\\"0\\\\\\\",\\\\\\\"scalexout\\\\\\\":\\\\\\\"1\\\\\\\",\\\\\\\"scaleyout\\\\\\\":\\\\\\\"1\\\\\\\",\\\\\\\"parallaxlevel\\\\\\\":\\\\\\\"5\\\\\\\",\\\\\\\"parallax\\\\\\\":true}\",\"styles\":\"{\\\\\\\"width\\\\\\\":\\\\\\\"1170px\\\\\\\",\\\\\\\"height\\\\\\\":\\\\\\\"922px\\\\\\\",\\\\\\\"top\\\\\\\":\\\\\\\"0px\\\\\\\",\\\\\\\"left\\\\\\\":\\\\\\\"50%\\\\\\\",\\\\\\\"wordwrap\\\\\\\":false}\",\"media\":\"img\",\"type\":\"p\",\"imageId\":2074,\"image\":\"http:\\/\\/testsite.wildrivertech.com\\/wp-content\\/uploads\\/layerslider\\/projects\\/Technology\\/07.png\",\"html\":\"\",\"post_text_length\":\"\",\"url\":\"\",\"target\":\"_self\",\"id\":\"\",\"class\":\"\",\"title\":\"\",\"alt\":\"\",\"rel\":\"\",\"style\":\"\",\"imageThumb\":\"https:\\/\\/avada.theme-fusion.com\\/technology\\/wp-content\\/uploads\\/sites\\/74\\/2016\\/08\\/07-300x236.png\",\"locked\":true,\"skip\":false,\"innerAttributes\":[],\"outerAttributes\":[],\"hasTransforms\":false,\"uuid\":\"1dc348cc-ec39-4840-bf04-e0599b188d24\"},{\"subtitle\":\"12 - UI\",\"transition\":\"{\\\\\\\"offsetxin\\\\\\\":\\\\\\\"0\\\\\\\",\\\\\\\"offsetyin\\\\\\\":\\\\\\\"0\\\\\\\",\\\\\\\"durationin\\\\\\\":\\\\\\\"1000\\\\\\\",\\\\\\\"delayin\\\\\\\":\\\\\\\"2400\\\\\\\",\\\\\\\"easingin\\\\\\\":\\\\\\\"easeInElastic\\\\\\\",\\\\\\\"fadein\\\\\\\":true,\\\\\\\"rotatein\\\\\\\":\\\\\\\"0\\\\\\\",\\\\\\\"rotatexin\\\\\\\":\\\\\\\"0\\\\\\\",\\\\\\\"rotateyin\\\\\\\":\\\\\\\"0\\\\\\\",\\\\\\\"transformoriginin\\\\\\\":\\\\\\\"50% 50% 0\\\\\\\",\\\\\\\"skewxin\\\\\\\":\\\\\\\"0\\\\\\\",\\\\\\\"skewyin\\\\\\\":\\\\\\\"0\\\\\\\",\\\\\\\"scalexin\\\\\\\":\\\\\\\"1\\\\\\\",\\\\\\\"scaleyin\\\\\\\":\\\\\\\"1\\\\\\\",\\\\\\\"offsetxout\\\\\\\":\\\\\\\"0\\\\\\\",\\\\\\\"offsetyout\\\\\\\":\\\\\\\"0\\\\\\\",\\\\\\\"durationout\\\\\\\":\\\\\\\"400\\\\\\\",\\\\\\\"showuntil\\\\\\\":\\\\\\\"0\\\\\\\",\\\\\\\"easingout\\\\\\\":\\\\\\\"easeInOutQuint\\\\\\\",\\\\\\\"fadeout\\\\\\\":true,\\\\\\\"rotateout\\\\\\\":\\\\\\\"0\\\\\\\",\\\\\\\"rotatexout\\\\\\\":\\\\\\\"0\\\\\\\",\\\\\\\"rotateyout\\\\\\\":\\\\\\\"0\\\\\\\",\\\\\\\"transformoriginout\\\\\\\":\\\\\\\"50% 50% 0\\\\\\\",\\\\\\\"skewxout\\\\\\\":\\\\\\\"0\\\\\\\",\\\\\\\"skewyout\\\\\\\":\\\\\\\"0\\\\\\\",\\\\\\\"scalexout\\\\\\\":\\\\\\\"1\\\\\\\",\\\\\\\"scaleyout\\\\\\\":\\\\\\\"1\\\\\\\",\\\\\\\"parallaxlevel\\\\\\\":\\\\\\\"5\\\\\\\",\\\\\\\"parallax\\\\\\\":true}\",\"styles\":\"{\\\\\\\"width\\\\\\\":\\\\\\\"1170px\\\\\\\",\\\\\\\"height\\\\\\\":\\\\\\\"922px\\\\\\\",\\\\\\\"top\\\\\\\":\\\\\\\"0px\\\\\\\",\\\\\\\"left\\\\\\\":\\\\\\\"50%\\\\\\\",\\\\\\\"wordwrap\\\\\\\":false}\",\"media\":\"img\",\"type\":\"p\",\"imageId\":2073,\"image\":\"http:\\/\\/testsite.wildrivertech.com\\/wp-content\\/uploads\\/layerslider\\/projects\\/Technology\\/06.png\",\"html\":\"\",\"post_text_length\":\"\",\"url\":\"\",\"target\":\"_self\",\"id\":\"\",\"class\":\"\",\"title\":\"\",\"alt\":\"\",\"rel\":\"\",\"style\":\"\",\"imageThumb\":\"https:\\/\\/avada.theme-fusion.com\\/technology\\/wp-content\\/uploads\\/sites\\/74\\/2016\\/08\\/06-300x236.png\",\"locked\":true,\"skip\":false,\"innerAttributes\":[],\"outerAttributes\":[],\"hasTransforms\":false,\"uuid\":\"4b27a992-78dc-40b5-ab81-fbc239dc7e26\"},{\"subtitle\":\"13 - UI\",\"transition\":\"{\\\\\\\"offsetxin\\\\\\\":\\\\\\\"0\\\\\\\",\\\\\\\"offsetyin\\\\\\\":\\\\\\\"0\\\\\\\",\\\\\\\"durationin\\\\\\\":\\\\\\\"1000\\\\\\\",\\\\\\\"delayin\\\\\\\":\\\\\\\"2600\\\\\\\",\\\\\\\"easingin\\\\\\\":\\\\\\\"easeInElastic\\\\\\\",\\\\\\\"fadein\\\\\\\":true,\\\\\\\"rotatein\\\\\\\":\\\\\\\"0\\\\\\\",\\\\\\\"rotatexin\\\\\\\":\\\\\\\"0\\\\\\\",\\\\\\\"rotateyin\\\\\\\":\\\\\\\"0\\\\\\\",\\\\\\\"transformoriginin\\\\\\\":\\\\\\\"50% 50% 0\\\\\\\",\\\\\\\"skewxin\\\\\\\":\\\\\\\"0\\\\\\\",\\\\\\\"skewyin\\\\\\\":\\\\\\\"0\\\\\\\",\\\\\\\"scalexin\\\\\\\":\\\\\\\"1\\\\\\\",\\\\\\\"scaleyin\\\\\\\":\\\\\\\"1\\\\\\\",\\\\\\\"offsetxout\\\\\\\":\\\\\\\"0\\\\\\\",\\\\\\\"offsetyout\\\\\\\":\\\\\\\"0\\\\\\\",\\\\\\\"durationout\\\\\\\":\\\\\\\"400\\\\\\\",\\\\\\\"showuntil\\\\\\\":\\\\\\\"0\\\\\\\",\\\\\\\"easingout\\\\\\\":\\\\\\\"easeInOutQuint\\\\\\\",\\\\\\\"fadeout\\\\\\\":true,\\\\\\\"rotateout\\\\\\\":\\\\\\\"0\\\\\\\",\\\\\\\"rotatexout\\\\\\\":\\\\\\\"0\\\\\\\",\\\\\\\"rotateyout\\\\\\\":\\\\\\\"0\\\\\\\",\\\\\\\"transformoriginout\\\\\\\":\\\\\\\"50% 50% 0\\\\\\\",\\\\\\\"skewxout\\\\\\\":\\\\\\\"0\\\\\\\",\\\\\\\"skewyout\\\\\\\":\\\\\\\"0\\\\\\\",\\\\\\\"scalexout\\\\\\\":\\\\\\\"1\\\\\\\",\\\\\\\"scaleyout\\\\\\\":\\\\\\\"1\\\\\\\",\\\\\\\"parallaxlevel\\\\\\\":\\\\\\\"5\\\\\\\",\\\\\\\"parallax\\\\\\\":true}\",\"styles\":\"{\\\\\\\"width\\\\\\\":\\\\\\\"1170px\\\\\\\",\\\\\\\"height\\\\\\\":\\\\\\\"922px\\\\\\\",\\\\\\\"top\\\\\\\":\\\\\\\"0px\\\\\\\",\\\\\\\"left\\\\\\\":\\\\\\\"50%\\\\\\\",\\\\\\\"wordwrap\\\\\\\":false}\",\"media\":\"img\",\"type\":\"p\",\"imageId\":2072,\"image\":\"http:\\/\\/testsite.wildrivertech.com\\/wp-content\\/uploads\\/layerslider\\/projects\\/Technology\\/05.png\",\"html\":\"\",\"post_text_length\":\"\",\"url\":\"\",\"target\":\"_self\",\"id\":\"\",\"class\":\"\",\"title\":\"\",\"alt\":\"\",\"rel\":\"\",\"style\":\"\",\"imageThumb\":\"https:\\/\\/avada.theme-fusion.com\\/technology\\/wp-content\\/uploads\\/sites\\/74\\/2016\\/08\\/05-300x236.png\",\"locked\":true,\"skip\":false,\"innerAttributes\":[],\"outerAttributes\":[],\"hasTransforms\":false,\"uuid\":\"36448ffa-8fcd-42a1-b238-d813b5e7e06f\"},{\"subtitle\":\"14 - UI\",\"transition\":\"{\\\\\\\"offsetxin\\\\\\\":\\\\\\\"0\\\\\\\",\\\\\\\"offsetyin\\\\\\\":\\\\\\\"0\\\\\\\",\\\\\\\"durationin\\\\\\\":\\\\\\\"1000\\\\\\\",\\\\\\\"delayin\\\\\\\":\\\\\\\"2700\\\\\\\",\\\\\\\"easingin\\\\\\\":\\\\\\\"easeInElastic\\\\\\\",\\\\\\\"fadein\\\\\\\":true,\\\\\\\"rotatein\\\\\\\":\\\\\\\"0\\\\\\\",\\\\\\\"rotatexin\\\\\\\":\\\\\\\"0\\\\\\\",\\\\\\\"rotateyin\\\\\\\":\\\\\\\"0\\\\\\\",\\\\\\\"transformoriginin\\\\\\\":\\\\\\\"50% 50% 0\\\\\\\",\\\\\\\"skewxin\\\\\\\":\\\\\\\"0\\\\\\\",\\\\\\\"skewyin\\\\\\\":\\\\\\\"0\\\\\\\",\\\\\\\"scalexin\\\\\\\":\\\\\\\"1\\\\\\\",\\\\\\\"scaleyin\\\\\\\":\\\\\\\"1\\\\\\\",\\\\\\\"offsetxout\\\\\\\":\\\\\\\"0\\\\\\\",\\\\\\\"offsetyout\\\\\\\":\\\\\\\"0\\\\\\\",\\\\\\\"durationout\\\\\\\":\\\\\\\"400\\\\\\\",\\\\\\\"showuntil\\\\\\\":\\\\\\\"0\\\\\\\",\\\\\\\"easingout\\\\\\\":\\\\\\\"easeInOutQuint\\\\\\\",\\\\\\\"fadeout\\\\\\\":true,\\\\\\\"rotateout\\\\\\\":\\\\\\\"0\\\\\\\",\\\\\\\"rotatexout\\\\\\\":\\\\\\\"0\\\\\\\",\\\\\\\"rotateyout\\\\\\\":\\\\\\\"0\\\\\\\",\\\\\\\"transformoriginout\\\\\\\":\\\\\\\"50% 50% 0\\\\\\\",\\\\\\\"skewxout\\\\\\\":\\\\\\\"0\\\\\\\",\\\\\\\"skewyout\\\\\\\":\\\\\\\"0\\\\\\\",\\\\\\\"scalexout\\\\\\\":\\\\\\\"1\\\\\\\",\\\\\\\"scaleyout\\\\\\\":\\\\\\\"1\\\\\\\",\\\\\\\"parallaxlevel\\\\\\\":\\\\\\\"5\\\\\\\",\\\\\\\"parallax\\\\\\\":true}\",\"styles\":\"{\\\\\\\"width\\\\\\\":\\\\\\\"1170px\\\\\\\",\\\\\\\"height\\\\\\\":\\\\\\\"922px\\\\\\\",\\\\\\\"top\\\\\\\":\\\\\\\"0px\\\\\\\",\\\\\\\"left\\\\\\\":\\\\\\\"50%\\\\\\\",\\\\\\\"wordwrap\\\\\\\":false}\",\"media\":\"img\",\"type\":\"p\",\"imageId\":2071,\"image\":\"http:\\/\\/testsite.wildrivertech.com\\/wp-content\\/uploads\\/layerslider\\/projects\\/Technology\\/04.png\",\"html\":\"\",\"post_text_length\":\"\",\"url\":\"\",\"target\":\"_self\",\"id\":\"\",\"class\":\"\",\"title\":\"\",\"alt\":\"\",\"rel\":\"\",\"style\":\"\",\"imageThumb\":\"https:\\/\\/avada.theme-fusion.com\\/technology\\/wp-content\\/uploads\\/sites\\/74\\/2016\\/08\\/04-300x236.png\",\"locked\":true,\"skip\":false,\"innerAttributes\":[],\"outerAttributes\":[],\"hasTransforms\":false,\"uuid\":\"738ff8a0-fdba-4543-88ab-912b51f51139\"},{\"subtitle\":\"15 - UI\",\"transition\":\"{\\\\\\\"offsetxin\\\\\\\":\\\\\\\"0\\\\\\\",\\\\\\\"offsetyin\\\\\\\":\\\\\\\"0\\\\\\\",\\\\\\\"durationin\\\\\\\":\\\\\\\"1000\\\\\\\",\\\\\\\"delayin\\\\\\\":\\\\\\\"2800\\\\\\\",\\\\\\\"easingin\\\\\\\":\\\\\\\"easeInElastic\\\\\\\",\\\\\\\"fadein\\\\\\\":true,\\\\\\\"rotatein\\\\\\\":\\\\\\\"0\\\\\\\",\\\\\\\"rotatexin\\\\\\\":\\\\\\\"0\\\\\\\",\\\\\\\"rotateyin\\\\\\\":\\\\\\\"0\\\\\\\",\\\\\\\"transformoriginin\\\\\\\":\\\\\\\"50% 50% 0\\\\\\\",\\\\\\\"skewxin\\\\\\\":\\\\\\\"0\\\\\\\",\\\\\\\"skewyin\\\\\\\":\\\\\\\"0\\\\\\\",\\\\\\\"scalexin\\\\\\\":\\\\\\\"1\\\\\\\",\\\\\\\"scaleyin\\\\\\\":\\\\\\\"1\\\\\\\",\\\\\\\"offsetxout\\\\\\\":\\\\\\\"0\\\\\\\",\\\\\\\"offsetyout\\\\\\\":\\\\\\\"0\\\\\\\",\\\\\\\"durationout\\\\\\\":\\\\\\\"400\\\\\\\",\\\\\\\"showuntil\\\\\\\":\\\\\\\"0\\\\\\\",\\\\\\\"easingout\\\\\\\":\\\\\\\"easeInOutQuint\\\\\\\",\\\\\\\"fadeout\\\\\\\":true,\\\\\\\"rotateout\\\\\\\":\\\\\\\"0\\\\\\\",\\\\\\\"rotatexout\\\\\\\":\\\\\\\"0\\\\\\\",\\\\\\\"rotateyout\\\\\\\":\\\\\\\"0\\\\\\\",\\\\\\\"transformoriginout\\\\\\\":\\\\\\\"50% 50% 0\\\\\\\",\\\\\\\"skewxout\\\\\\\":\\\\\\\"0\\\\\\\",\\\\\\\"skewyout\\\\\\\":\\\\\\\"0\\\\\\\",\\\\\\\"scalexout\\\\\\\":\\\\\\\"1\\\\\\\",\\\\\\\"scaleyout\\\\\\\":\\\\\\\"1\\\\\\\",\\\\\\\"parallaxlevel\\\\\\\":\\\\\\\"6\\\\\\\",\\\\\\\"parallax\\\\\\\":true}\",\"styles\":\"{\\\\\\\"width\\\\\\\":\\\\\\\"1170px\\\\\\\",\\\\\\\"height\\\\\\\":\\\\\\\"922px\\\\\\\",\\\\\\\"top\\\\\\\":\\\\\\\"0px\\\\\\\",\\\\\\\"left\\\\\\\":\\\\\\\"50%\\\\\\\",\\\\\\\"wordwrap\\\\\\\":false}\",\"media\":\"img\",\"type\":\"p\",\"imageId\":2070,\"image\":\"http:\\/\\/testsite.wildrivertech.com\\/wp-content\\/uploads\\/layerslider\\/projects\\/Technology\\/03.png\",\"html\":\"\",\"post_text_length\":\"\",\"url\":\"\",\"target\":\"_self\",\"id\":\"\",\"class\":\"\",\"title\":\"\",\"alt\":\"\",\"rel\":\"\",\"style\":\"\",\"imageThumb\":\"https:\\/\\/avada.theme-fusion.com\\/technology\\/wp-content\\/uploads\\/sites\\/74\\/2016\\/08\\/03-300x236.png\",\"locked\":false,\"skip\":false,\"innerAttributes\":[],\"outerAttributes\":[],\"hasTransforms\":false,\"meta\":[],\"hide_on_desktop\":false,\"uuid\":\"6d349c83-b75e-488e-b73f-54e463d9ef55\",\"linkId\":\"\",\"linkName\":\"\",\"linkType\":\"\"},{\"subtitle\":\"16 - UI\",\"transition\":\"{\\\\\\\"offsetxin\\\\\\\":\\\\\\\"0\\\\\\\",\\\\\\\"offsetyin\\\\\\\":\\\\\\\"0\\\\\\\",\\\\\\\"durationin\\\\\\\":\\\\\\\"1000\\\\\\\",\\\\\\\"delayin\\\\\\\":\\\\\\\"2900\\\\\\\",\\\\\\\"easingin\\\\\\\":\\\\\\\"easeInElastic\\\\\\\",\\\\\\\"fadein\\\\\\\":true,\\\\\\\"rotatein\\\\\\\":\\\\\\\"0\\\\\\\",\\\\\\\"rotatexin\\\\\\\":\\\\\\\"0\\\\\\\",\\\\\\\"rotateyin\\\\\\\":\\\\\\\"0\\\\\\\",\\\\\\\"transformoriginin\\\\\\\":\\\\\\\"50% 50% 0\\\\\\\",\\\\\\\"skewxin\\\\\\\":\\\\\\\"0\\\\\\\",\\\\\\\"skewyin\\\\\\\":\\\\\\\"0\\\\\\\",\\\\\\\"scalexin\\\\\\\":\\\\\\\"1\\\\\\\",\\\\\\\"scaleyin\\\\\\\":\\\\\\\"1\\\\\\\",\\\\\\\"offsetxout\\\\\\\":\\\\\\\"0\\\\\\\",\\\\\\\"offsetyout\\\\\\\":\\\\\\\"0\\\\\\\",\\\\\\\"durationout\\\\\\\":\\\\\\\"400\\\\\\\",\\\\\\\"showuntil\\\\\\\":\\\\\\\"0\\\\\\\",\\\\\\\"easingout\\\\\\\":\\\\\\\"easeInOutQuint\\\\\\\",\\\\\\\"fadeout\\\\\\\":true,\\\\\\\"rotateout\\\\\\\":\\\\\\\"0\\\\\\\",\\\\\\\"rotatexout\\\\\\\":\\\\\\\"0\\\\\\\",\\\\\\\"rotateyout\\\\\\\":\\\\\\\"0\\\\\\\",\\\\\\\"transformoriginout\\\\\\\":\\\\\\\"50% 50% 0\\\\\\\",\\\\\\\"skewxout\\\\\\\":\\\\\\\"0\\\\\\\",\\\\\\\"skewyout\\\\\\\":\\\\\\\"0\\\\\\\",\\\\\\\"scalexout\\\\\\\":\\\\\\\"1\\\\\\\",\\\\\\\"scaleyout\\\\\\\":\\\\\\\"1\\\\\\\",\\\\\\\"parallaxlevel\\\\\\\":\\\\\\\"6\\\\\\\",\\\\\\\"parallax\\\\\\\":true}\",\"styles\":\"{\\\\\\\"width\\\\\\\":\\\\\\\"1170px\\\\\\\",\\\\\\\"height\\\\\\\":\\\\\\\"922px\\\\\\\",\\\\\\\"top\\\\\\\":\\\\\\\"0px\\\\\\\",\\\\\\\"left\\\\\\\":\\\\\\\"50%\\\\\\\",\\\\\\\"wordwrap\\\\\\\":false}\",\"media\":\"img\",\"type\":\"p\",\"imageId\":2069,\"image\":\"http:\\/\\/testsite.wildrivertech.com\\/wp-content\\/uploads\\/layerslider\\/projects\\/Technology\\/02.png\",\"html\":\"\",\"post_text_length\":\"\",\"url\":\"\",\"target\":\"_self\",\"id\":\"\",\"class\":\"\",\"title\":\"\",\"alt\":\"\",\"rel\":\"\",\"style\":\"\",\"imageThumb\":\"https:\\/\\/avada.theme-fusion.com\\/technology\\/wp-content\\/uploads\\/sites\\/74\\/2016\\/08\\/02-300x236.png\",\"locked\":false,\"skip\":false,\"innerAttributes\":[],\"outerAttributes\":[],\"hasTransforms\":false,\"meta\":[],\"uuid\":\"61d5b036-31e2-4887-b6a6-12906a341d2f\"},{\"subtitle\":\"17 - UI\",\"transition\":\"{\\\\\\\"offsetxin\\\\\\\":\\\\\\\"32\\\\\\\",\\\\\\\"offsetyin\\\\\\\":\\\\\\\"0\\\\\\\",\\\\\\\"durationin\\\\\\\":\\\\\\\"1800\\\\\\\",\\\\\\\"delayin\\\\\\\":\\\\\\\"2800\\\\\\\",\\\\\\\"easingin\\\\\\\":\\\\\\\"easeInCubic\\\\\\\",\\\\\\\"fadein\\\\\\\":true,\\\\\\\"rotatein\\\\\\\":\\\\\\\"0\\\\\\\",\\\\\\\"rotatexin\\\\\\\":\\\\\\\"0\\\\\\\",\\\\\\\"rotateyin\\\\\\\":\\\\\\\"0\\\\\\\",\\\\\\\"transformoriginin\\\\\\\":\\\\\\\"50% 50% 0\\\\\\\",\\\\\\\"skewxin\\\\\\\":\\\\\\\"0\\\\\\\",\\\\\\\"skewyin\\\\\\\":\\\\\\\"0\\\\\\\",\\\\\\\"scalexin\\\\\\\":\\\\\\\"1\\\\\\\",\\\\\\\"scaleyin\\\\\\\":\\\\\\\"1\\\\\\\",\\\\\\\"offsetxout\\\\\\\":\\\\\\\"0\\\\\\\",\\\\\\\"offsetyout\\\\\\\":\\\\\\\"0\\\\\\\",\\\\\\\"durationout\\\\\\\":\\\\\\\"400\\\\\\\",\\\\\\\"showuntil\\\\\\\":\\\\\\\"0\\\\\\\",\\\\\\\"easingout\\\\\\\":\\\\\\\"easeInOutQuint\\\\\\\",\\\\\\\"fadeout\\\\\\\":true,\\\\\\\"rotateout\\\\\\\":\\\\\\\"0\\\\\\\",\\\\\\\"rotatexout\\\\\\\":\\\\\\\"0\\\\\\\",\\\\\\\"rotateyout\\\\\\\":\\\\\\\"0\\\\\\\",\\\\\\\"transformoriginout\\\\\\\":\\\\\\\"50% 50% 0\\\\\\\",\\\\\\\"skewxout\\\\\\\":\\\\\\\"0\\\\\\\",\\\\\\\"skewyout\\\\\\\":\\\\\\\"0\\\\\\\",\\\\\\\"scalexout\\\\\\\":\\\\\\\"1\\\\\\\",\\\\\\\"scaleyout\\\\\\\":\\\\\\\"1\\\\\\\",\\\\\\\"parallaxlevel\\\\\\\":\\\\\\\"1\\\\\\\",\\\\\\\"parallax\\\\\\\":true}\",\"styles\":\"{\\\\\\\"width\\\\\\\":\\\\\\\"1170px\\\\\\\",\\\\\\\"height\\\\\\\":\\\\\\\"922px\\\\\\\",\\\\\\\"top\\\\\\\":\\\\\\\"0px\\\\\\\",\\\\\\\"left\\\\\\\":\\\\\\\"50%\\\\\\\",\\\\\\\"wordwrap\\\\\\\":false}\",\"media\":\"img\",\"type\":\"p\",\"imageId\":2068,\"image\":\"http:\\/\\/testsite.wildrivertech.com\\/wp-content\\/uploads\\/layerslider\\/projects\\/Technology\\/01.png\",\"html\":\"\",\"post_text_length\":\"\",\"url\":\"\",\"target\":\"_self\",\"id\":\"\",\"class\":\"\",\"title\":\"\",\"alt\":\"\",\"rel\":\"\",\"style\":\"\",\"imageThumb\":\"https:\\/\\/avada.theme-fusion.com\\/technology\\/wp-content\\/uploads\\/sites\\/74\\/2016\\/08\\/01-300x236.png\",\"locked\":false,\"skip\":false,\"innerAttributes\":[],\"outerAttributes\":[],\"hasTransforms\":false,\"meta\":[],\"uuid\":\"ef575778-fd25-406f-9291-59c7ac6d4282\"}],\"meta\":{\"activeLayers\":[2],\"undoStackIndex\":0},\"history\":[{\"cmd\":\"slide.general\",\"name\":\"Slide settings\",\"updateInfo\":[{\"itemIndex\":0,\"undo\":{\"layer_link\":\"https:\\/\\/themeforest.net\\/item\\/avada-responsive-multipurpose-theme\\/2833226?ref=ThemeFusion\"},\"redo\":{\"layer_link\":\"https:\\/\\/bit.ly\\/2l3jd8A\"}}]}]}],\"googlefonts\":[]}',1647025452,1647025452,0,0,0,0,0,0,0),(3,NULL,2,'Simple Fullscreen Slider','','{\"properties\":{\"title\":\"Simple Fullscreen Slider\",\"slug\":\"\",\"sliderVersion\":\"6.10.0\",\"status\":true,\"schedule_start\":\"\",\"schedule_end\":\"\",\"type\":\"fullsize\",\"width\":1140,\"height\":650,\"maxwidth\":\"\",\"responsiveunder\":\"\",\"fullSizeMode\":\"normal\",\"fitScreenWidth\":true,\"allowFullscreen\":true,\"maxRatio\":\"1\",\"insertMethod\":\"prependTo\",\"insertSelector\":\"\",\"clipSlideTransition\":\"disabled\",\"preventSliderClip\":true,\"hideunder\":\"\",\"hideover\":\"\",\"slideOnSwipe\":true,\"optimizeForMobile\":true,\"firstlayer\":\"1\",\"autostart\":true,\"startinviewport\":true,\"pauseonhover\":\"disabled\",\"keybnav\":true,\"touchnav\":true,\"playByScrollSpeed\":\"1\",\"loops\":\"0\",\"forceloopnum\":true,\"skin\":\"v6\",\"sliderfadeinduration\":\"350\",\"sliderclass\":\"\",\"sliderstyle\":\"margin-bottom: 0px;\",\"backgroundcolor\":\"\",\"backgroundimageId\":\"\",\"backgroundimage\":\"\",\"globalBGRepeat\":\"no-repeat\",\"globalBGAttachment\":\"scroll\",\"globalBGPosition\":\"50% 50%\",\"globalBGSize\":\"auto\",\"navprevnext\":true,\"navbuttons\":true,\"hoverprevnext\":true,\"bartimer\":true,\"thumb_nav\":\"hover\",\"thumb_container_width\":\"60%\",\"thumb_width\":\"100\",\"thumb_height\":\"60\",\"thumb_active_opacity\":\"35\",\"thumb_inactive_opacity\":\"100\",\"autoplayvideos\":true,\"rememberUnmuteState\":true,\"autopauseslideshow\":\"auto\",\"youtubepreview\":\"maxresdefault.jpg\",\"popupPositionHorizontal\":\"center\",\"popupPositionVertical\":\"middle\",\"popupWidth\":\"640\",\"popupHeight\":\"360\",\"popupDistanceLeft\":\"10\",\"popupDistanceRight\":\"10\",\"popupDistanceTop\":\"10\",\"popupDistanceBottom\":\"10\",\"popupShowOnTimeout\":\"\",\"popupShowOnIdle\":\"\",\"popupShowOnScroll\":\"\",\"popupShowOnClick\":\"\",\"popupCloseOnTimeout\":\"\",\"popupCloseOnScroll\":\"\",\"popup_repeat\":true,\"popup_repeat_days\":\"\",\"popupShowOnce\":true,\"popup_pages_custom\":\"\",\"popup_pages_exclude\":\"\",\"popup_roles_administrator\":true,\"popup_roles_editor\":true,\"popup_roles_author\":true,\"popup_roles_contributor\":true,\"popup_roles_subscriber\":true,\"popup_roles_customer\":true,\"popup_roles_visitor\":true,\"popupTransitionIn\":\"fade\",\"popupDurationIn\":\"1000\",\"popupDelayIn\":\"200\",\"popupTransitionOut\":\"fade\",\"popupDurationOut\":\"500\",\"popupResetOnClose\":\"slide\",\"popupShowCloseButton\":true,\"popupCloseButtonStyle\":\"\",\"popupOverlayClickToClose\":true,\"popupOverlayBackground\":\"rgba(0,0,0,.85)\",\"popupOverlayTransitionIn\":\"fade\",\"popupOverlayDurationIn\":\"400\",\"popupOverlayTransitionOut\":\"fade\",\"popupOverlayDurationOut\":\"400\",\"yourlogoId\":\"\",\"yourlogo\":\"\",\"yourlogostyle\":\"left: -10px; top: -10px;\",\"yourlogolink\":\"\",\"yourlogotarget\":\"_self\",\"slideBGSize\":\"cover\",\"slideBGPosition\":\"50% 50%\",\"parallaxSensitivity\":\"10\",\"parallaxCenterLayers\":\"center\",\"parallaxCenterDegree\":\"40\",\"forceLayersOutDuration\":\"750\",\"useSrcset\":true,\"preferBlendMode\":\"disabled\",\"previewId\":\"\",\"preview\":\"\",\"navstartstop\":false,\"circletimer\":false,\"createdWith\":\"6.6.048\",\"generator_type\":\"imagesfromfolder\",\"undefined\":true,\"cbinit\":\"function(element) {\\r\\n\\r\\n}\",\"cbstart\":\"function(data) {\\r\\n\\r\\n}\",\"cbstop\":\"function(data) {\\r\\n\\r\\n}\",\"cbpause\":\"function(data) {\\r\\n\\r\\n}\",\"cbanimstart\":\"function(data) {\\r\\n\\r\\n}\",\"cbanimstop\":\"function(data) {\\r\\n\\r\\n}\",\"cbprev\":\"function(data) {\\r\\n\\r\\n}\",\"cbnext\":\"function(data) {\\r\\n\\r\\n}\",\"backgroundimageThumb\":\"\"},\"layers\":[{\"properties\":{\"post_offset\":\"-1\",\"3d_transitions\":\"\",\"2d_transitions\":\"5\",\"custom_3d_transitions\":\"\",\"custom_2d_transitions\":\"\",\"backgroundId\":6023,\"background\":\"http:\\/\\/testsite.wildrivertech.com\\/wp-content\\/uploads\\/layerslider\\/projects\\/Simple-Fullscreen-Slider\\/fullscreen-bg-1.jpg\",\"bgsize\":\"inherit\",\"bgposition\":\"inherit\",\"bgcolor\":\"\",\"thumbnailId\":6026,\"thumbnail\":\"http:\\/\\/testsite.wildrivertech.com\\/wp-content\\/uploads\\/layerslider\\/projects\\/Simple-Fullscreen-Slider\\/ls-slider-302-slide-1.jpg\",\"slidedelay\":\"10000\",\"timeshift\":\"0\",\"transitionduration\":\"1500\",\"layer_link\":\"\",\"linkId\":\"\",\"linkName\":\"\",\"linkType\":\"\",\"layer_link_target\":\"_self\",\"layer_link_type\":\"over\",\"deeplink\":\"\",\"globalhover\":false,\"overflow\":false,\"kenburnszoom\":\"in\",\"kenburnsscale\":\"1.1\",\"kenburnsrotate\":\"0\",\"parallaxtype\":\"2d\",\"parallaxevent\":\"cursor\",\"parallaxaxis\":\"both\",\"parallaxtransformorigin\":\"50% 50% 0\",\"parallaxdurationmove\":\"1500\",\"parallaxdurationleave\":\"1200\",\"parallaxdistance\":\"10\",\"parallaxrotate\":\"10\",\"parallaxtransformperspective\":\"500\",\"skip\":false,\"schedule_start\":\"\",\"schedule_end\":\"\",\"title\":\"\",\"alt\":\"\",\"backgroundThumb\":\"\\/wp-content\\/uploads\\/layerslider\\/Simple-fullscreen-slider\\/fullscreen-bg-1-300x183.jpg\",\"post_content\":false,\"thumbnailThumb\":\"\\/wp-content\\/uploads\\/2019\\/12\\/ls-slider-302-slide-1.jpg\",\"customProperties\":[]},\"sublayers\":[{\"transition\":\"{\\\\\\\"backgroundvideo\\\\\\\":false,\\\\\\\"autoplay\\\\\\\":\\\\\\\"inherit\\\\\\\",\\\\\\\"fillmode\\\\\\\":\\\\\\\"cover\\\\\\\",\\\\\\\"controls\\\\\\\":\\\\\\\"auto\\\\\\\",\\\\\\\"showinfo\\\\\\\":\\\\\\\"auto\\\\\\\",\\\\\\\"volume\\\\\\\":\\\\\\\"\\\\\\\",\\\\\\\"overlay\\\\\\\":\\\\\\\"disabled\\\\\\\",\\\\\\\"transitionin\\\\\\\":true,\\\\\\\"offsetxin\\\\\\\":\\\\\\\"0\\\\\\\",\\\\\\\"offsetyin\\\\\\\":\\\\\\\"0\\\\\\\",\\\\\\\"scalexin\\\\\\\":\\\\\\\"1\\\\\\\",\\\\\\\"scaleyin\\\\\\\":\\\\\\\"1\\\\\\\",\\\\\\\"widthin\\\\\\\":\\\\\\\"\\\\\\\",\\\\\\\"heightin\\\\\\\":\\\\\\\"\\\\\\\",\\\\\\\"rotatein\\\\\\\":\\\\\\\"0\\\\\\\",\\\\\\\"rotatexin\\\\\\\":\\\\\\\"0\\\\\\\",\\\\\\\"rotateyin\\\\\\\":\\\\\\\"0\\\\\\\",\\\\\\\"skewxin\\\\\\\":\\\\\\\"0\\\\\\\",\\\\\\\"skewyin\\\\\\\":\\\\\\\"0\\\\\\\",\\\\\\\"clipin\\\\\\\":\\\\\\\"\\\\\\\",\\\\\\\"delayin\\\\\\\":\\\\\\\"0\\\\\\\",\\\\\\\"durationin\\\\\\\":\\\\\\\"1000\\\\\\\",\\\\\\\"easingin\\\\\\\":\\\\\\\"easeOutQuint\\\\\\\",\\\\\\\"transformoriginin\\\\\\\":\\\\\\\"50% 50% 0\\\\\\\",\\\\\\\"transformperspectivein\\\\\\\":\\\\\\\"500\\\\\\\",\\\\\\\"fadein\\\\\\\":true,\\\\\\\"colorin\\\\\\\":\\\\\\\"\\\\\\\",\\\\\\\"bgcolorin\\\\\\\":\\\\\\\"\\\\\\\",\\\\\\\"radiusin\\\\\\\":\\\\\\\"\\\\\\\",\\\\\\\"filterin\\\\\\\":\\\\\\\"\\\\\\\",\\\\\\\"transitionout\\\\\\\":true,\\\\\\\"offsetxout\\\\\\\":\\\\\\\"0\\\\\\\",\\\\\\\"offsetyout\\\\\\\":\\\\\\\"0\\\\\\\",\\\\\\\"scalexout\\\\\\\":\\\\\\\"1\\\\\\\",\\\\\\\"scaleyout\\\\\\\":\\\\\\\"1\\\\\\\",\\\\\\\"widthout\\\\\\\":\\\\\\\"\\\\\\\",\\\\\\\"heightout\\\\\\\":\\\\\\\"\\\\\\\",\\\\\\\"rotateout\\\\\\\":\\\\\\\"0\\\\\\\",\\\\\\\"rotatexout\\\\\\\":\\\\\\\"0\\\\\\\",\\\\\\\"rotateyout\\\\\\\":\\\\\\\"0\\\\\\\",\\\\\\\"skewxout\\\\\\\":\\\\\\\"0\\\\\\\",\\\\\\\"skewyout\\\\\\\":\\\\\\\"0\\\\\\\",\\\\\\\"clipout\\\\\\\":\\\\\\\"\\\\\\\",\\\\\\\"startatout\\\\\\\":\\\\\\\"slidechangeonly\\\\\\\",\\\\\\\"startatouttiming\\\\\\\":\\\\\\\"slidechangeonly\\\\\\\",\\\\\\\"startatoutoperator\\\\\\\":\\\\\\\"+\\\\\\\",\\\\\\\"startatoutvalue\\\\\\\":\\\\\\\"0\\\\\\\",\\\\\\\"durationout\\\\\\\":\\\\\\\"1000\\\\\\\",\\\\\\\"easingout\\\\\\\":\\\\\\\"easeInOutQuint\\\\\\\",\\\\\\\"transformoriginout\\\\\\\":\\\\\\\"50% 50% 0\\\\\\\",\\\\\\\"transformperspectiveout\\\\\\\":\\\\\\\"500\\\\\\\",\\\\\\\"fadeout\\\\\\\":true,\\\\\\\"colorout\\\\\\\":\\\\\\\"\\\\\\\",\\\\\\\"bgcolorout\\\\\\\":\\\\\\\"\\\\\\\",\\\\\\\"radiusout\\\\\\\":\\\\\\\"\\\\\\\",\\\\\\\"filterout\\\\\\\":\\\\\\\"\\\\\\\",\\\\\\\"position\\\\\\\":\\\\\\\"fixed\\\\\\\",\\\\\\\"minfontsize\\\\\\\":\\\\\\\"\\\\\\\",\\\\\\\"minmobilefontsize\\\\\\\":\\\\\\\"\\\\\\\",\\\\\\\"rotation\\\\\\\":\\\\\\\"0\\\\\\\",\\\\\\\"scaleX\\\\\\\":\\\\\\\"1\\\\\\\",\\\\\\\"rotationX\\\\\\\":\\\\\\\"0\\\\\\\",\\\\\\\"scaleY\\\\\\\":\\\\\\\"1\\\\\\\",\\\\\\\"rotationY\\\\\\\":\\\\\\\"0\\\\\\\",\\\\\\\"skewX\\\\\\\":\\\\\\\"0\\\\\\\",\\\\\\\"skewY\\\\\\\":\\\\\\\"0\\\\\\\",\\\\\\\"static\\\\\\\":\\\\\\\"forever\\\\\\\"}\",\"styles\":\"{\\\\\\\"top\\\\\\\":\\\\\\\"0%\\\\\\\",\\\\\\\"left\\\\\\\":\\\\\\\"50%\\\\\\\",\\\\\\\"text-align\\\\\\\":\\\\\\\"initial\\\\\\\",\\\\\\\"font-weight\\\\\\\":\\\\\\\"400\\\\\\\",\\\\\\\"font-style\\\\\\\":\\\\\\\"normal\\\\\\\",\\\\\\\"text-decoration\\\\\\\":\\\\\\\"none\\\\\\\",\\\\\\\"wordwrap\\\\\\\":false,\\\\\\\"opacity\\\\\\\":\\\\\\\"1\\\\\\\",\\\\\\\"mix-blend-mode\\\\\\\":\\\\\\\"normal\\\\\\\",\\\\\\\"width\\\\\\\":\\\\\\\"100%\\\\\\\",\\\\\\\"height\\\\\\\":\\\\\\\"80%\\\\\\\"}\",\"media\":\"html\",\"type\":\"p\",\"imageId\":\"\",\"image\":\"\",\"html\":\"\",\"posterId\":\"\",\"poster\":\"\",\"post_text_length\":\"\",\"url\":\"\",\"linkId\":\"\",\"linkName\":\"\",\"linkType\":\"\",\"target\":\"_self\",\"id\":\"\",\"class\":\"\",\"title\":\"\",\"alt\":\"\",\"rel\":\"\",\"style\":\"background: linear-gradient(to bottom, rgba(0,0,0,0.66) 0%,rgba(0,0,0,0) 100%);\",\"subtitle\":\"Gradient\",\"hasTransforms\":false,\"meta\":[],\"innerAttributes\":[],\"outerAttributes\":[],\"uuid\":\"0848ef1e-00ce-45dd-b1c7-b532dc9a5e4b\",\"imageThumb\":\"\",\"locked\":true},{\"transition\":\"{\\\\\\\"backgroundvideo\\\\\\\":false,\\\\\\\"autoplay\\\\\\\":\\\\\\\"inherit\\\\\\\",\\\\\\\"fillmode\\\\\\\":\\\\\\\"cover\\\\\\\",\\\\\\\"controls\\\\\\\":\\\\\\\"auto\\\\\\\",\\\\\\\"showinfo\\\\\\\":\\\\\\\"auto\\\\\\\",\\\\\\\"volume\\\\\\\":\\\\\\\"\\\\\\\",\\\\\\\"overlay\\\\\\\":\\\\\\\"disabled\\\\\\\",\\\\\\\"transitionin\\\\\\\":true,\\\\\\\"offsetxin\\\\\\\":\\\\\\\"0\\\\\\\",\\\\\\\"offsetyin\\\\\\\":\\\\\\\"100lh\\\\\\\",\\\\\\\"scalexin\\\\\\\":\\\\\\\"1\\\\\\\",\\\\\\\"scaleyin\\\\\\\":\\\\\\\"1\\\\\\\",\\\\\\\"widthin\\\\\\\":\\\\\\\"\\\\\\\",\\\\\\\"heightin\\\\\\\":\\\\\\\"\\\\\\\",\\\\\\\"rotatein\\\\\\\":\\\\\\\"0\\\\\\\",\\\\\\\"rotatexin\\\\\\\":\\\\\\\"0\\\\\\\",\\\\\\\"rotateyin\\\\\\\":\\\\\\\"0\\\\\\\",\\\\\\\"skewxin\\\\\\\":\\\\\\\"0\\\\\\\",\\\\\\\"skewyin\\\\\\\":\\\\\\\"0\\\\\\\",\\\\\\\"clipin\\\\\\\":\\\\\\\"0 0 100% 0\\\\\\\",\\\\\\\"delayin\\\\\\\":\\\\\\\"0\\\\\\\",\\\\\\\"durationin\\\\\\\":\\\\\\\"1200\\\\\\\",\\\\\\\"easingin\\\\\\\":\\\\\\\"easeOutQuint\\\\\\\",\\\\\\\"transformoriginin\\\\\\\":\\\\\\\"50% 50% 0\\\\\\\",\\\\\\\"transformperspectivein\\\\\\\":\\\\\\\"500\\\\\\\",\\\\\\\"fadein\\\\\\\":false,\\\\\\\"colorin\\\\\\\":\\\\\\\"\\\\\\\",\\\\\\\"bgcolorin\\\\\\\":\\\\\\\"\\\\\\\",\\\\\\\"radiusin\\\\\\\":\\\\\\\"\\\\\\\",\\\\\\\"filterin\\\\\\\":\\\\\\\"\\\\\\\",\\\\\\\"transitionout\\\\\\\":true,\\\\\\\"offsetxout\\\\\\\":\\\\\\\"0\\\\\\\",\\\\\\\"offsetyout\\\\\\\":\\\\\\\"0\\\\\\\",\\\\\\\"scalexout\\\\\\\":\\\\\\\"1\\\\\\\",\\\\\\\"scaleyout\\\\\\\":\\\\\\\"1\\\\\\\",\\\\\\\"widthout\\\\\\\":\\\\\\\"\\\\\\\",\\\\\\\"heightout\\\\\\\":\\\\\\\"\\\\\\\",\\\\\\\"rotateout\\\\\\\":\\\\\\\"0\\\\\\\",\\\\\\\"rotatexout\\\\\\\":\\\\\\\"0\\\\\\\",\\\\\\\"rotateyout\\\\\\\":\\\\\\\"0\\\\\\\",\\\\\\\"skewxout\\\\\\\":\\\\\\\"0\\\\\\\",\\\\\\\"skewyout\\\\\\\":\\\\\\\"0\\\\\\\",\\\\\\\"clipout\\\\\\\":\\\\\\\"\\\\\\\",\\\\\\\"startatout\\\\\\\":\\\\\\\"slidechangeonly\\\\\\\",\\\\\\\"startatouttiming\\\\\\\":\\\\\\\"slidechangeonly\\\\\\\",\\\\\\\"startatoutoperator\\\\\\\":\\\\\\\"+\\\\\\\",\\\\\\\"startatoutvalue\\\\\\\":\\\\\\\"0\\\\\\\",\\\\\\\"durationout\\\\\\\":\\\\\\\"1000\\\\\\\",\\\\\\\"easingout\\\\\\\":\\\\\\\"easeInOutQuint\\\\\\\",\\\\\\\"transformoriginout\\\\\\\":\\\\\\\"50% 50% 0\\\\\\\",\\\\\\\"transformperspectiveout\\\\\\\":\\\\\\\"500\\\\\\\",\\\\\\\"fadeout\\\\\\\":true,\\\\\\\"colorout\\\\\\\":\\\\\\\"\\\\\\\",\\\\\\\"bgcolorout\\\\\\\":\\\\\\\"\\\\\\\",\\\\\\\"radiusout\\\\\\\":\\\\\\\"\\\\\\\",\\\\\\\"filterout\\\\\\\":\\\\\\\"\\\\\\\",\\\\\\\"position\\\\\\\":\\\\\\\"relative\\\\\\\",\\\\\\\"minfontsize\\\\\\\":\\\\\\\"\\\\\\\",\\\\\\\"minmobilefontsize\\\\\\\":\\\\\\\"\\\\\\\",\\\\\\\"rotation\\\\\\\":\\\\\\\"0\\\\\\\",\\\\\\\"scaleX\\\\\\\":\\\\\\\"1\\\\\\\",\\\\\\\"rotationX\\\\\\\":\\\\\\\"0\\\\\\\",\\\\\\\"scaleY\\\\\\\":\\\\\\\"1\\\\\\\",\\\\\\\"rotationY\\\\\\\":\\\\\\\"0\\\\\\\",\\\\\\\"skewX\\\\\\\":\\\\\\\"0\\\\\\\",\\\\\\\"skewY\\\\\\\":\\\\\\\"0\\\\\\\",\\\\\\\"texttypein\\\\\\\":\\\\\\\"words_asc\\\\\\\",\\\\\\\"textoffsetxin\\\\\\\":0,\\\\\\\"textoffsetyin\\\\\\\":0,\\\\\\\"textscalexin\\\\\\\":1,\\\\\\\"textscaleyin\\\\\\\":1,\\\\\\\"textrotatein\\\\\\\":\\\\\\\"10\\\\\\\",\\\\\\\"textrotatexin\\\\\\\":0,\\\\\\\"textrotateyin\\\\\\\":0,\\\\\\\"textskewxin\\\\\\\":0,\\\\\\\"textskewyin\\\\\\\":0,\\\\\\\"textstartatin\\\\\\\":\\\\\\\"transitioninstart + 0\\\\\\\",\\\\\\\"textstartatintiming\\\\\\\":\\\\\\\"transitioninstart\\\\\\\",\\\\\\\"textstartatinoperator\\\\\\\":\\\\\\\"+\\\\\\\",\\\\\\\"textstartatinvalue\\\\\\\":0,\\\\\\\"textdurationin\\\\\\\":\\\\\\\"1200\\\\\\\",\\\\\\\"textshiftin\\\\\\\":50,\\\\\\\"texteasingin\\\\\\\":\\\\\\\"easeOutQuint\\\\\\\",\\\\\\\"texttransformoriginin\\\\\\\":\\\\\\\"50% 50% 0\\\\\\\",\\\\\\\"texttransformperspectivein\\\\\\\":500,\\\\\\\"textfadein\\\\\\\":false,\\\\\\\"texttransitionin\\\\\\\":true,\\\\\\\"static\\\\\\\":\\\\\\\"forever\\\\\\\"}\",\"styles\":\"{\\\\\\\"top\\\\\\\":\\\\\\\"211px\\\\\\\",\\\\\\\"left\\\\\\\":\\\\\\\"50%\\\\\\\",\\\\\\\"text-align\\\\\\\":\\\\\\\"initial\\\\\\\",\\\\\\\"font-weight\\\\\\\":\\\\\\\"800\\\\\\\",\\\\\\\"font-style\\\\\\\":\\\\\\\"normal\\\\\\\",\\\\\\\"text-decoration\\\\\\\":\\\\\\\"none\\\\\\\",\\\\\\\"wordwrap\\\\\\\":false,\\\\\\\"opacity\\\\\\\":\\\\\\\"1\\\\\\\",\\\\\\\"mix-blend-mode\\\\\\\":\\\\\\\"normal\\\\\\\",\\\\\\\"font-family\\\\\\\":\\\\\\\"Montserrat\\\\\\\",\\\\\\\"font-size\\\\\\\":\\\\\\\"64\\\\\\\",\\\\\\\"line-height\\\\\\\":\\\\\\\"64\\\\\\\",\\\\\\\"color\\\\\\\":\\\\\\\"#ffffff\\\\\\\"}\",\"media\":\"text\",\"type\":\"p\",\"imageId\":\"\",\"image\":\"\",\"html\":\"Welcome Home\",\"posterId\":\"\",\"poster\":\"\",\"post_text_length\":\"\",\"url\":\"\",\"linkId\":\"\",\"linkName\":\"\",\"linkType\":\"\",\"target\":\"_self\",\"id\":\"\",\"class\":\"\",\"title\":\"\",\"alt\":\"\",\"rel\":\"\",\"style\":\"\",\"subtitle\":\"Welcome Home\",\"hasTransforms\":false,\"meta\":[],\"innerAttributes\":[],\"outerAttributes\":[],\"uuid\":\"245ad5e5-5efc-45a7-b876-e4c22de32f98\",\"imageThumb\":\"\"},{\"transition\":\"{\\\\\\\"backgroundvideo\\\\\\\":false,\\\\\\\"autoplay\\\\\\\":\\\\\\\"inherit\\\\\\\",\\\\\\\"fillmode\\\\\\\":\\\\\\\"cover\\\\\\\",\\\\\\\"controls\\\\\\\":\\\\\\\"auto\\\\\\\",\\\\\\\"showinfo\\\\\\\":\\\\\\\"auto\\\\\\\",\\\\\\\"volume\\\\\\\":\\\\\\\"\\\\\\\",\\\\\\\"overlay\\\\\\\":\\\\\\\"disabled\\\\\\\",\\\\\\\"transitionin\\\\\\\":true,\\\\\\\"transitionout\\\\\\\":true,\\\\\\\"offsetxout\\\\\\\":\\\\\\\"0\\\\\\\",\\\\\\\"offsetyout\\\\\\\":\\\\\\\"0\\\\\\\",\\\\\\\"scalexout\\\\\\\":\\\\\\\"1\\\\\\\",\\\\\\\"scaleyout\\\\\\\":\\\\\\\"1\\\\\\\",\\\\\\\"widthout\\\\\\\":\\\\\\\"\\\\\\\",\\\\\\\"heightout\\\\\\\":\\\\\\\"\\\\\\\",\\\\\\\"rotateout\\\\\\\":\\\\\\\"0\\\\\\\",\\\\\\\"rotatexout\\\\\\\":\\\\\\\"0\\\\\\\",\\\\\\\"rotateyout\\\\\\\":\\\\\\\"0\\\\\\\",\\\\\\\"skewxout\\\\\\\":\\\\\\\"0\\\\\\\",\\\\\\\"skewyout\\\\\\\":\\\\\\\"0\\\\\\\",\\\\\\\"clipout\\\\\\\":\\\\\\\"\\\\\\\",\\\\\\\"startatout\\\\\\\":\\\\\\\"slidechangeonly\\\\\\\",\\\\\\\"startatouttiming\\\\\\\":\\\\\\\"slidechangeonly\\\\\\\",\\\\\\\"startatoutoperator\\\\\\\":\\\\\\\"+\\\\\\\",\\\\\\\"startatoutvalue\\\\\\\":\\\\\\\"0\\\\\\\",\\\\\\\"durationout\\\\\\\":\\\\\\\"1000\\\\\\\",\\\\\\\"easingout\\\\\\\":\\\\\\\"easeInOutQuint\\\\\\\",\\\\\\\"transformoriginout\\\\\\\":\\\\\\\"50% 50% 0\\\\\\\",\\\\\\\"transformperspectiveout\\\\\\\":\\\\\\\"500\\\\\\\",\\\\\\\"fadeout\\\\\\\":true,\\\\\\\"colorout\\\\\\\":\\\\\\\"\\\\\\\",\\\\\\\"bgcolorout\\\\\\\":\\\\\\\"\\\\\\\",\\\\\\\"radiusout\\\\\\\":\\\\\\\"\\\\\\\",\\\\\\\"filterout\\\\\\\":\\\\\\\"\\\\\\\",\\\\\\\"position\\\\\\\":\\\\\\\"relative\\\\\\\",\\\\\\\"minfontsize\\\\\\\":\\\\\\\"\\\\\\\",\\\\\\\"minmobilefontsize\\\\\\\":\\\\\\\"\\\\\\\",\\\\\\\"rotation\\\\\\\":\\\\\\\"0\\\\\\\",\\\\\\\"scaleX\\\\\\\":\\\\\\\"1\\\\\\\",\\\\\\\"rotationX\\\\\\\":\\\\\\\"0\\\\\\\",\\\\\\\"scaleY\\\\\\\":\\\\\\\"1\\\\\\\",\\\\\\\"rotationY\\\\\\\":\\\\\\\"0\\\\\\\",\\\\\\\"skewX\\\\\\\":\\\\\\\"0\\\\\\\",\\\\\\\"skewY\\\\\\\":\\\\\\\"0\\\\\\\",\\\\\\\"texttransitionin\\\\\\\":true,\\\\\\\"static\\\\\\\":\\\\\\\"forever\\\\\\\",\\\\\\\"offsetxin\\\\\\\":0,\\\\\\\"offsetyin\\\\\\\":\\\\\\\"-30\\\\\\\",\\\\\\\"scalexin\\\\\\\":1,\\\\\\\"scaleyin\\\\\\\":\\\\\\\"0\\\\\\\",\\\\\\\"widthin\\\\\\\":\\\\\\\"\\\\\\\",\\\\\\\"heightin\\\\\\\":\\\\\\\"\\\\\\\",\\\\\\\"rotatein\\\\\\\":0,\\\\\\\"rotatexin\\\\\\\":0,\\\\\\\"rotateyin\\\\\\\":0,\\\\\\\"skewxin\\\\\\\":0,\\\\\\\"skewyin\\\\\\\":0,\\\\\\\"clipin\\\\\\\":\\\\\\\"\\\\\\\",\\\\\\\"delayin\\\\\\\":\\\\\\\"300\\\\\\\",\\\\\\\"durationin\\\\\\\":\\\\\\\"1000\\\\\\\",\\\\\\\"easingin\\\\\\\":\\\\\\\"easeOutExpo\\\\\\\",\\\\\\\"transformoriginin\\\\\\\":\\\\\\\"50% 0% 0\\\\\\\",\\\\\\\"transformperspectivein\\\\\\\":500,\\\\\\\"fadein\\\\\\\":false,\\\\\\\"colorin\\\\\\\":\\\\\\\"\\\\\\\",\\\\\\\"bgcolorin\\\\\\\":\\\\\\\"\\\\\\\",\\\\\\\"radiusin\\\\\\\":\\\\\\\"\\\\\\\",\\\\\\\"filterin\\\\\\\":\\\\\\\"\\\\\\\",\\\\\\\"texttypein\\\\\\\":\\\\\\\"lines_asc\\\\\\\",\\\\\\\"textstartatin\\\\\\\":\\\\\\\"transitioninstart + 100\\\\\\\",\\\\\\\"textdurationin\\\\\\\":\\\\\\\"\\\\\\\",\\\\\\\"texteasingin\\\\\\\":\\\\\\\"easeOutQuint\\\\\\\",\\\\\\\"textfadein\\\\\\\":\\\\\\\"true\\\\\\\",\\\\\\\"textshiftin\\\\\\\":\\\\\\\"100\\\\\\\",\\\\\\\"textoffsetxin\\\\\\\":0,\\\\\\\"textoffsetyin\\\\\\\":\\\\\\\"-20\\\\\\\",\\\\\\\"textrotatein\\\\\\\":0,\\\\\\\"textrotatexin\\\\\\\":0,\\\\\\\"textrotateyin\\\\\\\":0,\\\\\\\"textscalexin\\\\\\\":1,\\\\\\\"textscaleyin\\\\\\\":1,\\\\\\\"textskewxin\\\\\\\":0,\\\\\\\"textskewyin\\\\\\\":0,\\\\\\\"texttransformoriginin\\\\\\\":\\\\\\\"50% 50% 0\\\\\\\",\\\\\\\"texttransformperspectivein\\\\\\\":500,\\\\\\\"keyframe\\\\\\\":false}\",\"styles\":\"{\\\\\\\"top\\\\\\\":\\\\\\\"298px\\\\\\\",\\\\\\\"left\\\\\\\":\\\\\\\"50%\\\\\\\",\\\\\\\"text-align\\\\\\\":\\\\\\\"center\\\\\\\",\\\\\\\"font-weight\\\\\\\":\\\\\\\"400\\\\\\\",\\\\\\\"font-style\\\\\\\":\\\\\\\"normal\\\\\\\",\\\\\\\"text-decoration\\\\\\\":\\\\\\\"none\\\\\\\",\\\\\\\"wordwrap\\\\\\\":true,\\\\\\\"opacity\\\\\\\":\\\\\\\"1\\\\\\\",\\\\\\\"mix-blend-mode\\\\\\\":\\\\\\\"normal\\\\\\\",\\\\\\\"font-family\\\\\\\":\\\\\\\"Montserrat\\\\\\\",\\\\\\\"font-size\\\\\\\":\\\\\\\"19\\\\\\\",\\\\\\\"line-height\\\\\\\":\\\\\\\"28\\\\\\\",\\\\\\\"color\\\\\\\":\\\\\\\"rgba(255, 255, 255, 0.9)\\\\\\\",\\\\\\\"width\\\\\\\":\\\\\\\"780\\\\\\\"}\",\"media\":\"text\",\"type\":\"p\",\"imageId\":\"\",\"image\":\"\",\"html\":\"Lorem ipsum dolor sit amet, consectetur adipiscing elit. Sed sagittis lobortis vehicula. In tincidunt nisi id neque sodales, quis placerat arcu ullamcorper.\\nDuis elementum hendrerit purus et molestie. \",\"posterId\":\"\",\"poster\":\"\",\"post_text_length\":\"\",\"url\":\"\",\"linkId\":\"\",\"linkName\":\"\",\"linkType\":\"\",\"target\":\"_self\",\"id\":\"\",\"class\":\"\",\"title\":\"\",\"alt\":\"\",\"rel\":\"\",\"style\":\"\",\"subtitle\":\"Lorem ipsum dolor sit amet\",\"hasTransforms\":false,\"meta\":[],\"innerAttributes\":[],\"outerAttributes\":[],\"uuid\":\"8185ce95-17ad-44e1-af4b-165e33f65359\",\"imageThumb\":\"\"},{\"transition\":\"{\\\\\\\"backgroundvideo\\\\\\\":false,\\\\\\\"autoplay\\\\\\\":\\\\\\\"inherit\\\\\\\",\\\\\\\"fillmode\\\\\\\":\\\\\\\"cover\\\\\\\",\\\\\\\"controls\\\\\\\":\\\\\\\"auto\\\\\\\",\\\\\\\"showinfo\\\\\\\":\\\\\\\"auto\\\\\\\",\\\\\\\"volume\\\\\\\":\\\\\\\"\\\\\\\",\\\\\\\"overlay\\\\\\\":\\\\\\\"disabled\\\\\\\",\\\\\\\"transitionin\\\\\\\":true,\\\\\\\"offsetxin\\\\\\\":\\\\\\\"0\\\\\\\",\\\\\\\"offsetyin\\\\\\\":\\\\\\\"-30\\\\\\\",\\\\\\\"scalexin\\\\\\\":\\\\\\\"1\\\\\\\",\\\\\\\"scaleyin\\\\\\\":\\\\\\\"1\\\\\\\",\\\\\\\"widthin\\\\\\\":\\\\\\\"\\\\\\\",\\\\\\\"heightin\\\\\\\":\\\\\\\"\\\\\\\",\\\\\\\"rotatein\\\\\\\":\\\\\\\"0\\\\\\\",\\\\\\\"rotatexin\\\\\\\":\\\\\\\"0\\\\\\\",\\\\\\\"rotateyin\\\\\\\":\\\\\\\"0\\\\\\\",\\\\\\\"skewxin\\\\\\\":\\\\\\\"0\\\\\\\",\\\\\\\"skewyin\\\\\\\":\\\\\\\"0\\\\\\\",\\\\\\\"clipin\\\\\\\":\\\\\\\"\\\\\\\",\\\\\\\"delayin\\\\\\\":\\\\\\\"800\\\\\\\",\\\\\\\"durationin\\\\\\\":\\\\\\\"1000\\\\\\\",\\\\\\\"easingin\\\\\\\":\\\\\\\"easeOutQuint\\\\\\\",\\\\\\\"transformoriginin\\\\\\\":\\\\\\\"50% 50% 0\\\\\\\",\\\\\\\"transformperspectivein\\\\\\\":\\\\\\\"500\\\\\\\",\\\\\\\"fadein\\\\\\\":true,\\\\\\\"colorin\\\\\\\":\\\\\\\"\\\\\\\",\\\\\\\"bgcolorin\\\\\\\":\\\\\\\"\\\\\\\",\\\\\\\"radiusin\\\\\\\":\\\\\\\"\\\\\\\",\\\\\\\"filterin\\\\\\\":\\\\\\\"\\\\\\\",\\\\\\\"transitionout\\\\\\\":true,\\\\\\\"offsetxout\\\\\\\":\\\\\\\"0\\\\\\\",\\\\\\\"offsetyout\\\\\\\":\\\\\\\"0\\\\\\\",\\\\\\\"scalexout\\\\\\\":\\\\\\\"1\\\\\\\",\\\\\\\"scaleyout\\\\\\\":\\\\\\\"1\\\\\\\",\\\\\\\"widthout\\\\\\\":\\\\\\\"\\\\\\\",\\\\\\\"heightout\\\\\\\":\\\\\\\"\\\\\\\",\\\\\\\"rotateout\\\\\\\":\\\\\\\"0\\\\\\\",\\\\\\\"rotatexout\\\\\\\":\\\\\\\"0\\\\\\\",\\\\\\\"rotateyout\\\\\\\":\\\\\\\"0\\\\\\\",\\\\\\\"skewxout\\\\\\\":\\\\\\\"0\\\\\\\",\\\\\\\"skewyout\\\\\\\":\\\\\\\"0\\\\\\\",\\\\\\\"clipout\\\\\\\":\\\\\\\"\\\\\\\",\\\\\\\"startatout\\\\\\\":\\\\\\\"slidechangeonly\\\\\\\",\\\\\\\"startatouttiming\\\\\\\":\\\\\\\"slidechangeonly\\\\\\\",\\\\\\\"startatoutoperator\\\\\\\":\\\\\\\"+\\\\\\\",\\\\\\\"startatoutvalue\\\\\\\":\\\\\\\"0\\\\\\\",\\\\\\\"durationout\\\\\\\":\\\\\\\"1000\\\\\\\",\\\\\\\"easingout\\\\\\\":\\\\\\\"easeInOutQuint\\\\\\\",\\\\\\\"transformoriginout\\\\\\\":\\\\\\\"50% 50% 0\\\\\\\",\\\\\\\"transformperspectiveout\\\\\\\":\\\\\\\"500\\\\\\\",\\\\\\\"fadeout\\\\\\\":true,\\\\\\\"colorout\\\\\\\":\\\\\\\"\\\\\\\",\\\\\\\"bgcolorout\\\\\\\":\\\\\\\"\\\\\\\",\\\\\\\"radiusout\\\\\\\":\\\\\\\"\\\\\\\",\\\\\\\"filterout\\\\\\\":\\\\\\\"\\\\\\\",\\\\\\\"position\\\\\\\":\\\\\\\"relative\\\\\\\",\\\\\\\"minfontsize\\\\\\\":\\\\\\\"\\\\\\\",\\\\\\\"minmobilefontsize\\\\\\\":\\\\\\\"\\\\\\\",\\\\\\\"rotation\\\\\\\":\\\\\\\"0\\\\\\\",\\\\\\\"scaleX\\\\\\\":\\\\\\\"1\\\\\\\",\\\\\\\"rotationX\\\\\\\":\\\\\\\"0\\\\\\\",\\\\\\\"scaleY\\\\\\\":\\\\\\\"1\\\\\\\",\\\\\\\"rotationY\\\\\\\":\\\\\\\"0\\\\\\\",\\\\\\\"skewX\\\\\\\":\\\\\\\"0\\\\\\\",\\\\\\\"skewY\\\\\\\":\\\\\\\"0\\\\\\\",\\\\\\\"hoveroffsetx\\\\\\\":0,\\\\\\\"hoveroffsety\\\\\\\":\\\\\\\"-5px\\\\\\\",\\\\\\\"hoverscalex\\\\\\\":1,\\\\\\\"hoverscaley\\\\\\\":1,\\\\\\\"hoverrotate\\\\\\\":0,\\\\\\\"hoverrotatex\\\\\\\":0,\\\\\\\"hoverrotatey\\\\\\\":0,\\\\\\\"hoverskewx\\\\\\\":0,\\\\\\\"hoverskewy\\\\\\\":0,\\\\\\\"hoverdurationin\\\\\\\":500,\\\\\\\"hoverdurationout\\\\\\\":\\\\\\\"\\\\\\\",\\\\\\\"hovereasingin\\\\\\\":\\\\\\\"easeInOutQuint\\\\\\\",\\\\\\\"hovereasingout\\\\\\\":\\\\\\\"\\\\\\\",\\\\\\\"hovertransformorigin\\\\\\\":\\\\\\\"50% 50% 0\\\\\\\",\\\\\\\"hovertransformperspective\\\\\\\":500,\\\\\\\"hoveropacity\\\\\\\":\\\\\\\"\\\\\\\",\\\\\\\"hovercolor\\\\\\\":\\\\\\\"\\\\\\\",\\\\\\\"hoverbgcolor\\\\\\\":\\\\\\\"#ffa90a\\\\\\\",\\\\\\\"hoverborderradius\\\\\\\":\\\\\\\"\\\\\\\",\\\\\\\"hoveralwaysontop\\\\\\\":true,\\\\\\\"hover\\\\\\\":true,\\\\\\\"static\\\\\\\":\\\\\\\"forever\\\\\\\"}\",\"styles\":\"{\\\\\\\"top\\\\\\\":\\\\\\\"431px\\\\\\\",\\\\\\\"left\\\\\\\":\\\\\\\"338px\\\\\\\",\\\\\\\"text-align\\\\\\\":\\\\\\\"center\\\\\\\",\\\\\\\"font-weight\\\\\\\":\\\\\\\"400\\\\\\\",\\\\\\\"font-style\\\\\\\":\\\\\\\"normal\\\\\\\",\\\\\\\"text-decoration\\\\\\\":\\\\\\\"none\\\\\\\",\\\\\\\"wordwrap\\\\\\\":false,\\\\\\\"opacity\\\\\\\":\\\\\\\"1\\\\\\\",\\\\\\\"mix-blend-mode\\\\\\\":\\\\\\\"normal\\\\\\\",\\\\\\\"font-family\\\\\\\":\\\\\\\"Montserrat\\\\\\\",\\\\\\\"font-size\\\\\\\":\\\\\\\"18\\\\\\\",\\\\\\\"line-height\\\\\\\":\\\\\\\"50\\\\\\\",\\\\\\\"color\\\\\\\":\\\\\\\"rgba(255, 255, 255, 0.99)\\\\\\\",\\\\\\\"width\\\\\\\":\\\\\\\"212\\\\\\\",\\\\\\\"border-radius\\\\\\\":\\\\\\\"25\\\\\\\",\\\\\\\"background-color\\\\\\\":\\\\\\\"#f6a71d\\\\\\\"}\",\"media\":\"button\",\"type\":\"p\",\"imageId\":\"\",\"image\":\"\",\"html\":\"Get started\",\"posterId\":\"\",\"poster\":\"\",\"post_text_length\":\"\",\"url\":\"scroll-down\",\"linkId\":\"\",\"linkName\":\"\",\"linkType\":\"\",\"target\":\"ls-scroll\",\"id\":\"\",\"class\":\"\",\"title\":\"\",\"alt\":\"\",\"rel\":\"\",\"style\":\"\",\"subtitle\":\"Get started\",\"hasTransforms\":false,\"meta\":[],\"innerAttributes\":[],\"outerAttributes\":[],\"uuid\":\"9dd41f89-1007-4873-bfa1-f181a835dfe9\",\"imageThumb\":\"\"},{\"transition\":\"{\\\\\\\"backgroundvideo\\\\\\\":false,\\\\\\\"autoplay\\\\\\\":\\\\\\\"inherit\\\\\\\",\\\\\\\"fillmode\\\\\\\":\\\\\\\"cover\\\\\\\",\\\\\\\"controls\\\\\\\":\\\\\\\"auto\\\\\\\",\\\\\\\"showinfo\\\\\\\":\\\\\\\"auto\\\\\\\",\\\\\\\"volume\\\\\\\":\\\\\\\"\\\\\\\",\\\\\\\"overlay\\\\\\\":\\\\\\\"disabled\\\\\\\",\\\\\\\"transitionin\\\\\\\":true,\\\\\\\"offsetxin\\\\\\\":\\\\\\\"0\\\\\\\",\\\\\\\"offsetyin\\\\\\\":\\\\\\\"-30\\\\\\\",\\\\\\\"scalexin\\\\\\\":\\\\\\\"1\\\\\\\",\\\\\\\"scaleyin\\\\\\\":\\\\\\\"1\\\\\\\",\\\\\\\"widthin\\\\\\\":\\\\\\\"\\\\\\\",\\\\\\\"heightin\\\\\\\":\\\\\\\"\\\\\\\",\\\\\\\"rotatein\\\\\\\":\\\\\\\"0\\\\\\\",\\\\\\\"rotatexin\\\\\\\":\\\\\\\"0\\\\\\\",\\\\\\\"rotateyin\\\\\\\":\\\\\\\"0\\\\\\\",\\\\\\\"skewxin\\\\\\\":\\\\\\\"0\\\\\\\",\\\\\\\"skewyin\\\\\\\":\\\\\\\"0\\\\\\\",\\\\\\\"clipin\\\\\\\":\\\\\\\"\\\\\\\",\\\\\\\"delayin\\\\\\\":\\\\\\\"900\\\\\\\",\\\\\\\"durationin\\\\\\\":\\\\\\\"1000\\\\\\\",\\\\\\\"easingin\\\\\\\":\\\\\\\"easeOutQuint\\\\\\\",\\\\\\\"transformoriginin\\\\\\\":\\\\\\\"50% 50% 0\\\\\\\",\\\\\\\"transformperspectivein\\\\\\\":\\\\\\\"500\\\\\\\",\\\\\\\"fadein\\\\\\\":true,\\\\\\\"colorin\\\\\\\":\\\\\\\"\\\\\\\",\\\\\\\"bgcolorin\\\\\\\":\\\\\\\"\\\\\\\",\\\\\\\"radiusin\\\\\\\":\\\\\\\"\\\\\\\",\\\\\\\"filterin\\\\\\\":\\\\\\\"\\\\\\\",\\\\\\\"transitionout\\\\\\\":true,\\\\\\\"offsetxout\\\\\\\":\\\\\\\"0\\\\\\\",\\\\\\\"offsetyout\\\\\\\":\\\\\\\"0\\\\\\\",\\\\\\\"scalexout\\\\\\\":\\\\\\\"1\\\\\\\",\\\\\\\"scaleyout\\\\\\\":\\\\\\\"1\\\\\\\",\\\\\\\"widthout\\\\\\\":\\\\\\\"\\\\\\\",\\\\\\\"heightout\\\\\\\":\\\\\\\"\\\\\\\",\\\\\\\"rotateout\\\\\\\":\\\\\\\"0\\\\\\\",\\\\\\\"rotatexout\\\\\\\":\\\\\\\"0\\\\\\\",\\\\\\\"rotateyout\\\\\\\":\\\\\\\"0\\\\\\\",\\\\\\\"skewxout\\\\\\\":\\\\\\\"0\\\\\\\",\\\\\\\"skewyout\\\\\\\":\\\\\\\"0\\\\\\\",\\\\\\\"clipout\\\\\\\":\\\\\\\"\\\\\\\",\\\\\\\"startatout\\\\\\\":\\\\\\\"slidechangeonly\\\\\\\",\\\\\\\"startatouttiming\\\\\\\":\\\\\\\"slidechangeonly\\\\\\\",\\\\\\\"startatoutoperator\\\\\\\":\\\\\\\"+\\\\\\\",\\\\\\\"startatoutvalue\\\\\\\":\\\\\\\"0\\\\\\\",\\\\\\\"durationout\\\\\\\":\\\\\\\"1000\\\\\\\",\\\\\\\"easingout\\\\\\\":\\\\\\\"easeInOutQuint\\\\\\\",\\\\\\\"transformoriginout\\\\\\\":\\\\\\\"50% 50% 0\\\\\\\",\\\\\\\"transformperspectiveout\\\\\\\":\\\\\\\"500\\\\\\\",\\\\\\\"fadeout\\\\\\\":true,\\\\\\\"colorout\\\\\\\":\\\\\\\"\\\\\\\",\\\\\\\"bgcolorout\\\\\\\":\\\\\\\"\\\\\\\",\\\\\\\"radiusout\\\\\\\":\\\\\\\"\\\\\\\",\\\\\\\"filterout\\\\\\\":\\\\\\\"\\\\\\\",\\\\\\\"position\\\\\\\":\\\\\\\"relative\\\\\\\",\\\\\\\"minfontsize\\\\\\\":\\\\\\\"\\\\\\\",\\\\\\\"minmobilefontsize\\\\\\\":\\\\\\\"\\\\\\\",\\\\\\\"rotation\\\\\\\":\\\\\\\"0\\\\\\\",\\\\\\\"scaleX\\\\\\\":\\\\\\\"1\\\\\\\",\\\\\\\"rotationX\\\\\\\":\\\\\\\"0\\\\\\\",\\\\\\\"scaleY\\\\\\\":\\\\\\\"1\\\\\\\",\\\\\\\"rotationY\\\\\\\":\\\\\\\"0\\\\\\\",\\\\\\\"skewX\\\\\\\":\\\\\\\"0\\\\\\\",\\\\\\\"skewY\\\\\\\":\\\\\\\"0\\\\\\\",\\\\\\\"hoveroffsetx\\\\\\\":0,\\\\\\\"hoveroffsety\\\\\\\":\\\\\\\"-5px\\\\\\\",\\\\\\\"hoverscalex\\\\\\\":1,\\\\\\\"hoverscaley\\\\\\\":1,\\\\\\\"hoverrotate\\\\\\\":0,\\\\\\\"hoverrotatex\\\\\\\":0,\\\\\\\"hoverrotatey\\\\\\\":0,\\\\\\\"hoverskewx\\\\\\\":0,\\\\\\\"hoverskewy\\\\\\\":0,\\\\\\\"hoverdurationin\\\\\\\":500,\\\\\\\"hoverdurationout\\\\\\\":\\\\\\\"\\\\\\\",\\\\\\\"hovereasingin\\\\\\\":\\\\\\\"easeInOutQuint\\\\\\\",\\\\\\\"hovereasingout\\\\\\\":\\\\\\\"\\\\\\\",\\\\\\\"hovertransformorigin\\\\\\\":\\\\\\\"50% 50% 0\\\\\\\",\\\\\\\"hovertransformperspective\\\\\\\":500,\\\\\\\"hoveropacity\\\\\\\":\\\\\\\"\\\\\\\",\\\\\\\"hovercolor\\\\\\\":\\\\\\\"#f6a71d\\\\\\\",\\\\\\\"hoverbgcolor\\\\\\\":\\\\\\\"#ffffff\\\\\\\",\\\\\\\"hoverborderradius\\\\\\\":\\\\\\\"\\\\\\\",\\\\\\\"hoveralwaysontop\\\\\\\":true,\\\\\\\"hover\\\\\\\":true,\\\\\\\"static\\\\\\\":\\\\\\\"forever\\\\\\\"}\",\"styles\":\"{\\\\\\\"top\\\\\\\":\\\\\\\"431px\\\\\\\",\\\\\\\"left\\\\\\\":\\\\\\\"591px\\\\\\\",\\\\\\\"text-align\\\\\\\":\\\\\\\"center\\\\\\\",\\\\\\\"font-weight\\\\\\\":\\\\\\\"400\\\\\\\",\\\\\\\"font-style\\\\\\\":\\\\\\\"normal\\\\\\\",\\\\\\\"text-decoration\\\\\\\":\\\\\\\"none\\\\\\\",\\\\\\\"wordwrap\\\\\\\":false,\\\\\\\"opacity\\\\\\\":\\\\\\\"1\\\\\\\",\\\\\\\"mix-blend-mode\\\\\\\":\\\\\\\"normal\\\\\\\",\\\\\\\"font-family\\\\\\\":\\\\\\\"Montserrat\\\\\\\",\\\\\\\"font-size\\\\\\\":\\\\\\\"18\\\\\\\",\\\\\\\"line-height\\\\\\\":\\\\\\\"46\\\\\\\",\\\\\\\"color\\\\\\\":\\\\\\\"rgba(255, 255, 255, 0.99)\\\\\\\",\\\\\\\"width\\\\\\\":\\\\\\\"208\\\\\\\",\\\\\\\"border-radius\\\\\\\":\\\\\\\"25\\\\\\\",\\\\\\\"border-top\\\\\\\":\\\\\\\"2px solid #fff\\\\\\\",\\\\\\\"border-right\\\\\\\":\\\\\\\"2px solid #fff\\\\\\\",\\\\\\\"border-bottom\\\\\\\":\\\\\\\"2px solid #fff\\\\\\\",\\\\\\\"border-left\\\\\\\":\\\\\\\"2px solid #fff\\\\\\\",\\\\\\\"background-color\\\\\\\":\\\\\\\"rgba(255, 255, 255, 0)\\\\\\\"}\",\"media\":\"button\",\"type\":\"p\",\"imageId\":\"\",\"image\":\"\",\"posterId\":\"\",\"poster\":\"\",\"post_text_length\":\"\",\"url\":\"LayerSlider Action: Switch to the next slide\",\"linkName\":\"Switch to the next slide\",\"target\":\"_self\",\"id\":\"\",\"class\":\"\",\"title\":\"\",\"alt\":\"\",\"rel\":\"\",\"style\":\"\",\"subtitle\":\"Next slide\",\"hasTransforms\":false,\"meta\":[],\"innerAttributes\":[],\"outerAttributes\":[],\"uuid\":\"5d91c762-8b49-4e5c-93af-54f744380477\",\"imageThumb\":\"\",\"html\":\"Next slide\",\"linkId\":\"#next\",\"linkType\":\"\"},{\"transition\":\"{\\\\\\\"backgroundvideo\\\\\\\":false,\\\\\\\"autoplay\\\\\\\":\\\\\\\"inherit\\\\\\\",\\\\\\\"fillmode\\\\\\\":\\\\\\\"cover\\\\\\\",\\\\\\\"controls\\\\\\\":\\\\\\\"auto\\\\\\\",\\\\\\\"showinfo\\\\\\\":\\\\\\\"auto\\\\\\\",\\\\\\\"volume\\\\\\\":\\\\\\\"\\\\\\\",\\\\\\\"overlay\\\\\\\":\\\\\\\"disabled\\\\\\\",\\\\\\\"transitionin\\\\\\\":true,\\\\\\\"offsetxin\\\\\\\":\\\\\\\"0\\\\\\\",\\\\\\\"offsetyin\\\\\\\":\\\\\\\"-60\\\\\\\",\\\\\\\"scalexin\\\\\\\":\\\\\\\"1\\\\\\\",\\\\\\\"scaleyin\\\\\\\":\\\\\\\"1\\\\\\\",\\\\\\\"widthin\\\\\\\":\\\\\\\"\\\\\\\",\\\\\\\"heightin\\\\\\\":\\\\\\\"\\\\\\\",\\\\\\\"rotatein\\\\\\\":\\\\\\\"0\\\\\\\",\\\\\\\"rotatexin\\\\\\\":\\\\\\\"0\\\\\\\",\\\\\\\"rotateyin\\\\\\\":\\\\\\\"0\\\\\\\",\\\\\\\"skewxin\\\\\\\":\\\\\\\"0\\\\\\\",\\\\\\\"skewyin\\\\\\\":\\\\\\\"0\\\\\\\",\\\\\\\"clipin\\\\\\\":\\\\\\\"\\\\\\\",\\\\\\\"delayin\\\\\\\":\\\\\\\"2200\\\\\\\",\\\\\\\"durationin\\\\\\\":\\\\\\\"1500\\\\\\\",\\\\\\\"easingin\\\\\\\":\\\\\\\"easeOutQuint\\\\\\\",\\\\\\\"transformoriginin\\\\\\\":\\\\\\\"50% 50% 0\\\\\\\",\\\\\\\"transformperspectivein\\\\\\\":\\\\\\\"500\\\\\\\",\\\\\\\"fadein\\\\\\\":true,\\\\\\\"colorin\\\\\\\":\\\\\\\"\\\\\\\",\\\\\\\"bgcolorin\\\\\\\":\\\\\\\"\\\\\\\",\\\\\\\"radiusin\\\\\\\":\\\\\\\"\\\\\\\",\\\\\\\"filterin\\\\\\\":\\\\\\\"\\\\\\\",\\\\\\\"transitionout\\\\\\\":true,\\\\\\\"offsetxout\\\\\\\":\\\\\\\"0\\\\\\\",\\\\\\\"offsetyout\\\\\\\":\\\\\\\"0\\\\\\\",\\\\\\\"scalexout\\\\\\\":\\\\\\\"1\\\\\\\",\\\\\\\"scaleyout\\\\\\\":\\\\\\\"1\\\\\\\",\\\\\\\"widthout\\\\\\\":\\\\\\\"\\\\\\\",\\\\\\\"heightout\\\\\\\":\\\\\\\"\\\\\\\",\\\\\\\"rotateout\\\\\\\":\\\\\\\"0\\\\\\\",\\\\\\\"rotatexout\\\\\\\":\\\\\\\"0\\\\\\\",\\\\\\\"rotateyout\\\\\\\":\\\\\\\"0\\\\\\\",\\\\\\\"skewxout\\\\\\\":\\\\\\\"0\\\\\\\",\\\\\\\"skewyout\\\\\\\":\\\\\\\"0\\\\\\\",\\\\\\\"clipout\\\\\\\":\\\\\\\"\\\\\\\",\\\\\\\"startatout\\\\\\\":\\\\\\\"slidechangeonly\\\\\\\",\\\\\\\"startatouttiming\\\\\\\":\\\\\\\"slidechangeonly\\\\\\\",\\\\\\\"startatoutoperator\\\\\\\":\\\\\\\"+\\\\\\\",\\\\\\\"startatoutvalue\\\\\\\":\\\\\\\"0\\\\\\\",\\\\\\\"durationout\\\\\\\":\\\\\\\"1000\\\\\\\",\\\\\\\"easingout\\\\\\\":\\\\\\\"easeInOutQuint\\\\\\\",\\\\\\\"transformoriginout\\\\\\\":\\\\\\\"50% 50% 0\\\\\\\",\\\\\\\"transformperspectiveout\\\\\\\":\\\\\\\"500\\\\\\\",\\\\\\\"fadeout\\\\\\\":true,\\\\\\\"colorout\\\\\\\":\\\\\\\"\\\\\\\",\\\\\\\"bgcolorout\\\\\\\":\\\\\\\"\\\\\\\",\\\\\\\"radiusout\\\\\\\":\\\\\\\"\\\\\\\",\\\\\\\"filterout\\\\\\\":\\\\\\\"\\\\\\\",\\\\\\\"position\\\\\\\":\\\\\\\"fixed\\\\\\\",\\\\\\\"minfontsize\\\\\\\":\\\\\\\"\\\\\\\",\\\\\\\"minmobilefontsize\\\\\\\":\\\\\\\"\\\\\\\",\\\\\\\"rotation\\\\\\\":\\\\\\\"0\\\\\\\",\\\\\\\"scaleX\\\\\\\":\\\\\\\"1\\\\\\\",\\\\\\\"rotationX\\\\\\\":\\\\\\\"0\\\\\\\",\\\\\\\"scaleY\\\\\\\":\\\\\\\"1\\\\\\\",\\\\\\\"rotationY\\\\\\\":\\\\\\\"0\\\\\\\",\\\\\\\"skewX\\\\\\\":\\\\\\\"0\\\\\\\",\\\\\\\"skewY\\\\\\\":\\\\\\\"0\\\\\\\",\\\\\\\"static\\\\\\\":\\\\\\\"forever\\\\\\\"}\",\"styles\":\"{\\\\\\\"top\\\\\\\":\\\\\\\"36px\\\\\\\",\\\\\\\"left\\\\\\\":\\\\\\\"50%\\\\\\\",\\\\\\\"text-align\\\\\\\":\\\\\\\"center\\\\\\\",\\\\\\\"font-weight\\\\\\\":\\\\\\\"700\\\\\\\",\\\\\\\"font-style\\\\\\\":\\\\\\\"normal\\\\\\\",\\\\\\\"text-decoration\\\\\\\":\\\\\\\"none\\\\\\\",\\\\\\\"wordwrap\\\\\\\":false,\\\\\\\"opacity\\\\\\\":\\\\\\\"1\\\\\\\",\\\\\\\"mix-blend-mode\\\\\\\":\\\\\\\"normal\\\\\\\",\\\\\\\"font-family\\\\\\\":\\\\\\\"\\\\\'Playfair Display\\\\\'\\\\\\\",\\\\\\\"font-size\\\\\\\":\\\\\\\"40\\\\\\\",\\\\\\\"line-height\\\\\\\":\\\\\\\"60\\\\\\\",\\\\\\\"color\\\\\\\":\\\\\\\"#ffffff\\\\\\\",\\\\\\\"border-radius\\\\\\\":\\\\\\\"25\\\\\\\"}\",\"media\":\"text\",\"type\":\"p\",\"imageId\":\"\",\"image\":\"\",\"html\":\"nature.\",\"posterId\":\"\",\"poster\":\"\",\"post_text_length\":\"\",\"url\":\"\",\"linkId\":\"\",\"linkName\":\"\",\"linkType\":\"\",\"target\":\"_self\",\"id\":\"\",\"class\":\"\",\"title\":\"\",\"alt\":\"\",\"rel\":\"\",\"style\":\"\",\"subtitle\":\"nature.\",\"hasTransforms\":false,\"meta\":[],\"innerAttributes\":[],\"outerAttributes\":[],\"uuid\":\"6258a6f1-abfe-4538-b965-62a9eaac5903\",\"imageThumb\":\"\",\"skip\":false},{\"transition\":\"{\\\\\\\"backgroundvideo\\\\\\\":false,\\\\\\\"autoplay\\\\\\\":\\\\\\\"inherit\\\\\\\",\\\\\\\"fillmode\\\\\\\":\\\\\\\"cover\\\\\\\",\\\\\\\"controls\\\\\\\":\\\\\\\"auto\\\\\\\",\\\\\\\"showinfo\\\\\\\":\\\\\\\"auto\\\\\\\",\\\\\\\"volume\\\\\\\":\\\\\\\"\\\\\\\",\\\\\\\"overlay\\\\\\\":\\\\\\\"disabled\\\\\\\",\\\\\\\"transitionin\\\\\\\":true,\\\\\\\"offsetxin\\\\\\\":\\\\\\\"0\\\\\\\",\\\\\\\"offsetyin\\\\\\\":\\\\\\\"-60\\\\\\\",\\\\\\\"scalexin\\\\\\\":\\\\\\\"1\\\\\\\",\\\\\\\"scaleyin\\\\\\\":\\\\\\\"1\\\\\\\",\\\\\\\"widthin\\\\\\\":\\\\\\\"\\\\\\\",\\\\\\\"heightin\\\\\\\":\\\\\\\"\\\\\\\",\\\\\\\"rotatein\\\\\\\":\\\\\\\"0\\\\\\\",\\\\\\\"rotatexin\\\\\\\":\\\\\\\"0\\\\\\\",\\\\\\\"rotateyin\\\\\\\":\\\\\\\"0\\\\\\\",\\\\\\\"skewxin\\\\\\\":\\\\\\\"0\\\\\\\",\\\\\\\"skewyin\\\\\\\":\\\\\\\"0\\\\\\\",\\\\\\\"clipin\\\\\\\":\\\\\\\"\\\\\\\",\\\\\\\"delayin\\\\\\\":\\\\\\\"2600\\\\\\\",\\\\\\\"durationin\\\\\\\":\\\\\\\"1500\\\\\\\",\\\\\\\"easingin\\\\\\\":\\\\\\\"easeOutQuint\\\\\\\",\\\\\\\"transformoriginin\\\\\\\":\\\\\\\"50% 50% 0\\\\\\\",\\\\\\\"transformperspectivein\\\\\\\":\\\\\\\"500\\\\\\\",\\\\\\\"fadein\\\\\\\":true,\\\\\\\"colorin\\\\\\\":\\\\\\\"\\\\\\\",\\\\\\\"bgcolorin\\\\\\\":\\\\\\\"\\\\\\\",\\\\\\\"radiusin\\\\\\\":\\\\\\\"\\\\\\\",\\\\\\\"filterin\\\\\\\":\\\\\\\"\\\\\\\",\\\\\\\"transitionout\\\\\\\":true,\\\\\\\"offsetxout\\\\\\\":\\\\\\\"0\\\\\\\",\\\\\\\"offsetyout\\\\\\\":\\\\\\\"0\\\\\\\",\\\\\\\"scalexout\\\\\\\":\\\\\\\"1\\\\\\\",\\\\\\\"scaleyout\\\\\\\":\\\\\\\"1\\\\\\\",\\\\\\\"widthout\\\\\\\":\\\\\\\"\\\\\\\",\\\\\\\"heightout\\\\\\\":\\\\\\\"\\\\\\\",\\\\\\\"rotateout\\\\\\\":\\\\\\\"0\\\\\\\",\\\\\\\"rotatexout\\\\\\\":\\\\\\\"0\\\\\\\",\\\\\\\"rotateyout\\\\\\\":\\\\\\\"0\\\\\\\",\\\\\\\"skewxout\\\\\\\":\\\\\\\"0\\\\\\\",\\\\\\\"skewyout\\\\\\\":\\\\\\\"0\\\\\\\",\\\\\\\"clipout\\\\\\\":\\\\\\\"\\\\\\\",\\\\\\\"startatout\\\\\\\":\\\\\\\"slidechangeonly\\\\\\\",\\\\\\\"startatouttiming\\\\\\\":\\\\\\\"slidechangeonly\\\\\\\",\\\\\\\"startatoutoperator\\\\\\\":\\\\\\\"+\\\\\\\",\\\\\\\"startatoutvalue\\\\\\\":\\\\\\\"0\\\\\\\",\\\\\\\"durationout\\\\\\\":\\\\\\\"1000\\\\\\\",\\\\\\\"easingout\\\\\\\":\\\\\\\"easeInOutQuint\\\\\\\",\\\\\\\"transformoriginout\\\\\\\":\\\\\\\"50% 50% 0\\\\\\\",\\\\\\\"transformperspectiveout\\\\\\\":\\\\\\\"500\\\\\\\",\\\\\\\"fadeout\\\\\\\":true,\\\\\\\"colorout\\\\\\\":\\\\\\\"\\\\\\\",\\\\\\\"bgcolorout\\\\\\\":\\\\\\\"\\\\\\\",\\\\\\\"radiusout\\\\\\\":\\\\\\\"\\\\\\\",\\\\\\\"filterout\\\\\\\":\\\\\\\"\\\\\\\",\\\\\\\"position\\\\\\\":\\\\\\\"fixed\\\\\\\",\\\\\\\"minfontsize\\\\\\\":\\\\\\\"\\\\\\\",\\\\\\\"minmobilefontsize\\\\\\\":\\\\\\\"\\\\\\\",\\\\\\\"rotation\\\\\\\":\\\\\\\"0\\\\\\\",\\\\\\\"scaleX\\\\\\\":\\\\\\\"1\\\\\\\",\\\\\\\"rotationX\\\\\\\":\\\\\\\"0\\\\\\\",\\\\\\\"scaleY\\\\\\\":\\\\\\\"1\\\\\\\",\\\\\\\"rotationY\\\\\\\":\\\\\\\"0\\\\\\\",\\\\\\\"skewX\\\\\\\":\\\\\\\"0\\\\\\\",\\\\\\\"skewY\\\\\\\":\\\\\\\"0\\\\\\\",\\\\\\\"hover\\\\\\\":true,\\\\\\\"hovercolor\\\\\\\":\\\\\\\"#ffffff\\\\\\\",\\\\\\\"static\\\\\\\":\\\\\\\"forever\\\\\\\"}\",\"styles\":\"{\\\\\\\"top\\\\\\\":\\\\\\\"50px\\\\\\\",\\\\\\\"left\\\\\\\":\\\\\\\"22%\\\\\\\",\\\\\\\"text-align\\\\\\\":\\\\\\\"initial\\\\\\\",\\\\\\\"font-weight\\\\\\\":\\\\\\\"400\\\\\\\",\\\\\\\"font-style\\\\\\\":\\\\\\\"normal\\\\\\\",\\\\\\\"text-decoration\\\\\\\":\\\\\\\"none\\\\\\\",\\\\\\\"wordwrap\\\\\\\":false,\\\\\\\"opacity\\\\\\\":\\\\\\\"1\\\\\\\",\\\\\\\"mix-blend-mode\\\\\\\":\\\\\\\"normal\\\\\\\",\\\\\\\"font-size\\\\\\\":\\\\\\\"17\\\\\\\",\\\\\\\"line-height\\\\\\\":\\\\\\\"40\\\\\\\",\\\\\\\"color\\\\\\\":\\\\\\\"rgba(255, 255, 255, 0.6)\\\\\\\",\\\\\\\"border-radius\\\\\\\":\\\\\\\"25\\\\\\\",\\\\\\\"font-family\\\\\\\":\\\\\\\"Montserrat\\\\\\\"}\",\"media\":\"text\",\"type\":\"p\",\"imageId\":\"\",\"image\":\"\",\"html\":\"Events\",\"posterId\":\"\",\"poster\":\"\",\"post_text_length\":\"\",\"url\":\"\",\"linkId\":\"\",\"linkName\":\"\",\"linkType\":\"\",\"target\":\"_self\",\"id\":\"\",\"class\":\"\",\"title\":\"\",\"alt\":\"\",\"rel\":\"\",\"style\":\"cursor:pointer;\",\"subtitle\":\"Events\",\"hasTransforms\":false,\"meta\":[],\"innerAttributes\":[],\"outerAttributes\":[],\"uuid\":\"008e5028-baf0-4b77-aab0-e20983dea354\",\"imageThumb\":\"\",\"skip\":false},{\"transition\":\"{\\\\\\\"backgroundvideo\\\\\\\":false,\\\\\\\"autoplay\\\\\\\":\\\\\\\"inherit\\\\\\\",\\\\\\\"fillmode\\\\\\\":\\\\\\\"cover\\\\\\\",\\\\\\\"controls\\\\\\\":\\\\\\\"auto\\\\\\\",\\\\\\\"showinfo\\\\\\\":\\\\\\\"auto\\\\\\\",\\\\\\\"volume\\\\\\\":\\\\\\\"\\\\\\\",\\\\\\\"overlay\\\\\\\":\\\\\\\"disabled\\\\\\\",\\\\\\\"transitionin\\\\\\\":true,\\\\\\\"offsetxin\\\\\\\":\\\\\\\"0\\\\\\\",\\\\\\\"offsetyin\\\\\\\":\\\\\\\"-60\\\\\\\",\\\\\\\"scalexin\\\\\\\":\\\\\\\"1\\\\\\\",\\\\\\\"scaleyin\\\\\\\":\\\\\\\"1\\\\\\\",\\\\\\\"widthin\\\\\\\":\\\\\\\"\\\\\\\",\\\\\\\"heightin\\\\\\\":\\\\\\\"\\\\\\\",\\\\\\\"rotatein\\\\\\\":\\\\\\\"0\\\\\\\",\\\\\\\"rotatexin\\\\\\\":\\\\\\\"0\\\\\\\",\\\\\\\"rotateyin\\\\\\\":\\\\\\\"0\\\\\\\",\\\\\\\"skewxin\\\\\\\":\\\\\\\"0\\\\\\\",\\\\\\\"skewyin\\\\\\\":\\\\\\\"0\\\\\\\",\\\\\\\"clipin\\\\\\\":\\\\\\\"\\\\\\\",\\\\\\\"delayin\\\\\\\":\\\\\\\"2400\\\\\\\",\\\\\\\"durationin\\\\\\\":\\\\\\\"1500\\\\\\\",\\\\\\\"easingin\\\\\\\":\\\\\\\"easeOutQuint\\\\\\\",\\\\\\\"transformoriginin\\\\\\\":\\\\\\\"50% 50% 0\\\\\\\",\\\\\\\"transformperspectivein\\\\\\\":\\\\\\\"500\\\\\\\",\\\\\\\"fadein\\\\\\\":true,\\\\\\\"colorin\\\\\\\":\\\\\\\"\\\\\\\",\\\\\\\"bgcolorin\\\\\\\":\\\\\\\"\\\\\\\",\\\\\\\"radiusin\\\\\\\":\\\\\\\"\\\\\\\",\\\\\\\"filterin\\\\\\\":\\\\\\\"\\\\\\\",\\\\\\\"transitionout\\\\\\\":true,\\\\\\\"offsetxout\\\\\\\":\\\\\\\"0\\\\\\\",\\\\\\\"offsetyout\\\\\\\":\\\\\\\"0\\\\\\\",\\\\\\\"scalexout\\\\\\\":\\\\\\\"1\\\\\\\",\\\\\\\"scaleyout\\\\\\\":\\\\\\\"1\\\\\\\",\\\\\\\"widthout\\\\\\\":\\\\\\\"\\\\\\\",\\\\\\\"heightout\\\\\\\":\\\\\\\"\\\\\\\",\\\\\\\"rotateout\\\\\\\":\\\\\\\"0\\\\\\\",\\\\\\\"rotatexout\\\\\\\":\\\\\\\"0\\\\\\\",\\\\\\\"rotateyout\\\\\\\":\\\\\\\"0\\\\\\\",\\\\\\\"skewxout\\\\\\\":\\\\\\\"0\\\\\\\",\\\\\\\"skewyout\\\\\\\":\\\\\\\"0\\\\\\\",\\\\\\\"clipout\\\\\\\":\\\\\\\"\\\\\\\",\\\\\\\"startatout\\\\\\\":\\\\\\\"slidechangeonly\\\\\\\",\\\\\\\"startatouttiming\\\\\\\":\\\\\\\"slidechangeonly\\\\\\\",\\\\\\\"startatoutoperator\\\\\\\":\\\\\\\"+\\\\\\\",\\\\\\\"startatoutvalue\\\\\\\":\\\\\\\"0\\\\\\\",\\\\\\\"durationout\\\\\\\":\\\\\\\"1000\\\\\\\",\\\\\\\"easingout\\\\\\\":\\\\\\\"easeInOutQuint\\\\\\\",\\\\\\\"transformoriginout\\\\\\\":\\\\\\\"50% 50% 0\\\\\\\",\\\\\\\"transformperspectiveout\\\\\\\":\\\\\\\"500\\\\\\\",\\\\\\\"fadeout\\\\\\\":true,\\\\\\\"colorout\\\\\\\":\\\\\\\"\\\\\\\",\\\\\\\"bgcolorout\\\\\\\":\\\\\\\"\\\\\\\",\\\\\\\"radiusout\\\\\\\":\\\\\\\"\\\\\\\",\\\\\\\"filterout\\\\\\\":\\\\\\\"\\\\\\\",\\\\\\\"position\\\\\\\":\\\\\\\"fixed\\\\\\\",\\\\\\\"minfontsize\\\\\\\":\\\\\\\"\\\\\\\",\\\\\\\"minmobilefontsize\\\\\\\":\\\\\\\"\\\\\\\",\\\\\\\"rotation\\\\\\\":\\\\\\\"0\\\\\\\",\\\\\\\"scaleX\\\\\\\":\\\\\\\"1\\\\\\\",\\\\\\\"rotationX\\\\\\\":\\\\\\\"0\\\\\\\",\\\\\\\"scaleY\\\\\\\":\\\\\\\"1\\\\\\\",\\\\\\\"rotationY\\\\\\\":\\\\\\\"0\\\\\\\",\\\\\\\"skewX\\\\\\\":\\\\\\\"0\\\\\\\",\\\\\\\"skewY\\\\\\\":\\\\\\\"0\\\\\\\",\\\\\\\"hover\\\\\\\":true,\\\\\\\"hovercolor\\\\\\\":\\\\\\\"#ffffff\\\\\\\",\\\\\\\"static\\\\\\\":\\\\\\\"forever\\\\\\\"}\",\"styles\":\"{\\\\\\\"top\\\\\\\":\\\\\\\"50px\\\\\\\",\\\\\\\"left\\\\\\\":\\\\\\\"35%\\\\\\\",\\\\\\\"text-align\\\\\\\":\\\\\\\"initial\\\\\\\",\\\\\\\"font-weight\\\\\\\":\\\\\\\"400\\\\\\\",\\\\\\\"font-style\\\\\\\":\\\\\\\"normal\\\\\\\",\\\\\\\"text-decoration\\\\\\\":\\\\\\\"none\\\\\\\",\\\\\\\"wordwrap\\\\\\\":false,\\\\\\\"opacity\\\\\\\":\\\\\\\"1\\\\\\\",\\\\\\\"mix-blend-mode\\\\\\\":\\\\\\\"normal\\\\\\\",\\\\\\\"font-size\\\\\\\":\\\\\\\"17\\\\\\\",\\\\\\\"line-height\\\\\\\":\\\\\\\"40\\\\\\\",\\\\\\\"color\\\\\\\":\\\\\\\"rgba(255, 255, 255, 0.6)\\\\\\\",\\\\\\\"border-radius\\\\\\\":\\\\\\\"25\\\\\\\",\\\\\\\"font-family\\\\\\\":\\\\\\\"Montserrat\\\\\\\"}\",\"media\":\"text\",\"type\":\"p\",\"imageId\":\"\",\"image\":\"\",\"html\":\"Community\",\"posterId\":\"\",\"poster\":\"\",\"post_text_length\":\"\",\"url\":\"\",\"linkId\":\"\",\"linkName\":\"\",\"linkType\":\"\",\"target\":\"_self\",\"id\":\"\",\"class\":\"\",\"title\":\"\",\"alt\":\"\",\"rel\":\"\",\"style\":\"cursor:pointer;\",\"subtitle\":\"Community\",\"hasTransforms\":false,\"meta\":[],\"innerAttributes\":[],\"outerAttributes\":[],\"uuid\":\"8966b311-42aa-4458-9ffa-5aaf6e536eab\",\"imageThumb\":\"\",\"skip\":false},{\"transition\":\"{\\\\\\\"backgroundvideo\\\\\\\":false,\\\\\\\"autoplay\\\\\\\":\\\\\\\"inherit\\\\\\\",\\\\\\\"fillmode\\\\\\\":\\\\\\\"cover\\\\\\\",\\\\\\\"controls\\\\\\\":\\\\\\\"auto\\\\\\\",\\\\\\\"showinfo\\\\\\\":\\\\\\\"auto\\\\\\\",\\\\\\\"volume\\\\\\\":\\\\\\\"\\\\\\\",\\\\\\\"overlay\\\\\\\":\\\\\\\"disabled\\\\\\\",\\\\\\\"transitionin\\\\\\\":true,\\\\\\\"offsetxin\\\\\\\":\\\\\\\"0\\\\\\\",\\\\\\\"offsetyin\\\\\\\":\\\\\\\"-60\\\\\\\",\\\\\\\"scalexin\\\\\\\":\\\\\\\"1\\\\\\\",\\\\\\\"scaleyin\\\\\\\":\\\\\\\"1\\\\\\\",\\\\\\\"widthin\\\\\\\":\\\\\\\"\\\\\\\",\\\\\\\"heightin\\\\\\\":\\\\\\\"\\\\\\\",\\\\\\\"rotatein\\\\\\\":\\\\\\\"0\\\\\\\",\\\\\\\"rotatexin\\\\\\\":\\\\\\\"0\\\\\\\",\\\\\\\"rotateyin\\\\\\\":\\\\\\\"0\\\\\\\",\\\\\\\"skewxin\\\\\\\":\\\\\\\"0\\\\\\\",\\\\\\\"skewyin\\\\\\\":\\\\\\\"0\\\\\\\",\\\\\\\"clipin\\\\\\\":\\\\\\\"\\\\\\\",\\\\\\\"delayin\\\\\\\":\\\\\\\"2400\\\\\\\",\\\\\\\"durationin\\\\\\\":\\\\\\\"1500\\\\\\\",\\\\\\\"easingin\\\\\\\":\\\\\\\"easeOutQuint\\\\\\\",\\\\\\\"transformoriginin\\\\\\\":\\\\\\\"50% 50% 0\\\\\\\",\\\\\\\"transformperspectivein\\\\\\\":\\\\\\\"500\\\\\\\",\\\\\\\"fadein\\\\\\\":true,\\\\\\\"colorin\\\\\\\":\\\\\\\"\\\\\\\",\\\\\\\"bgcolorin\\\\\\\":\\\\\\\"\\\\\\\",\\\\\\\"radiusin\\\\\\\":\\\\\\\"\\\\\\\",\\\\\\\"filterin\\\\\\\":\\\\\\\"\\\\\\\",\\\\\\\"transitionout\\\\\\\":true,\\\\\\\"offsetxout\\\\\\\":\\\\\\\"0\\\\\\\",\\\\\\\"offsetyout\\\\\\\":\\\\\\\"0\\\\\\\",\\\\\\\"scalexout\\\\\\\":\\\\\\\"1\\\\\\\",\\\\\\\"scaleyout\\\\\\\":\\\\\\\"1\\\\\\\",\\\\\\\"widthout\\\\\\\":\\\\\\\"\\\\\\\",\\\\\\\"heightout\\\\\\\":\\\\\\\"\\\\\\\",\\\\\\\"rotateout\\\\\\\":\\\\\\\"0\\\\\\\",\\\\\\\"rotatexout\\\\\\\":\\\\\\\"0\\\\\\\",\\\\\\\"rotateyout\\\\\\\":\\\\\\\"0\\\\\\\",\\\\\\\"skewxout\\\\\\\":\\\\\\\"0\\\\\\\",\\\\\\\"skewyout\\\\\\\":\\\\\\\"0\\\\\\\",\\\\\\\"clipout\\\\\\\":\\\\\\\"\\\\\\\",\\\\\\\"startatout\\\\\\\":\\\\\\\"slidechangeonly\\\\\\\",\\\\\\\"startatouttiming\\\\\\\":\\\\\\\"slidechangeonly\\\\\\\",\\\\\\\"startatoutoperator\\\\\\\":\\\\\\\"+\\\\\\\",\\\\\\\"startatoutvalue\\\\\\\":\\\\\\\"0\\\\\\\",\\\\\\\"durationout\\\\\\\":\\\\\\\"1000\\\\\\\",\\\\\\\"easingout\\\\\\\":\\\\\\\"easeInOutQuint\\\\\\\",\\\\\\\"transformoriginout\\\\\\\":\\\\\\\"50% 50% 0\\\\\\\",\\\\\\\"transformperspectiveout\\\\\\\":\\\\\\\"500\\\\\\\",\\\\\\\"fadeout\\\\\\\":true,\\\\\\\"colorout\\\\\\\":\\\\\\\"\\\\\\\",\\\\\\\"bgcolorout\\\\\\\":\\\\\\\"\\\\\\\",\\\\\\\"radiusout\\\\\\\":\\\\\\\"\\\\\\\",\\\\\\\"filterout\\\\\\\":\\\\\\\"\\\\\\\",\\\\\\\"position\\\\\\\":\\\\\\\"fixed\\\\\\\",\\\\\\\"minfontsize\\\\\\\":\\\\\\\"\\\\\\\",\\\\\\\"minmobilefontsize\\\\\\\":\\\\\\\"\\\\\\\",\\\\\\\"rotation\\\\\\\":\\\\\\\"0\\\\\\\",\\\\\\\"scaleX\\\\\\\":\\\\\\\"1\\\\\\\",\\\\\\\"rotationX\\\\\\\":\\\\\\\"0\\\\\\\",\\\\\\\"scaleY\\\\\\\":\\\\\\\"1\\\\\\\",\\\\\\\"rotationY\\\\\\\":\\\\\\\"0\\\\\\\",\\\\\\\"skewX\\\\\\\":\\\\\\\"0\\\\\\\",\\\\\\\"skewY\\\\\\\":\\\\\\\"0\\\\\\\",\\\\\\\"hover\\\\\\\":true,\\\\\\\"hovercolor\\\\\\\":\\\\\\\"#ffffff\\\\\\\",\\\\\\\"static\\\\\\\":\\\\\\\"forever\\\\\\\"}\",\"styles\":\"{\\\\\\\"top\\\\\\\":\\\\\\\"50px\\\\\\\",\\\\\\\"left\\\\\\\":\\\\\\\"64%\\\\\\\",\\\\\\\"text-align\\\\\\\":\\\\\\\"initial\\\\\\\",\\\\\\\"font-weight\\\\\\\":\\\\\\\"400\\\\\\\",\\\\\\\"font-style\\\\\\\":\\\\\\\"normal\\\\\\\",\\\\\\\"text-decoration\\\\\\\":\\\\\\\"none\\\\\\\",\\\\\\\"wordwrap\\\\\\\":false,\\\\\\\"opacity\\\\\\\":\\\\\\\"1\\\\\\\",\\\\\\\"mix-blend-mode\\\\\\\":\\\\\\\"normal\\\\\\\",\\\\\\\"font-size\\\\\\\":\\\\\\\"17\\\\\\\",\\\\\\\"line-height\\\\\\\":\\\\\\\"40\\\\\\\",\\\\\\\"color\\\\\\\":\\\\\\\"rgba(255, 255, 255, 0.6)\\\\\\\",\\\\\\\"border-radius\\\\\\\":\\\\\\\"25\\\\\\\",\\\\\\\"font-family\\\\\\\":\\\\\\\"Montserrat\\\\\\\"}\",\"media\":\"text\",\"type\":\"p\",\"imageId\":\"\",\"image\":\"\",\"html\":\"Classroom\",\"posterId\":\"\",\"poster\":\"\",\"post_text_length\":\"\",\"url\":\"\",\"linkId\":\"\",\"linkName\":\"\",\"linkType\":\"\",\"target\":\"_self\",\"id\":\"\",\"class\":\"\",\"title\":\"\",\"alt\":\"\",\"rel\":\"\",\"style\":\"cursor:pointer;\",\"subtitle\":\"Classroom\",\"hasTransforms\":false,\"meta\":[],\"innerAttributes\":[],\"outerAttributes\":[],\"uuid\":\"651270fe-1bd1-4567-a04b-3a85dc5e07fe\",\"imageThumb\":\"\",\"skip\":false},{\"transition\":\"{\\\\\\\"backgroundvideo\\\\\\\":false,\\\\\\\"autoplay\\\\\\\":\\\\\\\"inherit\\\\\\\",\\\\\\\"fillmode\\\\\\\":\\\\\\\"cover\\\\\\\",\\\\\\\"controls\\\\\\\":\\\\\\\"auto\\\\\\\",\\\\\\\"showinfo\\\\\\\":\\\\\\\"auto\\\\\\\",\\\\\\\"volume\\\\\\\":\\\\\\\"\\\\\\\",\\\\\\\"overlay\\\\\\\":\\\\\\\"disabled\\\\\\\",\\\\\\\"transitionin\\\\\\\":true,\\\\\\\"offsetxin\\\\\\\":\\\\\\\"0\\\\\\\",\\\\\\\"offsetyin\\\\\\\":\\\\\\\"-60\\\\\\\",\\\\\\\"scalexin\\\\\\\":\\\\\\\"1\\\\\\\",\\\\\\\"scaleyin\\\\\\\":\\\\\\\"1\\\\\\\",\\\\\\\"widthin\\\\\\\":\\\\\\\"\\\\\\\",\\\\\\\"heightin\\\\\\\":\\\\\\\"\\\\\\\",\\\\\\\"rotatein\\\\\\\":\\\\\\\"0\\\\\\\",\\\\\\\"rotatexin\\\\\\\":\\\\\\\"0\\\\\\\",\\\\\\\"rotateyin\\\\\\\":\\\\\\\"0\\\\\\\",\\\\\\\"skewxin\\\\\\\":\\\\\\\"0\\\\\\\",\\\\\\\"skewyin\\\\\\\":\\\\\\\"0\\\\\\\",\\\\\\\"clipin\\\\\\\":\\\\\\\"\\\\\\\",\\\\\\\"delayin\\\\\\\":\\\\\\\"2600\\\\\\\",\\\\\\\"durationin\\\\\\\":\\\\\\\"1500\\\\\\\",\\\\\\\"easingin\\\\\\\":\\\\\\\"easeOutQuint\\\\\\\",\\\\\\\"transformoriginin\\\\\\\":\\\\\\\"50% 50% 0\\\\\\\",\\\\\\\"transformperspectivein\\\\\\\":\\\\\\\"500\\\\\\\",\\\\\\\"fadein\\\\\\\":true,\\\\\\\"colorin\\\\\\\":\\\\\\\"\\\\\\\",\\\\\\\"bgcolorin\\\\\\\":\\\\\\\"\\\\\\\",\\\\\\\"radiusin\\\\\\\":\\\\\\\"\\\\\\\",\\\\\\\"filterin\\\\\\\":\\\\\\\"\\\\\\\",\\\\\\\"transitionout\\\\\\\":true,\\\\\\\"offsetxout\\\\\\\":\\\\\\\"0\\\\\\\",\\\\\\\"offsetyout\\\\\\\":\\\\\\\"0\\\\\\\",\\\\\\\"scalexout\\\\\\\":\\\\\\\"1\\\\\\\",\\\\\\\"scaleyout\\\\\\\":\\\\\\\"1\\\\\\\",\\\\\\\"widthout\\\\\\\":\\\\\\\"\\\\\\\",\\\\\\\"heightout\\\\\\\":\\\\\\\"\\\\\\\",\\\\\\\"rotateout\\\\\\\":\\\\\\\"0\\\\\\\",\\\\\\\"rotatexout\\\\\\\":\\\\\\\"0\\\\\\\",\\\\\\\"rotateyout\\\\\\\":\\\\\\\"0\\\\\\\",\\\\\\\"skewxout\\\\\\\":\\\\\\\"0\\\\\\\",\\\\\\\"skewyout\\\\\\\":\\\\\\\"0\\\\\\\",\\\\\\\"clipout\\\\\\\":\\\\\\\"\\\\\\\",\\\\\\\"startatout\\\\\\\":\\\\\\\"slidechangeonly\\\\\\\",\\\\\\\"startatouttiming\\\\\\\":\\\\\\\"slidechangeonly\\\\\\\",\\\\\\\"startatoutoperator\\\\\\\":\\\\\\\"+\\\\\\\",\\\\\\\"startatoutvalue\\\\\\\":\\\\\\\"0\\\\\\\",\\\\\\\"durationout\\\\\\\":\\\\\\\"1000\\\\\\\",\\\\\\\"easingout\\\\\\\":\\\\\\\"easeInOutQuint\\\\\\\",\\\\\\\"transformoriginout\\\\\\\":\\\\\\\"50% 50% 0\\\\\\\",\\\\\\\"transformperspectiveout\\\\\\\":\\\\\\\"500\\\\\\\",\\\\\\\"fadeout\\\\\\\":true,\\\\\\\"colorout\\\\\\\":\\\\\\\"\\\\\\\",\\\\\\\"bgcolorout\\\\\\\":\\\\\\\"\\\\\\\",\\\\\\\"radiusout\\\\\\\":\\\\\\\"\\\\\\\",\\\\\\\"filterout\\\\\\\":\\\\\\\"\\\\\\\",\\\\\\\"position\\\\\\\":\\\\\\\"fixed\\\\\\\",\\\\\\\"minfontsize\\\\\\\":\\\\\\\"\\\\\\\",\\\\\\\"minmobilefontsize\\\\\\\":\\\\\\\"\\\\\\\",\\\\\\\"rotation\\\\\\\":\\\\\\\"0\\\\\\\",\\\\\\\"scaleX\\\\\\\":\\\\\\\"1\\\\\\\",\\\\\\\"rotationX\\\\\\\":\\\\\\\"0\\\\\\\",\\\\\\\"scaleY\\\\\\\":\\\\\\\"1\\\\\\\",\\\\\\\"rotationY\\\\\\\":\\\\\\\"0\\\\\\\",\\\\\\\"skewX\\\\\\\":\\\\\\\"0\\\\\\\",\\\\\\\"skewY\\\\\\\":\\\\\\\"0\\\\\\\",\\\\\\\"hoveroffsetx\\\\\\\":0,\\\\\\\"hoveroffsety\\\\\\\":0,\\\\\\\"hoverscalex\\\\\\\":1,\\\\\\\"hoverscaley\\\\\\\":1,\\\\\\\"hoverrotate\\\\\\\":0,\\\\\\\"hoverrotatex\\\\\\\":0,\\\\\\\"hoverrotatey\\\\\\\":0,\\\\\\\"hoverskewx\\\\\\\":0,\\\\\\\"hoverskewy\\\\\\\":0,\\\\\\\"hoverdurationin\\\\\\\":500,\\\\\\\"hoverdurationout\\\\\\\":\\\\\\\"\\\\\\\",\\\\\\\"hovereasingin\\\\\\\":\\\\\\\"easeInOutQuint\\\\\\\",\\\\\\\"hovereasingout\\\\\\\":\\\\\\\"\\\\\\\",\\\\\\\"hovertransformorigin\\\\\\\":\\\\\\\"50% 50% 0\\\\\\\",\\\\\\\"hovertransformperspective\\\\\\\":500,\\\\\\\"hoveropacity\\\\\\\":\\\\\\\"\\\\\\\",\\\\\\\"hovercolor\\\\\\\":\\\\\\\"#ffffff\\\\\\\",\\\\\\\"hoverbgcolor\\\\\\\":\\\\\\\"\\\\\\\",\\\\\\\"hoverborderradius\\\\\\\":\\\\\\\"\\\\\\\",\\\\\\\"hoveralwaysontop\\\\\\\":true,\\\\\\\"hover\\\\\\\":true,\\\\\\\"static\\\\\\\":\\\\\\\"forever\\\\\\\"}\",\"styles\":\"{\\\\\\\"top\\\\\\\":\\\\\\\"50px\\\\\\\",\\\\\\\"left\\\\\\\":\\\\\\\"75%\\\\\\\",\\\\\\\"text-align\\\\\\\":\\\\\\\"initial\\\\\\\",\\\\\\\"font-weight\\\\\\\":\\\\\\\"400\\\\\\\",\\\\\\\"font-style\\\\\\\":\\\\\\\"normal\\\\\\\",\\\\\\\"text-decoration\\\\\\\":\\\\\\\"none\\\\\\\",\\\\\\\"wordwrap\\\\\\\":false,\\\\\\\"opacity\\\\\\\":\\\\\\\"1\\\\\\\",\\\\\\\"mix-blend-mode\\\\\\\":\\\\\\\"normal\\\\\\\",\\\\\\\"font-size\\\\\\\":\\\\\\\"17\\\\\\\",\\\\\\\"line-height\\\\\\\":\\\\\\\"40\\\\\\\",\\\\\\\"color\\\\\\\":\\\\\\\"rgba(255, 255, 255, 0.6)\\\\\\\",\\\\\\\"border-radius\\\\\\\":\\\\\\\"25\\\\\\\",\\\\\\\"font-family\\\\\\\":\\\\\\\"Montserrat\\\\\\\"}\",\"media\":\"text\",\"type\":\"p\",\"imageId\":\"\",\"image\":\"\",\"html\":\"Shop\",\"posterId\":\"\",\"poster\":\"\",\"post_text_length\":\"\",\"url\":\"\",\"linkId\":\"\",\"linkName\":\"\",\"linkType\":\"\",\"target\":\"_self\",\"id\":\"\",\"class\":\"\",\"title\":\"\",\"alt\":\"\",\"rel\":\"\",\"style\":\"cursor:pointer;\",\"subtitle\":\"Shop\",\"hasTransforms\":false,\"meta\":[],\"innerAttributes\":[],\"outerAttributes\":[],\"uuid\":\"783ed1ac-1137-4982-972d-efcb5eb8d369\",\"imageThumb\":\"\",\"skip\":false}],\"meta\":{\"activeLayers\":[8],\"undoStackIndex\":-1},\"history\":[]},{\"properties\":{\"post_offset\":\"-1\",\"3d_transitions\":\"\",\"2d_transitions\":\"5\",\"custom_3d_transitions\":\"\",\"custom_2d_transitions\":\"\",\"backgroundId\":6024,\"background\":\"http:\\/\\/testsite.wildrivertech.com\\/wp-content\\/uploads\\/layerslider\\/projects\\/Simple-Fullscreen-Slider\\/fullscreen-bg-2.jpg\",\"bgsize\":\"inherit\",\"bgposition\":\"inherit\",\"bgcolor\":\"\",\"thumbnailId\":\"\",\"thumbnail\":\"\",\"slidedelay\":\"5000\",\"timeshift\":\"0\",\"transitionduration\":\"1500\",\"layer_link\":\"\",\"linkId\":\"\",\"linkName\":\"\",\"linkType\":\"\",\"layer_link_target\":\"_self\",\"layer_link_type\":\"over\",\"deeplink\":\"\",\"globalhover\":false,\"overflow\":false,\"kenburnszoom\":\"in\",\"kenburnsscale\":\"1.05\",\"kenburnsrotate\":\"0\",\"parallaxtype\":\"2d\",\"parallaxevent\":\"cursor\",\"parallaxaxis\":\"both\",\"parallaxtransformorigin\":\"50% 50% 0\",\"parallaxdurationmove\":\"1500\",\"parallaxdurationleave\":\"1200\",\"parallaxdistance\":\"10\",\"parallaxrotate\":\"10\",\"parallaxtransformperspective\":\"500\",\"skip\":false,\"schedule_start\":\"\",\"schedule_end\":\"\",\"title\":\"\",\"alt\":\"\",\"backgroundThumb\":\"\\/wp-content\\/uploads\\/layerslider\\/Simple-fullscreen-slider\\/fullscreen-bg-2-300x169.jpg\",\"post_content\":false,\"customProperties\":[]},\"sublayers\":[],\"meta\":[],\"history\":[]},{\"properties\":{\"post_offset\":\"-1\",\"3d_transitions\":\"\",\"2d_transitions\":\"5\",\"custom_3d_transitions\":\"\",\"custom_2d_transitions\":\"\",\"backgroundId\":6025,\"background\":\"http:\\/\\/testsite.wildrivertech.com\\/wp-content\\/uploads\\/layerslider\\/projects\\/Simple-Fullscreen-Slider\\/fullscreen-bg-3.jpg\",\"bgsize\":\"inherit\",\"bgposition\":\"inherit\",\"bgcolor\":\"\",\"thumbnailId\":\"\",\"thumbnail\":\"\",\"slidedelay\":\"5000\",\"timeshift\":\"0\",\"transitionduration\":\"1500\",\"layer_link\":\"\",\"linkId\":\"\",\"linkName\":\"\",\"linkType\":\"\",\"layer_link_target\":\"_self\",\"layer_link_type\":\"over\",\"deeplink\":\"\",\"globalhover\":false,\"overflow\":false,\"kenburnszoom\":\"in\",\"kenburnsscale\":\"1.05\",\"kenburnsrotate\":\"0\",\"parallaxtype\":\"2d\",\"parallaxevent\":\"cursor\",\"parallaxaxis\":\"both\",\"parallaxtransformorigin\":\"50% 50% 0\",\"parallaxdurationmove\":\"1500\",\"parallaxdurationleave\":\"1200\",\"parallaxdistance\":\"10\",\"parallaxrotate\":\"10\",\"parallaxtransformperspective\":\"500\",\"skip\":false,\"schedule_start\":\"\",\"schedule_end\":\"\",\"title\":\"Slide #3\",\"alt\":\"\",\"backgroundThumb\":\"\\/wp-content\\/uploads\\/layerslider\\/Simple-fullscreen-slider\\/fullscreen-bg-3-300x188.jpg\",\"post_content\":false,\"uuid\":\"6fb4e68a-6991-44f7-870b-83ce063e5113\",\"customProperties\":[]},\"sublayers\":[],\"meta\":[],\"history\":[]}],\"googlefonts\":[{\"param\":\"Montserrat\"},{\"param\":\"Playfair Display\"}]}',1649323000,1649323000,0,0,0,0,0,0,0);

--
