-- Table structure for table `sidesi5_wc_category_lookup`
--

CREATE TABLE `sidesi5_wc_category_lookup` (
  `category_tree_id` bigint(20) unsigned NOT NULL,
  `category_id` bigint(20) unsigned NOT NULL,
  PRIMARY KEY (`category_tree_id`,`category_id`)
) ENGINE=MyISAM DEFAULT CHARSET=utf8mb4 COLLATE=utf8mb4_unicode_520_ci;

--
-- Dumping data for table `sidesi5_wc_category_lookup`
--

INSERT INTO `sidesi5_wc_category_lookup` VALUES (157,157),(157,166),(161,161),(166,166),(167,167),(167,168),(167,169),(168,168),(169,169),(170,170),(170,171),(171,171),(172,172),(172,173),(172,174),(173,173),(174,174),(177,177);

--
-- Table structure for table `sidesi5_wc_customer_lookup`
--

CREATE TABLE `sidesi5_wc_customer_lookup` (
  `customer_id` bigint(20) unsigned NOT NULL AUTO_INCREMENT,
  `user_id` bigint(20) unsigned DEFAULT NULL,
  `username` varchar(60) COLLATE utf8mb4_unicode_520_ci NOT NULL DEFAULT '',
  `first_name` varchar(255) COLLATE utf8mb4_unicode_520_ci NOT NULL,
  `last_name` varchar(255) COLLATE utf8mb4_unicode_520_ci NOT NULL,
  `email` varchar(100) COLLATE utf8mb4_unicode_520_ci DEFAULT NULL,
  `date_last_active` timestamp NULL DEFAULT NULL,
  `date_registered` timestamp NULL DEFAULT NULL,
  `country` char(2) COLLATE utf8mb4_unicode_520_ci NOT NULL DEFAULT '',
  `postcode` varchar(20) COLLATE utf8mb4_unicode_520_ci NOT NULL DEFAULT '',
  `city` varchar(100) COLLATE utf8mb4_unicode_520_ci NOT NULL DEFAULT '',
  `state` varchar(100) COLLATE utf8mb4_unicode_520_ci NOT NULL DEFAULT '',
  PRIMARY KEY (`customer_id`),
  UNIQUE KEY `user_id` (`user_id`),
  KEY `email` (`email`)
) ENGINE=MyISAM AUTO_INCREMENT=20 DEFAULT CHARSET=utf8mb4 COLLATE=utf8mb4_unicode_520_ci;

--
-- Dumping data for table `sidesi5_wc_customer_lookup`
--

INSERT INTO `sidesi5_wc_customer_lookup` VALUES (12,NULL,'','','','','2023-07-18 02:07:16',NULL,'','','',''),(13,NULL,'','','','','2023-10-23 10:23:02',NULL,'','','',''),(14,NULL,'','','','','2023-11-10 10:18:55',NULL,'','','',''),(15,NULL,'','','','','2023-11-13 07:17:35',NULL,'','','',''),(16,NULL,'','','','','2023-11-28 19:04:55',NULL,'','','',''),(17,NULL,'','','','','2023-12-23 21:59:04',NULL,'','','',''),(18,NULL,'','','','','2024-01-03 02:38:54',NULL,'','','',''),(19,NULL,'','','','','2024-01-05 00:13:02',NULL,'','','','');

--
-- Table structure for table `sidesi5_wc_download_log`
--

CREATE TABLE `sidesi5_wc_download_log` (
  `download_log_id` bigint(20) unsigned NOT NULL AUTO_INCREMENT,
  `timestamp` datetime NOT NULL,
  `permission_id` bigint(20) unsigned NOT NULL,
  `user_id` bigint(20) unsigned DEFAULT NULL,
  `user_ip_address` varchar(100) COLLATE utf8mb4_unicode_520_ci DEFAULT '',
  PRIMARY KEY (`download_log_id`),
  KEY `permission_id` (`permission_id`),
  KEY `timestamp` (`timestamp`)
) ENGINE=MyISAM DEFAULT CHARSET=utf8mb4 COLLATE=utf8mb4_unicode_520_ci;

--
-- Dumping data for table `sidesi5_wc_download_log`
--


--
-- Table structure for table `sidesi5_wc_order_addresses`
--

CREATE TABLE `sidesi5_wc_order_addresses` (
  `id` bigint(20) unsigned NOT NULL AUTO_INCREMENT,
  `order_id` bigint(20) unsigned NOT NULL,
  `address_type` varchar(20) COLLATE utf8mb4_unicode_520_ci DEFAULT NULL,
  `first_name` text COLLATE utf8mb4_unicode_520_ci,
  `last_name` text COLLATE utf8mb4_unicode_520_ci,
  `company` text COLLATE utf8mb4_unicode_520_ci,
  `address_1` text COLLATE utf8mb4_unicode_520_ci,
  `address_2` text COLLATE utf8mb4_unicode_520_ci,
  `city` text COLLATE utf8mb4_unicode_520_ci,
  `state` text COLLATE utf8mb4_unicode_520_ci,
  `postcode` text COLLATE utf8mb4_unicode_520_ci,
  `country` text COLLATE utf8mb4_unicode_520_ci,
  `email` varchar(320) COLLATE utf8mb4_unicode_520_ci DEFAULT NULL,
  `phone` varchar(100) COLLATE utf8mb4_unicode_520_ci DEFAULT NULL,
  PRIMARY KEY (`id`),
  UNIQUE KEY `address_type_order_id` (`address_type`,`order_id`),
  KEY `order_id` (`order_id`),
  KEY `email` (`email`(250)),
  KEY `phone` (`phone`)
) ENGINE=MyISAM DEFAULT CHARSET=utf8mb4 COLLATE=utf8mb4_unicode_520_ci;

--
-- Dumping data for table `sidesi5_wc_order_addresses`
--


--
-- Table structure for table `sidesi5_wc_order_coupon_lookup`
--

CREATE TABLE `sidesi5_wc_order_coupon_lookup` (
  `order_id` bigint(20) unsigned NOT NULL,
  `coupon_id` bigint(20) NOT NULL,
  `date_created` datetime NOT NULL DEFAULT '0000-00-00 00:00:00',
  `discount_amount` double NOT NULL DEFAULT '0',
  PRIMARY KEY (`order_id`,`coupon_id`),
  KEY `coupon_id` (`coupon_id`),
  KEY `date_created` (`date_created`)
) ENGINE=MyISAM DEFAULT CHARSET=utf8mb4 COLLATE=utf8mb4_unicode_520_ci;

--
-- Dumping data for table `sidesi5_wc_order_coupon_lookup`
--


--
-- Table structure for table `sidesi5_wc_order_operational_data`
--

CREATE TABLE `sidesi5_wc_order_operational_data` (
  `id` bigint(20) unsigned NOT NULL AUTO_INCREMENT,
  `order_id` bigint(20) unsigned DEFAULT NULL,
  `created_via` varchar(100) COLLATE utf8mb4_unicode_520_ci DEFAULT NULL,
  `woocommerce_version` varchar(20) COLLATE utf8mb4_unicode_520_ci DEFAULT NULL,
  `prices_include_tax` tinyint(1) DEFAULT NULL,
  `coupon_usages_are_counted` tinyint(1) DEFAULT NULL,
  `download_permission_granted` tinyint(1) DEFAULT NULL,
  `cart_hash` varchar(100) COLLATE utf8mb4_unicode_520_ci DEFAULT NULL,
  `new_order_email_sent` tinyint(1) DEFAULT NULL,
  `order_key` varchar(100) COLLATE utf8mb4_unicode_520_ci DEFAULT NULL,
  `order_stock_reduced` tinyint(1) DEFAULT NULL,
  `date_paid_gmt` datetime DEFAULT NULL,
  `date_completed_gmt` datetime DEFAULT NULL,
  `shipping_tax_amount` decimal(26,8) DEFAULT NULL,
  `shipping_total_amount` decimal(26,8) DEFAULT NULL,
  `discount_tax_amount` decimal(26,8) DEFAULT NULL,
  `discount_total_amount` decimal(26,8) DEFAULT NULL,
  `recorded_sales` tinyint(1) DEFAULT NULL,
  PRIMARY KEY (`id`),
  UNIQUE KEY `order_id` (`order_id`),
  KEY `order_key` (`order_key`)
) ENGINE=MyISAM DEFAULT CHARSET=utf8mb4 COLLATE=utf8mb4_unicode_520_ci;

--
-- Dumping data for table `sidesi5_wc_order_operational_data`
--


--
-- Table structure for table `sidesi5_wc_order_product_lookup`
--

CREATE TABLE `sidesi5_wc_order_product_lookup` (
  `order_item_id` bigint(20) unsigned NOT NULL,
  `order_id` bigint(20) unsigned NOT NULL,
  `product_id` bigint(20) unsigned NOT NULL,
  `variation_id` bigint(20) unsigned NOT NULL,
  `customer_id` bigint(20) unsigned DEFAULT NULL,
  `date_created` datetime NOT NULL DEFAULT '0000-00-00 00:00:00',
  `product_qty` int(11) NOT NULL,
  `product_net_revenue` double NOT NULL DEFAULT '0',
  `product_gross_revenue` double NOT NULL DEFAULT '0',
  `coupon_amount` double NOT NULL DEFAULT '0',
  `tax_amount` double NOT NULL DEFAULT '0',
  `shipping_amount` double NOT NULL DEFAULT '0',
  `shipping_tax_amount` double NOT NULL DEFAULT '0',
  PRIMARY KEY (`order_item_id`),
  KEY `order_id` (`order_id`),
  KEY `product_id` (`product_id`),
  KEY `customer_id` (`customer_id`),
  KEY `date_created` (`date_created`)
) ENGINE=MyISAM DEFAULT CHARSET=utf8mb4 COLLATE=utf8mb4_unicode_520_ci;

--
-- Dumping data for table `sidesi5_wc_order_product_lookup`
--

INSERT INTO `sidesi5_wc_order_product_lookup` VALUES (11,7170,6808,6810,12,'2023-07-17 14:07:16',1,15256,15256,0,0,0,0),(12,7170,6592,6598,12,'2023-07-17 14:07:16',2,1087.78,1087.78,0,0,0,0),(13,7316,7240,7243,13,'2023-10-22 22:23:02',1,21460,21460,0,0,0,0),(14,7348,6507,0,14,'2023-11-09 21:18:55',1,29800,29800,0,0,0,0),(15,7348,6798,0,14,'2023-11-09 21:18:55',1,500,500,0,0,0,0),(16,7349,6507,0,15,'2023-11-12 18:17:35',1,29800,29800,0,0,0,0),(17,7349,6798,0,15,'2023-11-12 18:17:35',1,500,500,0,0,0,0),(18,7350,6808,6811,16,'2023-11-28 06:04:55',1,20960,20960,0,0,0,0),(19,7350,6789,0,16,'2023-11-28 06:04:55',1,350,350,0,0,0,0),(20,7350,6609,6614,16,'2023-11-28 06:04:55',2,2418.12,2418.12,0,0,0,0),(21,7351,6803,0,17,'2023-12-23 08:59:04',1,26915,26915,0,0,0,0),(22,7351,6792,0,17,'2023-12-23 08:59:04',1,500,500,0,0,0,0),(23,7351,6808,6810,17,'2023-12-23 08:59:04',1,19070,19070,0,0,0,0),(24,7352,6507,0,18,'2024-01-02 13:38:54',1,29800,29800,0,0,0,0),(25,7353,6507,0,19,'2024-01-04 11:13:02',1,29800,29800,0,0,0,0);

--
-- Table structure for table `sidesi5_wc_order_stats`
--

CREATE TABLE `sidesi5_wc_order_stats` (
  `order_id` bigint(20) unsigned NOT NULL,
  `parent_id` bigint(20) unsigned NOT NULL DEFAULT '0',
  `date_created` datetime NOT NULL DEFAULT '0000-00-00 00:00:00',
  `date_created_gmt` datetime NOT NULL DEFAULT '0000-00-00 00:00:00',
  `num_items_sold` int(11) NOT NULL DEFAULT '0',
  `total_sales` double NOT NULL DEFAULT '0',
  `tax_total` double NOT NULL DEFAULT '0',
  `shipping_total` double NOT NULL DEFAULT '0',
  `net_total` double NOT NULL DEFAULT '0',
  `returning_customer` tinyint(1) DEFAULT NULL,
  `status` varchar(200) COLLATE utf8mb4_unicode_520_ci NOT NULL,
  `customer_id` bigint(20) unsigned NOT NULL,
  `date_paid` datetime DEFAULT '0000-00-00 00:00:00',
  `date_completed` datetime DEFAULT '0000-00-00 00:00:00',
  PRIMARY KEY (`order_id`),
  KEY `date_created` (`date_created`),
  KEY `customer_id` (`customer_id`),
  KEY `status` (`status`(191))
) ENGINE=MyISAM DEFAULT CHARSET=utf8mb4 COLLATE=utf8mb4_unicode_520_ci;

--
-- Dumping data for table `sidesi5_wc_order_stats`
--

INSERT INTO `sidesi5_wc_order_stats` VALUES (7170,0,'2023-07-17 14:07:16','2023-07-17 22:07:16',3,16343.78,0,0,16343.78,0,'wc-ywraq-expired',12,NULL,NULL),(7316,0,'2023-10-22 22:23:02','2023-10-23 06:23:02',1,21460,0,0,21460,0,'wc-ywraq-new',13,NULL,NULL),(7348,0,'2023-11-09 21:18:55','2023-11-10 05:18:55',2,30300,0,0,30300,0,'wc-ywraq-new',14,NULL,NULL),(7349,0,'2023-11-12 18:17:35','2023-11-13 02:17:35',2,30300,0,0,30300,0,'wc-ywraq-new',15,NULL,NULL),(7350,0,'2023-11-28 06:04:55','2023-11-28 14:04:55',4,23728.12,0,0,23728.12,0,'wc-ywraq-new',16,NULL,NULL),(7351,0,'2023-12-23 08:59:04','2023-12-23 16:59:04',3,46485,0,0,46485,0,'wc-ywraq-new',17,NULL,NULL),(7352,0,'2024-01-02 13:38:54','2024-01-02 21:38:54',1,29800,0,0,29800,0,'wc-ywraq-new',18,NULL,NULL),(7353,0,'2024-01-04 11:13:02','2024-01-04 19:13:02',1,29800,0,0,29800,0,'wc-ywraq-new',19,NULL,NULL);

--
-- Table structure for table `sidesi5_wc_order_tax_lookup`
--

CREATE TABLE `sidesi5_wc_order_tax_lookup` (
  `order_id` bigint(20) unsigned NOT NULL,
  `tax_rate_id` bigint(20) unsigned NOT NULL,
  `date_created` datetime NOT NULL DEFAULT '0000-00-00 00:00:00',
  `shipping_tax` double NOT NULL DEFAULT '0',
  `order_tax` double NOT NULL DEFAULT '0',
  `total_tax` double NOT NULL DEFAULT '0',
  PRIMARY KEY (`order_id`,`tax_rate_id`),
  KEY `tax_rate_id` (`tax_rate_id`),
  KEY `date_created` (`date_created`)
) ENGINE=MyISAM DEFAULT CHARSET=utf8mb4 COLLATE=utf8mb4_unicode_520_ci;

--
-- Dumping data for table `sidesi5_wc_order_tax_lookup`
--


--
-- Table structure for table `sidesi5_wc_product_attributes_lookup`
--

CREATE TABLE `sidesi5_wc_product_attributes_lookup` (
  `product_id` bigint(20) NOT NULL,
  `product_or_parent_id` bigint(20) NOT NULL,
  `taxonomy` varchar(32) COLLATE utf8mb4_unicode_520_ci NOT NULL,
  `term_id` bigint(20) NOT NULL,
  `is_variation_attribute` tinyint(1) NOT NULL,
  `in_stock` tinyint(1) NOT NULL,
  PRIMARY KEY (`product_or_parent_id`,`term_id`,`product_id`,`taxonomy`),
  KEY `is_variation_attribute_term_id` (`is_variation_attribute`,`term_id`)
) ENGINE=MyISAM DEFAULT CHARSET=utf8mb4 COLLATE=utf8mb4_unicode_520_ci;

--
-- Dumping data for table `sidesi5_wc_product_attributes_lookup`
--


--
-- Table structure for table `sidesi5_wc_product_download_directories`
--

CREATE TABLE `sidesi5_wc_product_download_directories` (
  `url_id` bigint(20) unsigned NOT NULL AUTO_INCREMENT,
  `url` varchar(256) COLLATE utf8mb4_unicode_520_ci NOT NULL,
  `enabled` tinyint(1) NOT NULL DEFAULT '0',
  PRIMARY KEY (`url_id`),
  KEY `url` (`url`(191))
) ENGINE=MyISAM AUTO_INCREMENT=3 DEFAULT CHARSET=utf8mb4 COLLATE=utf8mb4_unicode_520_ci;

--
-- Dumping data for table `sidesi5_wc_product_download_directories`
--

INSERT INTO `sidesi5_wc_product_download_directories` VALUES (1,'file:///home/sidesi5/public_html/testsite/wp-content/uploads/woocommerce_uploads/',1),(2,'http://testsite.wildrivertech.com/wp-content/uploads/woocommerce_uploads/',1);

--
-- Table structure for table `sidesi5_wc_product_meta_lookup`
--

CREATE TABLE `sidesi5_wc_product_meta_lookup` (
  `product_id` bigint(20) NOT NULL,
  `sku` varchar(100) COLLATE utf8mb4_unicode_520_ci DEFAULT '',
  `virtual` tinyint(1) DEFAULT '0',
  `downloadable` tinyint(1) DEFAULT '0',
  `min_price` decimal(19,4) DEFAULT NULL,
  `max_price` decimal(19,4) DEFAULT NULL,
  `onsale` tinyint(1) DEFAULT '0',
  `stock_quantity` double DEFAULT NULL,
  `stock_status` varchar(100) COLLATE utf8mb4_unicode_520_ci DEFAULT 'instock',
  `rating_count` bigint(20) DEFAULT '0',
  `average_rating` decimal(3,2) DEFAULT '0.00',
  `total_sales` bigint(20) DEFAULT '0',
  `tax_status` varchar(100) COLLATE utf8mb4_unicode_520_ci DEFAULT 'taxable',
  `tax_class` varchar(100) COLLATE utf8mb4_unicode_520_ci DEFAULT '',
  PRIMARY KEY (`product_id`),
  KEY `virtual` (`virtual`),
  KEY `downloadable` (`downloadable`),
  KEY `stock_status` (`stock_status`),
  KEY `stock_quantity` (`stock_quantity`),
  KEY `onsale` (`onsale`),
  KEY `min_max_price` (`min_price`,`max_price`)
) ENGINE=MyISAM DEFAULT CHARSET=utf8mb4 COLLATE=utf8mb4_unicode_520_ci;

--
-- Dumping data for table `sidesi5_wc_product_meta_lookup`
--

INSERT INTO `sidesi5_wc_product_meta_lookup` VALUES (6130,'',0,0,0.0000,0.0000,0,NULL,'instock',0,0.00,0,'taxable',''),(6128,'',0,0,1.0000,1.0000,1,NULL,'instock',0,0.00,0,'taxable',''),(5284,'',0,0,12000.0000,12000.0000,0,NULL,'instock',0,0.00,0,'taxable',''),(6507,'',0,0,29800.0000,29800.0000,0,NULL,'instock',0,0.00,0,'taxable',''),(6531,'',0,0,20015.0000,20515.0000,0,NULL,'instock',0,0.00,0,'taxable',''),(6536,'922-0004-00',0,0,20515.0000,20515.0000,0,NULL,'instock',0,0.00,0,'taxable','parent'),(6537,'922-0003-00',0,0,20015.0000,20015.0000,0,NULL,'instock',0,0.00,0,'taxable','parent'),(6538,'922-0002-00',0,0,20515.0000,20515.0000,0,NULL,'instock',0,0.00,0,'taxable','parent'),(6539,'922-0001-00',0,0,20015.0000,20015.0000,0,NULL,'instock',0,0.00,0,'taxable','parent'),(6592,'',0,0,518.8100,594.0500,0,NULL,'instock',0,0.00,0,'taxable',''),(6593,'501-36P0-01',0,0,568.9700,568.9700,0,NULL,'instock',0,0.00,0,'taxable','parent'),(6594,'501-42P0-01',0,0,581.5100,581.5100,0,NULL,'instock',0,0.00,0,'taxable','parent'),(6595,'501-48P0-01',0,0,594.0500,594.0500,0,NULL,'instock',0,0.00,0,'taxable','parent'),(6596,'501-12P0-01',0,0,518.8100,518.8100,0,NULL,'instock',0,0.00,0,'taxable','parent'),(6597,'501-18P0-01',0,0,531.3500,531.3500,0,NULL,'instock',0,0.00,0,'taxable','parent'),(6598,'501-24P0-01',0,0,543.8900,543.8900,0,NULL,'instock',0,0.00,0,'taxable','parent'),(6599,'501-30P0-01',0,0,556.4300,556.4300,0,NULL,'instock',0,0.00,0,'taxable','parent'),(6601,'',0,0,861.2500,892.9300,0,NULL,'instock',0,0.00,0,'taxable',''),(6602,'501-12P0-02',0,0,861.2500,861.2500,0,NULL,'instock',0,0.00,0,'taxable','parent'),(6603,'501-18P0-02',0,0,866.5300,866.5300,0,NULL,'instock',0,0.00,0,'taxable','parent'),(6604,'501-24P0-02',0,0,871.8100,871.8100,0,NULL,'instock',0,0.00,0,'taxable','parent'),(6605,'501-30P0-02',0,0,877.0900,877.0900,0,NULL,'instock',0,0.00,0,'taxable','parent'),(6606,'501-36P0-02',0,0,882.3700,882.3700,0,NULL,'instock',0,0.00,0,'taxable','parent'),(6607,'501-42P0-02',0,0,887.6500,887.6500,0,NULL,'instock',0,0.00,0,'taxable','parent'),(6608,'501-48P0-02',0,0,892.9300,892.9300,0,NULL,'instock',0,0.00,0,'taxable','parent'),(6609,'',0,0,1187.9400,1219.6200,0,NULL,'instock',0,0.00,0,'taxable',''),(6610,'501-12P0-07',0,0,1187.9400,1187.9400,0,NULL,'instock',0,0.00,0,'taxable','parent'),(6611,'501-18P0-07',0,0,1193.2200,1193.2200,0,NULL,'instock',0,0.00,0,'taxable','parent'),(6612,'501-24P0-07',0,0,1198.5000,1198.5000,0,NULL,'instock',0,0.00,0,'taxable','parent'),(6613,'501-30P0-07',0,0,1203.7800,1203.7800,0,NULL,'instock',0,0.00,0,'taxable','parent'),(6614,'501-36P0-07',0,0,1209.0600,1209.0600,0,NULL,'instock',0,0.00,0,'taxable','parent'),(6615,'501-42P0-07',0,0,1214.3400,1214.3400,0,NULL,'instock',0,0.00,0,'taxable','parent'),(6616,'501-04P0-07',0,0,1219.6200,1219.6200,0,NULL,'instock',0,0.00,0,'taxable','parent'),(6658,'',0,0,1736.3200,4474.4900,0,NULL,'instock',0,0.00,0,'taxable',''),(6672,'501-24P5-05',0,0,1799.0200,1799.0200,0,NULL,'instock',0,0.00,0,'taxable','parent'),(6671,'501-24P0-06',0,0,2943.2300,2943.2300,0,NULL,'instock',0,0.00,0,'taxable','parent'),(6667,'501-12P0-06',0,0,2876.1500,2876.1500,0,NULL,'instock',0,0.00,0,'taxable','parent'),(6668,'501-12P5-05',0,0,1773.9400,1773.9400,0,NULL,'instock',0,0.00,0,'taxable','parent'),(6669,'501-18P0-06',0,0,2909.6900,2909.6900,0,NULL,'instock',0,0.00,0,'taxable','parent'),(6670,'501-24P0-05',0,0,1786.4800,1786.4800,0,NULL,'instock',0,0.00,0,'taxable','parent'),(6666,'501-12P0-05',0,0,1761.0400,1761.0400,0,NULL,'instock',0,0.00,0,'taxable','parent'),(6673,'501-30P0-06',0,0,2976.7700,2976.7700,0,NULL,'instock',0,0.00,0,'taxable','parent'),(6674,'501-36P0-05',0,0,1736.3200,1736.3200,0,NULL,'instock',0,0.00,0,'taxable','parent'),(6675,'501-36P0-06',0,0,3010.3100,3010.3100,0,NULL,'instock',0,0.00,0,'taxable','parent'),(6676,'501-42P0-05',0,0,1899.3400,1899.3400,0,NULL,'instock',0,0.00,0,'taxable','parent'),(6677,'501-42P0-06',0,0,3043.8500,3043.8500,0,NULL,'instock',0,0.00,0,'taxable','parent'),(6678,'501-48P0-05',0,0,1836.6400,1836.6400,0,NULL,'instock',0,0.00,0,'taxable','parent'),(6679,'501-48P0-06',0,0,3077.3900,3077.3900,0,NULL,'instock',0,0.00,0,'taxable','parent'),(6684,'',0,0,861.2500,892.9300,0,NULL,'instock',0,0.00,0,'taxable',''),(6685,'501-12P0-04',0,0,861.2500,861.2500,0,NULL,'instock',0,0.00,0,'taxable','parent'),(6686,'501-18P0-04',0,0,866.5300,866.5300,0,NULL,'instock',0,0.00,0,'taxable','parent'),(6687,'501-24P0-04',0,0,871.8100,871.8100,0,NULL,'instock',0,0.00,0,'taxable','parent'),(6688,'501-30P0-04',0,0,877.0900,877.0900,0,NULL,'instock',0,0.00,0,'taxable','parent'),(6689,'501-36P0-04',0,0,882.3700,882.3700,0,NULL,'instock',0,0.00,0,'taxable','parent'),(6690,'501-42P0-04',0,0,887.6500,887.6500,0,NULL,'instock',0,0.00,0,'taxable','parent'),(6691,'501-04P0-04',0,0,892.9300,892.9300,0,NULL,'instock',0,0.00,0,'taxable','parent'),(6694,'',0,0,2411.7300,5026.9900,0,NULL,'instock',0,0.00,0,'taxable',''),(6695,'501-12P0-08',0,0,2411.7300,2411.7300,0,NULL,'instock',0,0.00,0,'taxable','parent'),(6696,'501-12P0-09',0,0,3529.2700,3529.2700,0,NULL,'instock',0,0.00,0,'taxable','parent'),(6697,'501-12P5-08',0,0,2422.3500,2422.3500,0,NULL,'instock',0,0.00,0,'taxable','parent'),(6698,'501-18P0-09',0,0,3562.8100,3562.8100,0,NULL,'instock',0,0.00,0,'taxable','parent'),(6699,'501-24P0-08',0,0,2432.9700,2432.9700,0,NULL,'instock',0,0.00,0,'taxable','parent'),(6700,'501-24P0-09',0,0,3596.3500,3596.3500,0,NULL,'instock',0,0.00,0,'taxable','parent'),(6701,'501-24P5-08',0,0,2443.5900,2443.5900,0,NULL,'instock',0,0.00,0,'taxable','parent'),(6702,'501-30P0-09',0,0,3629.8900,3629.8900,0,NULL,'instock',0,0.00,0,'taxable','parent'),(6703,'501-36P0-08',0,0,2454.2100,2454.2100,0,NULL,'instock',0,0.00,0,'taxable','parent'),(6704,'501-36P0-09',0,0,3663.4300,3663.4300,0,NULL,'instock',0,0.00,0,'taxable','parent'),(6705,'501-36P5-10',0,0,4959.9100,4959.9100,0,NULL,'instock',0,0.00,0,'taxable','parent'),(6706,'501-36P5-09',0,0,3696.9700,3696.9700,0,NULL,'instock',0,0.00,0,'taxable','parent'),(6707,'501-48P0-08',0,0,2475.4500,2475.4500,0,NULL,'instock',0,0.00,0,'taxable','parent'),(6708,'501-48P0-09',0,0,3730.5100,3730.5100,0,NULL,'instock',0,0.00,0,'taxable','parent'),(6731,'',0,0,1073.3900,4553.9400,0,NULL,'instock',0,0.00,0,'taxable',''),(6732,'501-12P0-05-1',0,0,1073.3900,1073.3900,0,NULL,'instock',0,0.00,0,'taxable','parent'),(6733,'501-12P0-06-1',0,0,3056.5800,3056.5800,0,NULL,'instock',0,0.00,0,'taxable','parent'),(6734,'501-18P0-05',0,0,1098.4700,1098.4700,0,NULL,'instock',0,0.00,0,'taxable','parent'),(6735,'501-12P5-06-1',0,0,3090.0600,3090.0600,0,NULL,'instock',0,0.00,0,'taxable','parent'),(6736,'501-24P0-05-1',0,0,1123.5500,1123.5500,0,NULL,'instock',0,0.00,0,'taxable','parent'),(6737,'501-24P0-06-1',0,0,3123.5400,3123.5400,0,NULL,'instock',0,0.00,0,'taxable','parent'),(6738,'501-30P0-05',0,0,1148.6300,1148.6300,0,NULL,'instock',0,0.00,0,'taxable','parent'),(6739,'501-24P5-06-1',0,0,3157.0200,3157.0200,0,NULL,'instock',0,0.00,0,'taxable','parent'),(6740,'501-36P0-05-1',0,0,1173.7100,1173.7100,0,NULL,'instock',0,0.00,0,'taxable','parent'),(6741,'501-36P0-06-1',0,0,3190.5000,3190.5000,0,NULL,'instock',0,0.00,0,'taxable','parent'),(6742,'501-36P5-05-1',0,0,4486.9800,4486.9800,0,NULL,'instock',0,0.00,0,'taxable','parent'),(6743,'501-36P5-06-1',0,0,3223.9800,3223.9800,0,NULL,'instock',0,0.00,0,'taxable','parent'),(6744,'501-48P0-05-1',0,0,1399.4300,1399.4300,0,NULL,'instock',0,0.00,0,'taxable','parent'),(6745,'501-48P0-07',0,0,3257.4600,3257.4600,0,NULL,'instock',0,0.00,0,'taxable','parent'),(6768,'801-2450-00',0,0,350.0000,350.0000,0,NULL,'instock',0,0.00,0,'taxable',''),(6792,'801-1555-00',0,0,500.0000,500.0000,0,NULL,'instock',0,0.00,0,'taxable',''),(6798,'801-1605-00',0,0,500.0000,500.0000,0,NULL,'instock',0,0.00,0,'taxable',''),(6803,'',0,0,26915.0000,26915.0000,0,NULL,'instock',0,0.00,0,'taxable',''),(6808,'',0,0,19070.0000,20960.0000,0,NULL,'instock',0,0.00,0,'taxable',''),(6810,'922-0001-00',0,0,19070.0000,19070.0000,0,NULL,'instock',0,0.00,0,'taxable','parent'),(6811,'922-0002-00',0,0,20960.0000,20960.0000,0,NULL,'instock',0,0.00,0,'taxable','parent'),(6812,'',0,0,17250.0000,21460.0000,0,NULL,'instock',0,0.00,0,'taxable',''),(6813,'922-0001-00-1',0,0,19440.0000,19440.0000,0,NULL,'instock',0,0.00,0,'taxable','parent'),(6814,'922-0002-00-1',0,0,21460.0000,21460.0000,0,NULL,'instock',0,0.00,0,'taxable','parent'),(6816,'',0,0,17250.0000,17250.0000,0,NULL,'instock',0,0.00,0,'taxable','parent'),(6817,'',0,0,17740.0000,18610.0000,0,NULL,'instock',0,0.00,0,'taxable',''),(6818,'',0,0,17740.0000,17740.0000,0,NULL,'instock',0,0.00,0,'taxable','parent'),(6819,'922-0001-00-1-1',0,0,17850.0000,17850.0000,0,NULL,'instock',0,0.00,0,'taxable','parent'),(6820,'922-0002-00-1-1',0,0,18610.0000,18610.0000,0,NULL,'instock',0,0.00,0,'taxable','parent'),(6789,'801-2700-00',0,0,350.0000,350.0000,0,NULL,'instock',0,0.00,0,'taxable',''),(6891,'',0,0,4353.0600,4353.0600,0,NULL,'instock',0,0.00,0,'taxable','parent'),(6892,'',0,0,4386.5400,4386.5400,0,NULL,'instock',0,0.00,0,'taxable','parent'),(6893,'',0,0,4420.0200,4420.0200,0,NULL,'instock',0,0.00,0,'taxable','parent'),(6894,'',0,0,4453.5000,4453.5000,0,NULL,'instock',0,0.00,0,'taxable','parent'),(6898,'',0,0,1198.7900,1198.7900,0,NULL,'instock',0,0.00,0,'taxable','parent'),(6899,'',0,0,4520.4600,4520.4600,0,NULL,'instock',0,0.00,0,'taxable','parent'),(6900,'',0,0,4553.9400,4553.9400,0,NULL,'instock',0,0.00,0,'taxable','parent'),(6901,'501-12P0-10',0,0,4825.7500,4825.7500,0,NULL,'instock',0,0.00,0,'taxable','parent'),(6902,'501-18P0-10',0,0,4859.2900,4859.2900,0,NULL,'instock',0,0.00,0,'taxable','parent'),(6903,'501-24P0-10',0,0,4892.8300,4892.8300,0,NULL,'instock',0,0.00,0,'taxable','parent'),(6904,'501-30P0-10',0,0,4926.3700,4926.3700,0,NULL,'instock',0,0.00,0,'taxable','parent'),(6905,'501-42P0-10',0,0,5026.9900,5026.9900,0,NULL,'instock',0,0.00,0,'taxable','parent'),(6908,'501-42P0-09',0,0,2464.8300,2464.8300,0,NULL,'instock',0,0.00,0,'taxable','parent'),(6909,'501-48P0-10',0,0,5026.9900,5026.9900,0,NULL,'instock',0,0.00,0,'taxable','parent'),(6911,'501-12P0-11',0,0,4172.6300,4172.6300,0,NULL,'instock',0,0.00,0,'taxable','parent'),(6912,'501-18P0-11',0,0,4206.1700,4206.1700,0,NULL,'instock',0,0.00,0,'taxable','parent'),(6913,'501-24P0-11',0,0,4239.7100,4239.7100,0,NULL,'instock',0,0.00,0,'taxable','parent'),(6914,'501-30P0-11',0,0,4105.5500,4105.5500,0,NULL,'instock',0,0.00,0,'taxable','parent'),(6915,'501-36P0-11',0,0,4474.4900,4474.4900,0,NULL,'instock',0,0.00,0,'taxable','parent'),(6916,'501-42P0-11',0,0,4340.3300,4340.3300,0,NULL,'instock',0,0.00,0,'taxable','parent'),(6917,'501-48P0-11',0,0,4373.8700,4373.8700,0,NULL,'instock',0,0.00,0,'taxable','parent'),(7240,'',0,0,17250.0000,21460.0000,0,NULL,'instock',0,0.00,0,'taxable',''),(7241,'',0,0,17250.0000,17250.0000,0,NULL,'instock',0,0.00,0,'taxable','parent'),(7242,'922-0001-00-1-2',0,0,19440.0000,19440.0000,0,NULL,'instock',0,0.00,0,'taxable','parent'),(7243,'922-0002-00-1-2',0,0,21460.0000,21460.0000,0,NULL,'instock',0,0.00,0,'taxable','parent');

--
-- Table structure for table `sidesi5_wc_rate_limits`
--

CREATE TABLE `sidesi5_wc_rate_limits` (
  `rate_limit_id` bigint(20) unsigned NOT NULL AUTO_INCREMENT,
  `rate_limit_key` varchar(200) COLLATE utf8mb4_unicode_520_ci NOT NULL,
  `rate_limit_expiry` bigint(20) unsigned NOT NULL,
  `rate_limit_remaining` smallint(10) NOT NULL DEFAULT '0',
  PRIMARY KEY (`rate_limit_id`),
  UNIQUE KEY `rate_limit_key` (`rate_limit_key`(191))
) ENGINE=MyISAM DEFAULT CHARSET=utf8mb4 COLLATE=utf8mb4_unicode_520_ci;

--
-- Dumping data for table `sidesi5_wc_rate_limits`
--


--
-- Table structure for table `sidesi5_wc_reserved_stock`
--

CREATE TABLE `sidesi5_wc_reserved_stock` (
  `order_id` bigint(20) NOT NULL,
  `product_id` bigint(20) NOT NULL,
  `stock_quantity` double NOT NULL DEFAULT '0',
  `timestamp` datetime NOT NULL DEFAULT '0000-00-00 00:00:00',
  `expires` datetime NOT NULL DEFAULT '0000-00-00 00:00:00',
  PRIMARY KEY (`order_id`,`product_id`)
) ENGINE=MyISAM DEFAULT CHARSET=utf8mb4 COLLATE=utf8mb4_unicode_520_ci;

--
-- Dumping data for table `sidesi5_wc_reserved_stock`
--


--
-- Table structure for table `sidesi5_wc_tax_rate_classes`
--

CREATE TABLE `sidesi5_wc_tax_rate_classes` (
  `tax_rate_class_id` bigint(20) unsigned NOT NULL AUTO_INCREMENT,
  `name` varchar(200) COLLATE utf8mb4_unicode_520_ci NOT NULL DEFAULT '',
  `slug` varchar(200) COLLATE utf8mb4_unicode_520_ci NOT NULL DEFAULT '',
  PRIMARY KEY (`tax_rate_class_id`),
  UNIQUE KEY `slug` (`slug`(191))
) ENGINE=MyISAM AUTO_INCREMENT=3 DEFAULT CHARSET=utf8mb4 COLLATE=utf8mb4_unicode_520_ci;

--
-- Dumping data for table `sidesi5_wc_tax_rate_classes`
--

INSERT INTO `sidesi5_wc_tax_rate_classes` VALUES (1,'Reduced rate','reduced-rate'),(2,'Zero rate','zero-rate');

--
-- Table structure for table `sidesi5_wc_webhooks`
--

CREATE TABLE `sidesi5_wc_webhooks` (
  `webhook_id` bigint(20) unsigned NOT NULL AUTO_INCREMENT,
  `status` varchar(200) COLLATE utf8mb4_unicode_520_ci NOT NULL,
  `name` text COLLATE utf8mb4_unicode_520_ci NOT NULL,
  `user_id` bigint(20) unsigned NOT NULL,
  `delivery_url` text COLLATE utf8mb4_unicode_520_ci NOT NULL,
  `secret` text COLLATE utf8mb4_unicode_520_ci NOT NULL,
  `topic` varchar(200) COLLATE utf8mb4_unicode_520_ci NOT NULL,
  `date_created` datetime NOT NULL DEFAULT '0000-00-00 00:00:00',
  `date_created_gmt` datetime NOT NULL DEFAULT '0000-00-00 00:00:00',
  `date_modified` datetime NOT NULL DEFAULT '0000-00-00 00:00:00',
  `date_modified_gmt` datetime NOT NULL DEFAULT '0000-00-00 00:00:00',
  `api_version` smallint(4) NOT NULL,
  `failure_count` smallint(10) NOT NULL DEFAULT '0',
  `pending_delivery` tinyint(1) NOT NULL DEFAULT '0',
  PRIMARY KEY (`webhook_id`),
  KEY `user_id` (`user_id`)
) ENGINE=MyISAM DEFAULT CHARSET=utf8mb4 COLLATE=utf8mb4_unicode_520_ci;

--
-- Dumping data for table `sidesi5_wc_webhooks`
--


--
-- Table structure for table `sidesi5_wdp_order_items`
--

CREATE TABLE `sidesi5_wdp_order_items` (
  `id` int(11) NOT NULL AUTO_INCREMENT,
  `order_id` int(11) NOT NULL,
  `product_id` int(11) NOT NULL,
  `rule_id` int(11) NOT NULL,
  `amount` decimal(50,2) DEFAULT '0.00',
  `qty` int(11) DEFAULT '0',
  `gifted_amount` decimal(50,2) DEFAULT '0.00',
  `gifted_qty` int(11) DEFAULT '0',
  `date` datetime DEFAULT NULL,
  `order_item_id` int(11) NOT NULL,
  PRIMARY KEY (`id`),
  UNIQUE KEY `order_id` (`order_id`,`rule_id`,`product_id`),
  KEY `rule_id` (`rule_id`),
  KEY `product_id` (`product_id`),
  KEY `date` (`date`)
) ENGINE=MyISAM DEFAULT CHARSET=utf8mb4 COLLATE=utf8mb4_unicode_520_ci;

--
-- Dumping data for table `sidesi5_wdp_order_items`
--


--
-- Table structure for table `sidesi5_wdp_orders`
--

CREATE TABLE `sidesi5_wdp_orders` (
  `id` int(11) NOT NULL AUTO_INCREMENT,
  `order_id` int(11) NOT NULL,
  `rule_id` int(11) NOT NULL,
  `amount` decimal(50,2) DEFAULT '0.00',
  `qty` int(11) DEFAULT '0',
  `extra` decimal(50,2) DEFAULT '0.00',
  `shipping` decimal(50,2) DEFAULT '0.00',
  `is_free_shipping` tinyint(1) DEFAULT '0',
  `gifted_amount` decimal(50,2) DEFAULT '0.00',
  `gifted_qty` int(11) DEFAULT '0',
  `date` datetime DEFAULT NULL,
  PRIMARY KEY (`id`),
  UNIQUE KEY `order_id` (`order_id`,`rule_id`),
  KEY `rule_id` (`rule_id`),
  KEY `date` (`date`)
) ENGINE=MyISAM DEFAULT CHARSET=utf8mb4 COLLATE=utf8mb4_unicode_520_ci;

--
-- Dumping data for table `sidesi5_wdp_orders`
--


--
-- Table structure for table `sidesi5_wdp_persistent_rules_cache`
--

CREATE TABLE `sidesi5_wdp_persistent_rules_cache` (
  `id` int(11) NOT NULL AUTO_INCREMENT,
  `product` varchar(255) COLLATE utf8mb4_unicode_520_ci NOT NULL,
  `rule_id` int(11) NOT NULL,
  `qty_start` float NOT NULL DEFAULT '1',
  `qty_finish` float DEFAULT NULL,
  `original_price` float NOT NULL,
  `price` float NOT NULL,
  PRIMARY KEY (`id`)
) ENGINE=MyISAM DEFAULT CHARSET=utf8mb4 COLLATE=utf8mb4_unicode_520_ci;

--
-- Dumping data for table `sidesi5_wdp_persistent_rules_cache`
--


--
-- Table structure for table `sidesi5_wdp_rules`
--

CREATE TABLE `sidesi5_wdp_rules` (
  `id` int(11) NOT NULL AUTO_INCREMENT,
  `deleted` tinyint(1) DEFAULT '0',
  `enabled` tinyint(1) DEFAULT '1',
  `exclusive` tinyint(1) DEFAULT '0',
  `rule_type` varchar(50) COLLATE utf8mb4_unicode_520_ci DEFAULT NULL,
  `type` varchar(50) COLLATE utf8mb4_unicode_520_ci DEFAULT NULL,
  `title` varchar(255) COLLATE utf8mb4_unicode_520_ci DEFAULT NULL,
  `priority` int(11) DEFAULT NULL,
  `options` text COLLATE utf8mb4_unicode_520_ci,
  `additional` text COLLATE utf8mb4_unicode_520_ci,
  `advertising` text COLLATE utf8mb4_unicode_520_ci,
  `conditions` text COLLATE utf8mb4_unicode_520_ci,
  `filters` text COLLATE utf8mb4_unicode_520_ci,
  `limits` text COLLATE utf8mb4_unicode_520_ci,
  `product_adjustments` text COLLATE utf8mb4_unicode_520_ci,
  `sortable_blocks_priority` text COLLATE utf8mb4_unicode_520_ci,
  `bulk_adjustments` text COLLATE utf8mb4_unicode_520_ci,
  `role_discounts` text COLLATE utf8mb4_unicode_520_ci,
  `cart_adjustments` text COLLATE utf8mb4_unicode_520_ci,
  `get_products` text COLLATE utf8mb4_unicode_520_ci,
  `auto_add_products` text COLLATE utf8mb4_unicode_520_ci,
  `summary` text COLLATE utf8mb4_unicode_520_ci,
  `condition_message` text COLLATE utf8mb4_unicode_520_ci,
  PRIMARY KEY (`id`),
  KEY `deleted` (`deleted`),
  KEY `enabled` (`enabled`)
) ENGINE=MyISAM AUTO_INCREMENT=2 DEFAULT CHARSET=utf8mb4 COLLATE=utf8mb4_unicode_520_ci;

--
-- Dumping data for table `sidesi5_wdp_rules`
--

INSERT INTO `sidesi5_wdp_rules` VALUES (1,0,1,0,'common','common','Discount for standard 2.92mm cable',0,'a:2:{s:6:\"repeat\";s:2:\"-1\";s:8:\"apply_to\";s:9:\"expensive\";}','a:5:{s:6:\"blocks\";a:10:{s:14:\"productFilters\";a:1:{s:6:\"isOpen\";s:1:\"1\";}s:16:\"productDiscounts\";a:1:{s:6:\"isOpen\";s:1:\"1\";}s:13:\"roleDiscounts\";a:1:{s:6:\"isOpen\";s:1:\"0\";}s:13:\"bulkDiscounts\";a:1:{s:6:\"isOpen\";s:1:\"1\";}s:12:\"freeProducts\";a:1:{s:6:\"isOpen\";s:1:\"0\";}s:13:\"autoAddToCart\";a:1:{s:6:\"isOpen\";s:1:\"0\";}s:11:\"advertising\";a:1:{s:6:\"isOpen\";s:1:\"0\";}s:15:\"cartAdjustments\";a:1:{s:6:\"isOpen\";s:1:\"0\";}s:10:\"conditions\";a:1:{s:6:\"isOpen\";s:1:\"0\";}s:6:\"limits\";a:1:{s:6:\"isOpen\";s:1:\"0\";}}s:12:\"replace_name\";s:0:\"\";s:19:\"sortable_apply_mode\";s:12:\"consistently\";s:26:\"free_products_replace_name\";s:0:\"\";s:23:\"conditions_relationship\";s:3:\"and\";}','a:0:{}','a:0:{}','a:1:{i:0;a:5:{s:3:\"qty\";s:1:\"1\";s:4:\"type\";s:18:\"product_categories\";s:10:\"limitation\";s:4:\"none\";s:6:\"method\";s:7:\"in_list\";s:5:\"value\";a:1:{i:0;s:3:\"172\";}}}','a:0:{}','a:5:{s:4:\"type\";s:5:\"total\";s:5:\"total\";a:2:{s:4:\"type\";s:20:\"discount__percentage\";s:5:\"value\";s:0:\"\";}s:5:\"split\";a:1:{i:0;a:2:{s:4:\"type\";s:16:\"discount__amount\";s:5:\"value\";s:0:\"\";}}s:16:\"max_discount_sum\";s:0:\"\";s:17:\"split_discount_by\";s:4:\"cost\";}','a:2:{i:0;s:5:\"roles\";i:1;s:16:\"bulk-adjustments\";}','a:5:{s:4:\"type\";s:4:\"bulk\";s:9:\"qty_based\";s:3:\"all\";s:13:\"discount_type\";s:20:\"discount__percentage\";s:6:\"ranges\";a:4:{i:0;a:3:{s:4:\"from\";s:1:\"1\";s:2:\"to\";s:1:\"5\";s:5:\"value\";s:1:\"0\";}i:1;a:3:{s:4:\"from\";s:1:\"6\";s:2:\"to\";s:2:\"10\";s:5:\"value\";s:1:\"8\";}i:2;a:3:{s:4:\"from\";s:2:\"11\";s:2:\"to\";s:2:\"25\";s:5:\"value\";s:2:\"12\";}i:3;a:3:{s:4:\"from\";s:2:\"26\";s:2:\"to\";s:0:\"\";s:5:\"value\";s:2:\"16\";}}s:13:\"table_message\";s:38:\"Bulk pricing will be applied to quote.\";}','a:0:{}','a:0:{}','a:2:{s:6:\"repeat\";s:2:\"-1\";s:15:\"repeat_subtotal\";s:0:\"\";}','a:0:{}','Discount for standard 2.92mm cable|Standard Cable Assemblies',NULL);

--
-- Table structure for table `sidesi5_woocommerce_api_keys`
--

CREATE TABLE `sidesi5_woocommerce_api_keys` (
  `key_id` bigint(20) unsigned NOT NULL AUTO_INCREMENT,
  `user_id` bigint(20) unsigned NOT NULL,
  `description` varchar(200) COLLATE utf8mb4_unicode_520_ci DEFAULT NULL,
  `permissions` varchar(10) COLLATE utf8mb4_unicode_520_ci NOT NULL,
  `consumer_key` char(64) COLLATE utf8mb4_unicode_520_ci NOT NULL,
  `consumer_secret` char(43) COLLATE utf8mb4_unicode_520_ci NOT NULL,
  `nonces` longtext COLLATE utf8mb4_unicode_520_ci,
  `truncated_key` char(7) COLLATE utf8mb4_unicode_520_ci NOT NULL,
  `last_access` datetime DEFAULT NULL,
  PRIMARY KEY (`key_id`),
  KEY `consumer_key` (`consumer_key`),
  KEY `consumer_secret` (`consumer_secret`)
) ENGINE=MyISAM DEFAULT CHARSET=utf8mb4 COLLATE=utf8mb4_unicode_520_ci;

--
-- Dumping data for table `sidesi5_woocommerce_api_keys`
--


--
-- Table structure for table `sidesi5_woocommerce_attribute_taxonomies`
--

CREATE TABLE `sidesi5_woocommerce_attribute_taxonomies` (
  `attribute_id` bigint(20) unsigned NOT NULL AUTO_INCREMENT,
  `attribute_name` varchar(200) COLLATE utf8mb4_unicode_520_ci NOT NULL,
  `attribute_label` varchar(200) COLLATE utf8mb4_unicode_520_ci DEFAULT NULL,
  `attribute_type` varchar(20) COLLATE utf8mb4_unicode_520_ci NOT NULL,
  `attribute_orderby` varchar(20) COLLATE utf8mb4_unicode_520_ci NOT NULL,
  `attribute_public` int(1) NOT NULL DEFAULT '1',
  PRIMARY KEY (`attribute_id`),
  KEY `attribute_name` (`attribute_name`(20))
) ENGINE=MyISAM DEFAULT CHARSET=utf8mb4 COLLATE=utf8mb4_unicode_520_ci;

--
-- Dumping data for table `sidesi5_woocommerce_attribute_taxonomies`
--


--
-- Table structure for table `sidesi5_woocommerce_downloadable_product_permissions`
--

CREATE TABLE `sidesi5_woocommerce_downloadable_product_permissions` (
  `permission_id` bigint(20) unsigned NOT NULL AUTO_INCREMENT,
  `download_id` varchar(36) COLLATE utf8mb4_unicode_520_ci NOT NULL,
  `product_id` bigint(20) unsigned NOT NULL,
  `order_id` bigint(20) unsigned NOT NULL DEFAULT '0',
  `order_key` varchar(200) COLLATE utf8mb4_unicode_520_ci NOT NULL,
  `user_email` varchar(200) COLLATE utf8mb4_unicode_520_ci NOT NULL,
  `user_id` bigint(20) unsigned DEFAULT NULL,
  `downloads_remaining` varchar(9) COLLATE utf8mb4_unicode_520_ci DEFAULT NULL,
  `access_granted` datetime NOT NULL DEFAULT '0000-00-00 00:00:00',
  `access_expires` datetime DEFAULT NULL,
  `download_count` bigint(20) unsigned NOT NULL DEFAULT '0',
  PRIMARY KEY (`permission_id`),
  KEY `download_order_key_product` (`product_id`,`order_id`,`order_key`(16),`download_id`),
  KEY `download_order_product` (`download_id`,`order_id`,`product_id`),
  KEY `order_id` (`order_id`),
  KEY `user_order_remaining_expires` (`user_id`,`order_id`,`downloads_remaining`,`access_expires`)
) ENGINE=MyISAM DEFAULT CHARSET=utf8mb4 COLLATE=utf8mb4_unicode_520_ci;

--
-- Dumping data for table `sidesi5_woocommerce_downloadable_product_permissions`
--


--
-- Table structure for table `sidesi5_woocommerce_log`
--

CREATE TABLE `sidesi5_woocommerce_log` (
  `log_id` bigint(20) unsigned NOT NULL AUTO_INCREMENT,
  `timestamp` datetime NOT NULL,
  `level` smallint(4) NOT NULL,
  `source` varchar(200) COLLATE utf8mb4_unicode_520_ci NOT NULL,
  `message` longtext COLLATE utf8mb4_unicode_520_ci NOT NULL,
  `context` longtext COLLATE utf8mb4_unicode_520_ci,
  PRIMARY KEY (`log_id`),
  KEY `level` (`level`)
) ENGINE=MyISAM DEFAULT CHARSET=utf8mb4 COLLATE=utf8mb4_unicode_520_ci;

--
-- Dumping data for table `sidesi5_woocommerce_log`
--


--
-- Table structure for table `sidesi5_woocommerce_order_itemmeta`
--

CREATE TABLE `sidesi5_woocommerce_order_itemmeta` (
  `meta_id` bigint(20) unsigned NOT NULL AUTO_INCREMENT,
  `order_item_id` bigint(20) unsigned NOT NULL,
  `meta_key` varchar(255) COLLATE utf8mb4_unicode_520_ci DEFAULT NULL,
  `meta_value` longtext COLLATE utf8mb4_unicode_520_ci,
  PRIMARY KEY (`meta_id`),
  KEY `order_item_id` (`order_item_id`),
  KEY `meta_key` (`meta_key`(32))
) ENGINE=MyISAM AUTO_INCREMENT=244 DEFAULT CHARSET=utf8mb4 COLLATE=utf8mb4_unicode_520_ci;

--
-- Dumping data for table `sidesi5_woocommerce_order_itemmeta`
--

INSERT INTO `sidesi5_woocommerce_order_itemmeta` VALUES (103,11,'_product_id','6808'),(104,11,'_variation_id','6810'),(105,11,'_qty','1'),(106,11,'_tax_class',''),(107,11,'_line_subtotal','15256'),(108,11,'_line_subtotal_tax','0'),(109,11,'_line_total','15256'),(110,11,'_line_tax','0'),(111,11,'_line_tax_data','a:2:{s:5:\"total\";a:0:{}s:8:\"subtotal\";a:0:{}}'),(112,11,'connector-type','2.4mm'),(113,12,'_product_id','6592'),(114,12,'_variation_id','6598'),(115,12,'_qty','2'),(116,12,'_tax_class',''),(117,12,'_line_subtotal','1087.78'),(118,12,'_line_subtotal_tax','0'),(119,12,'_line_total','1087.78'),(120,12,'_line_tax','0'),(121,12,'_line_tax_data','a:2:{s:5:\"total\";a:0:{}s:8:\"subtotal\";a:0:{}}'),(122,12,'length-feet','2.0'),(123,13,'_product_id','7240'),(124,13,'_variation_id','7243'),(125,13,'_qty','1'),(126,13,'_tax_class',''),(127,13,'_line_subtotal','21460'),(128,13,'_line_subtotal_tax','0'),(129,13,'_line_total','21460'),(130,13,'_line_tax','0'),(131,13,'_line_tax_data','a:2:{s:5:\"total\";a:0:{}s:8:\"subtotal\";a:0:{}}'),(132,13,'connector-type','1.85mm'),(133,14,'_product_id','6507'),(134,14,'_variation_id','0'),(135,14,'_qty','1'),(136,14,'_tax_class',''),(137,14,'_line_subtotal','29800'),(138,14,'_line_subtotal_tax','0'),(139,14,'_line_total','29800'),(140,14,'_line_tax','0'),(141,14,'_line_tax_data','a:2:{s:5:\"total\";a:0:{}s:8:\"subtotal\";a:0:{}}'),(142,15,'_product_id','6798'),(143,15,'_variation_id','0'),(144,15,'_qty','1'),(145,15,'_tax_class',''),(146,15,'_line_subtotal','500'),(147,15,'_line_subtotal_tax','0'),(148,15,'_line_total','500'),(149,15,'_line_tax','0'),(150,15,'_line_tax_data','a:2:{s:5:\"total\";a:0:{}s:8:\"subtotal\";a:0:{}}'),(151,16,'_product_id','6507'),(152,16,'_variation_id','0'),(153,16,'_qty','1'),(154,16,'_tax_class',''),(155,16,'_line_subtotal','29800'),(156,16,'_line_subtotal_tax','0'),(157,16,'_line_total','29800'),(158,16,'_line_tax','0'),(159,16,'_line_tax_data','a:2:{s:5:\"total\";a:0:{}s:8:\"subtotal\";a:0:{}}'),(160,17,'_product_id','6798'),(161,17,'_variation_id','0'),(162,17,'_qty','1'),(163,17,'_tax_class',''),(164,17,'_line_subtotal','500'),(165,17,'_line_subtotal_tax','0'),(166,17,'_line_total','500'),(167,17,'_line_tax','0'),(168,17,'_line_tax_data','a:2:{s:5:\"total\";a:0:{}s:8:\"subtotal\";a:0:{}}'),(169,18,'_product_id','6808'),(170,18,'_variation_id','6811'),(171,18,'_qty','1'),(172,18,'_tax_class',''),(173,18,'_line_subtotal','20960'),(174,18,'_line_subtotal_tax','0'),(175,18,'_line_total','20960'),(176,18,'_line_tax','0'),(177,18,'_line_tax_data','a:2:{s:5:\"total\";a:0:{}s:8:\"subtotal\";a:0:{}}'),(178,18,'connector-type','1.85mm'),(179,19,'_product_id','6789'),(180,19,'_variation_id','0'),(181,19,'_qty','1'),(182,19,'_tax_class',''),(183,19,'_line_subtotal','350'),(184,19,'_line_subtotal_tax','0'),(185,19,'_line_total','350'),(186,19,'_line_tax','0'),(187,19,'_line_tax_data','a:2:{s:5:\"total\";a:0:{}s:8:\"subtotal\";a:0:{}}'),(188,20,'_product_id','6609'),(189,20,'_variation_id','6614'),(190,20,'_qty','2'),(191,20,'_tax_class',''),(192,20,'_line_subtotal','2418.12'),(193,20,'_line_subtotal_tax','0'),(194,20,'_line_total','2418.12'),(195,20,'_line_tax','0'),(196,20,'_line_tax_data','a:2:{s:5:\"total\";a:0:{}s:8:\"subtotal\";a:0:{}}'),(197,20,'length-feet','3.0'),(198,21,'_product_id','6803'),(199,21,'_variation_id','0'),(200,21,'_qty','1'),(201,21,'_tax_class',''),(202,21,'_line_subtotal','26915'),(203,21,'_line_subtotal_tax','0'),(204,21,'_line_total','26915'),(205,21,'_line_tax','0'),(206,21,'_line_tax_data','a:2:{s:5:\"total\";a:0:{}s:8:\"subtotal\";a:0:{}}'),(207,22,'_product_id','6792'),(208,22,'_variation_id','0'),(209,22,'_qty','1'),(210,22,'_tax_class',''),(211,22,'_line_subtotal','500'),(212,22,'_line_subtotal_tax','0'),(213,22,'_line_total','500'),(214,22,'_line_tax','0'),(215,22,'_line_tax_data','a:2:{s:5:\"total\";a:0:{}s:8:\"subtotal\";a:0:{}}'),(216,23,'_product_id','6808'),(217,23,'_variation_id','6810'),(218,23,'_qty','1'),(219,23,'_tax_class',''),(220,23,'_line_subtotal','19070'),(221,23,'_line_subtotal_tax','0'),(222,23,'_line_total','19070'),(223,23,'_line_tax','0'),(224,23,'_line_tax_data','a:2:{s:5:\"total\";a:0:{}s:8:\"subtotal\";a:0:{}}'),(225,23,'connector-type','2.4mm'),(226,24,'_product_id','6507'),(227,24,'_variation_id','0'),(228,24,'_qty','1'),(229,24,'_tax_class',''),(230,24,'_line_subtotal','29800'),(231,24,'_line_subtotal_tax','0'),(232,24,'_line_total','29800'),(233,24,'_line_tax','0'),(234,24,'_line_tax_data','a:2:{s:5:\"total\";a:0:{}s:8:\"subtotal\";a:0:{}}'),(235,25,'_product_id','6507'),(236,25,'_variation_id','0'),(237,25,'_qty','1'),(238,25,'_tax_class',''),(239,25,'_line_subtotal','29800'),(240,25,'_line_subtotal_tax','0'),(241,25,'_line_total','29800'),(242,25,'_line_tax','0'),(243,25,'_line_tax_data','a:2:{s:5:\"total\";a:0:{}s:8:\"subtotal\";a:0:{}}');

--
-- Table structure for table `sidesi5_woocommerce_order_items`
--

CREATE TABLE `sidesi5_woocommerce_order_items` (
  `order_item_id` bigint(20) unsigned NOT NULL AUTO_INCREMENT,
  `order_item_name` text COLLATE utf8mb4_unicode_520_ci NOT NULL,
  `order_item_type` varchar(200) COLLATE utf8mb4_unicode_520_ci NOT NULL DEFAULT '',
  `order_id` bigint(20) unsigned NOT NULL,
  PRIMARY KEY (`order_item_id`),
  KEY `order_id` (`order_id`)
) ENGINE=MyISAM AUTO_INCREMENT=26 DEFAULT CHARSET=utf8mb4 COLLATE=utf8mb4_unicode_520_ci;

--
-- Dumping data for table `sidesi5_woocommerce_order_items`
--

INSERT INTO `sidesi5_woocommerce_order_items` VALUES (11,'CMP-50 Channel Modeling Platform for High-Speed Systems up to 50 GHz - 2.4mm','line_item',7170),(12,'40 GHz 1501 Single Cable Assembly with 2.92mm Connectors - 2.0','line_item',7170),(13,'ISI-56  -  56G ISI Loss Modeling Platform - 1.85mm','line_item',7316),(14,'ISI-USB4 - ISI Loss Modeling Platform Set for USB4 RX and DisplayPort 2.0 Sink','line_item',7348),(15,'Hard Shell Case for ISI-USB4 Platform Set','line_item',7348),(16,'ISI-USB4 - ISI Loss Modeling Platform Set for USB4 RX and DisplayPort 2.0 Sink','line_item',7349),(17,'Hard Shell Case for ISI-USB4 Platform Set','line_item',7349),(18,'CMP-50 Channel Modeling Platform for High-Speed Systems up to 50 GHz - 1.85mm','line_item',7350),(19,'Hard Shell Case for 16 Inch Platforms','line_item',7350),(20,'65 GHz 1201 Single Cable Assembly with 1.85mm Straight Male Connectors - 3.0','line_item',7350),(21,'ISI-112 Loss Modeling Platform Set','line_item',7351),(22,'Hard Shell Case for ISI-112 Platform Set','line_item',7351),(23,'CMP-50 Channel Modeling Platform for High-Speed Systems up to 50 GHz - 2.4mm','line_item',7351),(24,'ISI-USB4 - ISI Loss Modeling Platform Set for USB4 RX and DisplayPort 2.0 Sink','line_item',7352),(25,'ISI-USB4 - ISI Loss Modeling Platform Set for USB4 RX and DisplayPort 2.0 Sink','line_item',7353);

--
-- Table structure for table `sidesi5_woocommerce_payment_tokenmeta`
--

CREATE TABLE `sidesi5_woocommerce_payment_tokenmeta` (
  `meta_id` bigint(20) unsigned NOT NULL AUTO_INCREMENT,
  `payment_token_id` bigint(20) unsigned NOT NULL,
  `meta_key` varchar(255) COLLATE utf8mb4_unicode_520_ci DEFAULT NULL,
  `meta_value` longtext COLLATE utf8mb4_unicode_520_ci,
  PRIMARY KEY (`meta_id`),
  KEY `payment_token_id` (`payment_token_id`),
  KEY `meta_key` (`meta_key`(32))
) ENGINE=MyISAM DEFAULT CHARSET=utf8mb4 COLLATE=utf8mb4_unicode_520_ci;

--
-- Dumping data for table `sidesi5_woocommerce_payment_tokenmeta`
--


--
-- Table structure for table `sidesi5_woocommerce_payment_tokens`
--

CREATE TABLE `sidesi5_woocommerce_payment_tokens` (
  `token_id` bigint(20) unsigned NOT NULL AUTO_INCREMENT,
  `gateway_id` varchar(200) COLLATE utf8mb4_unicode_520_ci NOT NULL,
  `token` text COLLATE utf8mb4_unicode_520_ci NOT NULL,
  `user_id` bigint(20) unsigned NOT NULL DEFAULT '0',
  `type` varchar(200) COLLATE utf8mb4_unicode_520_ci NOT NULL,
  `is_default` tinyint(1) NOT NULL DEFAULT '0',
  PRIMARY KEY (`token_id`),
  KEY `user_id` (`user_id`)
) ENGINE=MyISAM DEFAULT CHARSET=utf8mb4 COLLATE=utf8mb4_unicode_520_ci;

--
-- Dumping data for table `sidesi5_woocommerce_payment_tokens`
--


--
-- Table structure for table `sidesi5_woocommerce_sessions`
--

CREATE TABLE `sidesi5_woocommerce_sessions` (
  `session_id` bigint(20) unsigned NOT NULL AUTO_INCREMENT,
  `session_key` char(32) COLLATE utf8mb4_unicode_520_ci NOT NULL,
  `session_value` longtext COLLATE utf8mb4_unicode_520_ci NOT NULL,
  `session_expiry` bigint(20) unsigned NOT NULL,
  PRIMARY KEY (`session_id`),
  UNIQUE KEY `session_key` (`session_key`)
) ENGINE=MyISAM AUTO_INCREMENT=1037 DEFAULT CHARSET=utf8mb4 COLLATE=utf8mb4_unicode_520_ci;

--
-- Dumping data for table `sidesi5_woocommerce_sessions`
--


--
-- Table structure for table `sidesi5_woocommerce_shipping_zone_locations`
--

CREATE TABLE `sidesi5_woocommerce_shipping_zone_locations` (
  `location_id` bigint(20) unsigned NOT NULL AUTO_INCREMENT,
  `zone_id` bigint(20) unsigned NOT NULL,
  `location_code` varchar(200) COLLATE utf8mb4_unicode_520_ci NOT NULL,
  `location_type` varchar(40) COLLATE utf8mb4_unicode_520_ci NOT NULL,
  PRIMARY KEY (`location_id`),
  KEY `location_id` (`location_id`),
  KEY `location_type_code` (`location_type`(10),`location_code`(20))
) ENGINE=MyISAM AUTO_INCREMENT=2 DEFAULT CHARSET=utf8mb4 COLLATE=utf8mb4_unicode_520_ci;

--
-- Dumping data for table `sidesi5_woocommerce_shipping_zone_locations`
--

INSERT INTO `sidesi5_woocommerce_shipping_zone_locations` VALUES (1,1,'US','country');

--
-- Table structure for table `sidesi5_woocommerce_shipping_zone_methods`
--

CREATE TABLE `sidesi5_woocommerce_shipping_zone_methods` (
  `zone_id` bigint(20) unsigned NOT NULL,
  `instance_id` bigint(20) unsigned NOT NULL AUTO_INCREMENT,
  `method_id` varchar(200) COLLATE utf8mb4_unicode_520_ci NOT NULL,
  `method_order` bigint(20) unsigned NOT NULL,
  `is_enabled` tinyint(1) NOT NULL DEFAULT '1',
  PRIMARY KEY (`instance_id`)
) ENGINE=MyISAM AUTO_INCREMENT=2 DEFAULT CHARSET=utf8mb4 COLLATE=utf8mb4_unicode_520_ci;

--
-- Dumping data for table `sidesi5_woocommerce_shipping_zone_methods`
--

INSERT INTO `sidesi5_woocommerce_shipping_zone_methods` VALUES (1,1,'free_shipping',1,1);

--
-- Table structure for table `sidesi5_woocommerce_shipping_zones`
--

CREATE TABLE `sidesi5_woocommerce_shipping_zones` (
  `zone_id` bigint(20) unsigned NOT NULL AUTO_INCREMENT,
  `zone_name` varchar(200) COLLATE utf8mb4_unicode_520_ci NOT NULL,
  `zone_order` bigint(20) unsigned NOT NULL,
  PRIMARY KEY (`zone_id`)
) ENGINE=MyISAM AUTO_INCREMENT=2 DEFAULT CHARSET=utf8mb4 COLLATE=utf8mb4_unicode_520_ci;

--
-- Dumping data for table `sidesi5_woocommerce_shipping_zones`
--

INSERT INTO `sidesi5_woocommerce_shipping_zones` VALUES (1,'United States (US)',0);

--
-- Table structure for table `sidesi5_woocommerce_tax_rate_locations`
--

CREATE TABLE `sidesi5_woocommerce_tax_rate_locations` (
  `location_id` bigint(20) unsigned NOT NULL AUTO_INCREMENT,
  `location_code` varchar(200) COLLATE utf8mb4_unicode_520_ci NOT NULL,
  `tax_rate_id` bigint(20) unsigned NOT NULL,
  `location_type` varchar(40) COLLATE utf8mb4_unicode_520_ci NOT NULL,
  PRIMARY KEY (`location_id`),
  KEY `tax_rate_id` (`tax_rate_id`),
  KEY `location_type_code` (`location_type`(10),`location_code`(20))
) ENGINE=MyISAM DEFAULT CHARSET=utf8mb4 COLLATE=utf8mb4_unicode_520_ci;

--
-- Dumping data for table `sidesi5_woocommerce_tax_rate_locations`
--


--
-- Table structure for table `sidesi5_woocommerce_tax_rates`
--

CREATE TABLE `sidesi5_woocommerce_tax_rates` (
  `tax_rate_id` bigint(20) unsigned NOT NULL AUTO_INCREMENT,
  `tax_rate_country` varchar(2) COLLATE utf8mb4_unicode_520_ci NOT NULL DEFAULT '',
  `tax_rate_state` varchar(200) COLLATE utf8mb4_unicode_520_ci NOT NULL DEFAULT '',
  `tax_rate` varchar(8) COLLATE utf8mb4_unicode_520_ci NOT NULL DEFAULT '',
  `tax_rate_name` varchar(200) COLLATE utf8mb4_unicode_520_ci NOT NULL DEFAULT '',
  `tax_rate_priority` bigint(20) unsigned NOT NULL,
  `tax_rate_compound` int(1) NOT NULL DEFAULT '0',
  `tax_rate_shipping` int(1) NOT NULL DEFAULT '1',
  `tax_rate_order` bigint(20) unsigned NOT NULL,
  `tax_rate_class` varchar(200) COLLATE utf8mb4_unicode_520_ci NOT NULL DEFAULT '',
  PRIMARY KEY (`tax_rate_id`),
  KEY `tax_rate_country` (`tax_rate_country`),
  KEY `tax_rate_state` (`tax_rate_state`(2)),
  KEY `tax_rate_class` (`tax_rate_class`(10)),
  KEY `tax_rate_priority` (`tax_rate_priority`)
) ENGINE=MyISAM DEFAULT CHARSET=utf8mb4 COLLATE=utf8mb4_unicode_520_ci;

--
-- Dumping data for table `sidesi5_woocommerce_tax_rates`
--


--
-- Table structure for table `sidesi5_yoast_indexable`
--

CREATE TABLE `sidesi5_yoast_indexable` (
  `id` int(11) unsigned NOT NULL AUTO_INCREMENT,
  `permalink` longtext COLLATE utf8mb4_unicode_520_ci,
  `permalink_hash` varchar(40) COLLATE utf8mb4_unicode_520_ci DEFAULT NULL,
  `object_id` bigint(20) DEFAULT NULL,
  `object_type` varchar(32) COLLATE utf8mb4_unicode_520_ci NOT NULL,
  `object_sub_type` varchar(32) COLLATE utf8mb4_unicode_520_ci DEFAULT NULL,
  `author_id` bigint(20) DEFAULT NULL,
  `post_parent` bigint(20) DEFAULT NULL,
  `title` text COLLATE utf8mb4_unicode_520_ci,
  `description` mediumtext COLLATE utf8mb4_unicode_520_ci,
  `breadcrumb_title` text COLLATE utf8mb4_unicode_520_ci,
  `post_status` varchar(20) COLLATE utf8mb4_unicode_520_ci DEFAULT NULL,
  `is_public` tinyint(1) DEFAULT NULL,
  `is_protected` tinyint(1) DEFAULT '0',
  `has_public_posts` tinyint(1) DEFAULT NULL,
  `number_of_pages` int(11) unsigned DEFAULT NULL,
  `canonical` longtext COLLATE utf8mb4_unicode_520_ci,
  `primary_focus_keyword` varchar(191) COLLATE utf8mb4_unicode_520_ci DEFAULT NULL,
  `primary_focus_keyword_score` int(3) DEFAULT NULL,
  `readability_score` int(3) DEFAULT NULL,
  `is_cornerstone` tinyint(1) DEFAULT '0',
  `is_robots_noindex` tinyint(1) DEFAULT '0',
  `is_robots_nofollow` tinyint(1) DEFAULT '0',
  `is_robots_noarchive` tinyint(1) DEFAULT '0',
  `is_robots_noimageindex` tinyint(1) DEFAULT '0',
  `is_robots_nosnippet` tinyint(1) DEFAULT '0',
  `twitter_title` text COLLATE utf8mb4_unicode_520_ci,
  `twitter_image` longtext COLLATE utf8mb4_unicode_520_ci,
  `twitter_description` longtext COLLATE utf8mb4_unicode_520_ci,
  `twitter_image_id` varchar(191) COLLATE utf8mb4_unicode_520_ci DEFAULT NULL,
  `twitter_image_source` text COLLATE utf8mb4_unicode_520_ci,
  `open_graph_title` text COLLATE utf8mb4_unicode_520_ci,
  `open_graph_description` longtext COLLATE utf8mb4_unicode_520_ci,
  `open_graph_image` longtext COLLATE utf8mb4_unicode_520_ci,
  `open_graph_image_id` varchar(191) COLLATE utf8mb4_unicode_520_ci DEFAULT NULL,
  `open_graph_image_source` text COLLATE utf8mb4_unicode_520_ci,
  `open_graph_image_meta` mediumtext COLLATE utf8mb4_unicode_520_ci,
  `link_count` int(11) DEFAULT NULL,
  `incoming_link_count` int(11) DEFAULT NULL,
  `prominent_words_version` int(11) unsigned DEFAULT NULL,
  `created_at` datetime DEFAULT NULL,
  `updated_at` timestamp NOT NULL DEFAULT CURRENT_TIMESTAMP ON UPDATE CURRENT_TIMESTAMP,
  `blog_id` bigint(20) NOT NULL DEFAULT '1',
  `language` varchar(32) COLLATE utf8mb4_unicode_520_ci DEFAULT NULL,
  `region` varchar(32) COLLATE utf8mb4_unicode_520_ci DEFAULT NULL,
  `schema_page_type` varchar(64) COLLATE utf8mb4_unicode_520_ci DEFAULT NULL,
  `schema_article_type` varchar(64) COLLATE utf8mb4_unicode_520_ci DEFAULT NULL,
  `has_ancestors` tinyint(1) DEFAULT '0',
  `estimated_reading_time_minutes` int(11) DEFAULT NULL,
  `version` int(11) DEFAULT '1',
  `object_last_modified` datetime DEFAULT NULL,
  `object_published_at` datetime DEFAULT NULL,
  `inclusive_language_score` int(3) DEFAULT NULL,
  PRIMARY KEY (`id`),
  KEY `object_type_and_sub_type` (`object_type`,`object_sub_type`),
  KEY `object_id_and_type` (`object_id`,`object_type`),
  KEY `permalink_hash_and_object_type` (`permalink_hash`,`object_type`),
  KEY `subpages` (`post_parent`,`object_type`,`post_status`,`object_id`),
  KEY `prominent_words` (`prominent_words_version`,`object_type`,`object_sub_type`,`post_status`),
  KEY `published_sitemap_index` (`object_published_at`,`is_robots_noindex`,`object_type`,`object_sub_type`)
) ENGINE=MyISAM AUTO_INCREMENT=818 DEFAULT CHARSET=utf8mb4 COLLATE=utf8mb4_unicode_520_ci;

--
-- Dumping data for table `sidesi5_yoast_indexable`
--

INSERT INTO `sidesi5_yoast_indexable` VALUES (1,NULL,NULL,NULL,'system-page','404',NULL,NULL,'Page not found %%sep%% %%sitename%%',NULL,'Error 404: Page not found',NULL,NULL,0,NULL,NULL,NULL,NULL,NULL,NULL,0,1,0,0,0,0,NULL,NULL,NULL,NULL,NULL,NULL,NULL,NULL,NULL,NULL,NULL,NULL,NULL,NULL,'2022-06-11 11:05:51','2023-10-20 01:21:02',1,NULL,NULL,NULL,NULL,0,NULL,1,NULL,NULL,NULL),(2,'https://wildrivertech.com/','26:50dd7a2f5775e7e01cf75de2e3146906',NULL,'home-page',NULL,NULL,NULL,'%%sitename%% %%page%% %%sep%% %%sitedesc%%','Products for the Signal Integrity Practioner','Home',NULL,NULL,0,NULL,NULL,NULL,NULL,NULL,NULL,0,1,0,0,0,0,NULL,NULL,NULL,NULL,NULL,'%%sitename%%','','','0',NULL,NULL,NULL,9,NULL,'2022-06-11 11:05:51','2024-01-12 04:59:54',1,NULL,NULL,NULL,NULL,0,NULL,2,'2024-01-11 23:59:54','2017-03-23 00:09:03',NULL),(4,'https://wildrivertech.com/resources/','36:5f49da8288d41b1fba64875ab562b87e',1695,'post','page',1,0,NULL,NULL,'Resources','publish',NULL,0,NULL,NULL,NULL,NULL,NULL,0,0,NULL,0,NULL,NULL,NULL,NULL,NULL,NULL,NULL,NULL,NULL,NULL,NULL,NULL,NULL,NULL,5,1,NULL,'2022-06-11 13:03:08','2023-10-20 01:25:10',1,NULL,NULL,NULL,NULL,0,NULL,2,'2022-05-11 19:54:28','2020-07-24 17:15:43',0),(5,'https://wildrivertech.com/resources/videos/','43:39c89d8e15160b8bed1e2e185c63da09',5318,'post','page',1,1695,NULL,NULL,'Videos','publish',NULL,0,NULL,NULL,NULL,NULL,NULL,0,0,NULL,0,NULL,NULL,NULL,NULL,NULL,NULL,NULL,NULL,NULL,NULL,NULL,NULL,NULL,NULL,0,2,NULL,'2022-06-11 13:03:08','2023-10-21 08:24:04',1,NULL,NULL,NULL,NULL,1,NULL,2,'2022-05-13 06:56:34','2022-03-18 10:34:40',0),(15,'https://wildrivertech.com/author/jimwildrivertech-com/','54:dec0390d759a599513c6009d368a01c1',1,'user',NULL,NULL,NULL,NULL,NULL,NULL,NULL,NULL,0,NULL,NULL,NULL,NULL,NULL,NULL,0,0,NULL,NULL,NULL,NULL,NULL,'https://2.gravatar.com/avatar/89e9328c05dd3f87ab60e87a1fd10432?s=500&d=mm&r=g',NULL,NULL,'gravatar-image',NULL,NULL,'https://2.gravatar.com/avatar/89e9328c05dd3f87ab60e87a1fd10432?s=500&d=mm&r=g',NULL,'gravatar-image',NULL,NULL,9,NULL,'2022-06-12 17:52:39','2024-01-12 04:59:54',1,NULL,NULL,NULL,NULL,0,NULL,2,'2024-01-11 23:59:54','2019-11-22 16:20:03',NULL),(6,'https://wildrivertech.com/wild-river-technology-homepage/','57:862626001755618d47ecdac7eda9ffc5',5148,'post','page',1,0,NULL,NULL,'Home','publish',NULL,0,NULL,NULL,NULL,NULL,NULL,0,0,NULL,0,NULL,NULL,NULL,NULL,'http://testsite.wildrivertech.com/wp-content/uploads/2022/03/ISI-56-293x300.png',NULL,NULL,'first-content-image',NULL,NULL,'http://testsite.wildrivertech.com/wp-content/uploads/2022/03/ISI-56-293x300.png',NULL,'first-content-image',NULL,4,4,NULL,'2022-06-11 13:03:08','2023-10-21 07:10:45',1,NULL,NULL,NULL,NULL,0,NULL,2,'2022-06-29 08:59:45','2020-06-08 20:12:58',0),(8,'https://wildrivertech.com/videos/how-next-used-social-media-to-turn-haters-into-loyal-fans-and-ambassadors/','107:4ce01cb8ad0a62ade1917101c0059969',5134,'post','avada_portfolio',1,0,NULL,NULL,'How Next used social media to turn haters into loyal fans and ambassadors','publish',NULL,0,NULL,NULL,NULL,NULL,NULL,0,0,NULL,0,NULL,NULL,NULL,NULL,NULL,NULL,NULL,NULL,NULL,NULL,NULL,NULL,NULL,NULL,0,2,NULL,'2022-06-11 15:55:42','2023-10-21 08:08:59',1,NULL,NULL,NULL,NULL,0,NULL,2,'2020-06-24 16:54:25','2020-06-24 16:54:25',0),(9,'https://wildrivertech.com/videos/','33:227176702dcfcbc22cb02df1930af751',NULL,'post-type-archive','avada_portfolio',NULL,NULL,'%%pt_plural%% Archive %%page%% %%sep%% %%sitename%%','','Portfolio',NULL,1,0,NULL,NULL,NULL,NULL,NULL,NULL,0,0,0,0,0,0,NULL,NULL,NULL,NULL,NULL,NULL,NULL,NULL,NULL,NULL,NULL,NULL,NULL,NULL,'2022-06-11 15:55:42','2023-10-22 04:12:16',1,NULL,NULL,NULL,NULL,0,NULL,2,'2020-06-24 17:07:41','2019-11-28 21:29:35',NULL),(10,'https://wildrivertech.com/si-test-fixtures/','43:64055a14b4d4e0225c3223d4815ada15',1682,'post','page',1,0,NULL,NULL,'SI Test Fixtures','publish',NULL,0,NULL,NULL,NULL,NULL,NULL,0,0,NULL,0,NULL,NULL,NULL,NULL,NULL,NULL,NULL,NULL,NULL,NULL,NULL,NULL,NULL,NULL,11,0,NULL,'2022-06-11 19:30:01','2023-10-21 02:01:46',1,NULL,NULL,NULL,NULL,0,NULL,2,'2022-05-18 18:49:12','2020-07-24 16:33:42',0),(13,'https://wildrivertech.com/resources/media-coverage/','51:06c7dc14a0bb31e52bf4d1119451071a',5322,'post','page',1,1695,NULL,NULL,'Media Coverage','publish',NULL,0,NULL,NULL,NULL,NULL,NULL,0,0,NULL,0,NULL,NULL,NULL,NULL,NULL,NULL,NULL,NULL,NULL,NULL,NULL,NULL,NULL,NULL,0,2,NULL,'2022-06-12 06:14:32','2023-10-20 07:05:45',1,NULL,NULL,NULL,NULL,1,NULL,2,'2022-05-13 07:12:16','2022-03-18 10:35:42',0),(14,'https://wildrivertech.com/resources/high-speed-communications-white-papers/','75:0e1f4c36dbefedb492c4bb007629c4ae',5324,'post','page',1,1695,NULL,NULL,'HSC White Papers','publish',NULL,0,NULL,NULL,NULL,NULL,NULL,0,0,NULL,0,NULL,NULL,NULL,NULL,NULL,NULL,NULL,NULL,NULL,NULL,NULL,NULL,NULL,NULL,0,2,NULL,'2022-06-12 14:57:00','2024-01-12 04:59:54',1,NULL,NULL,NULL,NULL,1,NULL,2,'2024-01-11 23:59:54','2022-03-18 10:36:32',0),(16,'https://wildrivertech.com/takes-a-village/','42:5129ec6ba69fac9ada18d7938f6def06',1,'post','post',7,0,NULL,NULL,'It Takes a Village To Do Extreme Signal Integrity; a Chat With Al Neves','publish',NULL,0,NULL,NULL,NULL,NULL,NULL,0,0,NULL,0,NULL,NULL,NULL,NULL,NULL,NULL,NULL,NULL,NULL,NULL,NULL,NULL,NULL,NULL,0,3,NULL,'2022-06-12 17:52:39','2023-10-21 07:12:04',1,NULL,NULL,NULL,NULL,0,NULL,2,'2023-08-02 20:28:39','2022-02-02 01:13:56',0),(81,NULL,NULL,NULL,'date-archive',NULL,NULL,NULL,'%%date%% %%page%% %%sep%% %%sitename%%','',NULL,NULL,0,0,NULL,NULL,NULL,NULL,NULL,NULL,0,1,0,0,0,0,NULL,NULL,NULL,NULL,NULL,NULL,NULL,NULL,NULL,NULL,NULL,NULL,NULL,NULL,'2022-06-24 01:56:31','2023-10-21 07:08:49',1,NULL,NULL,NULL,NULL,0,NULL,1,NULL,NULL,NULL),(88,'https://wildrivertech.com/portfolio_category/customer-experience/','65:f7de89766cf503b9f1b3790451a3f9ff',129,'term','portfolio_category',NULL,NULL,NULL,NULL,'Customer Experience',NULL,NULL,0,NULL,NULL,NULL,NULL,NULL,NULL,0,NULL,NULL,NULL,NULL,NULL,NULL,NULL,NULL,NULL,NULL,NULL,NULL,NULL,NULL,NULL,NULL,0,3,NULL,'2022-06-29 03:17:54','2023-10-21 08:24:04',1,NULL,NULL,NULL,NULL,0,NULL,2,'2020-06-24 17:07:41','2020-06-24 16:56:21',NULL),(72,'https://wildrivertech.com/resources/webinars/','45:e9f15e08339839077855aa41c17a5ca7',5316,'post','page',1,1695,NULL,NULL,'Webinars','publish',NULL,0,NULL,NULL,NULL,NULL,NULL,0,0,NULL,0,NULL,NULL,NULL,NULL,NULL,NULL,NULL,NULL,NULL,NULL,NULL,NULL,NULL,NULL,0,2,NULL,'2022-06-15 14:21:53','2023-10-20 02:45:37',1,NULL,NULL,NULL,NULL,1,NULL,2,'2022-05-11 08:33:08','2022-03-18 10:34:02',0),(78,'https://wildrivertech.com/faq-items/','36:960c04a6719d60dac9921683ea7d02c4',NULL,'post-type-archive','avada_faq',NULL,NULL,'%%pt_plural%% Archive %%page%% %%sep%% %%sitename%%','','FAQs',NULL,1,0,NULL,NULL,NULL,NULL,NULL,NULL,0,0,0,0,0,0,NULL,NULL,NULL,NULL,NULL,NULL,NULL,NULL,NULL,NULL,NULL,NULL,NULL,NULL,'2022-06-18 16:19:20','2023-10-26 22:53:42',1,NULL,NULL,NULL,NULL,0,NULL,2,'2022-11-17 19:50:30','2022-11-17 19:42:38',NULL),(110,'https://wildrivertech.com/?page_id=6398','39:2dc091384aaa5958ebe12a4b395c21a3',6398,'post','page',1,0,NULL,NULL,'Refund and Returns Policy','draft',0,0,NULL,NULL,NULL,NULL,NULL,0,0,NULL,0,NULL,NULL,NULL,NULL,NULL,NULL,NULL,NULL,NULL,NULL,NULL,NULL,NULL,NULL,NULL,NULL,NULL,'2022-10-21 17:46:22','2023-10-21 08:08:59',1,NULL,NULL,NULL,NULL,0,NULL,2,'0000-00-00 00:00:00','0000-00-00 00:00:00',0),(73,'https://wildrivertech.com/category/cable-assemblies/','52:249550f03d215d03bfd32040b200dedb',6,'term','category',NULL,NULL,NULL,NULL,'Cable Assemblies',NULL,NULL,0,NULL,NULL,NULL,NULL,NULL,NULL,0,NULL,NULL,NULL,NULL,NULL,NULL,NULL,NULL,NULL,NULL,NULL,NULL,NULL,NULL,NULL,NULL,0,NULL,NULL,'2022-06-16 05:55:04','2023-10-21 08:08:59',1,NULL,NULL,NULL,NULL,0,NULL,2,NULL,NULL,NULL),(98,'https://wildrivertech.com/tag/avada/','36:e3b93494a8728cc4df1b5feba50be429',26,'term','post_tag',NULL,NULL,NULL,NULL,'Avada',NULL,NULL,0,NULL,NULL,NULL,NULL,NULL,NULL,0,NULL,NULL,NULL,NULL,NULL,NULL,NULL,NULL,NULL,NULL,NULL,NULL,NULL,NULL,NULL,NULL,0,NULL,NULL,'2022-08-03 07:54:15','2023-10-21 08:08:59',1,NULL,NULL,NULL,NULL,0,NULL,2,NULL,NULL,NULL),(91,'https://wildrivertech.com/category/uncategorized/','49:9e9413fffcbf9d7913b4d6cf5012d11d',1,'term','category',NULL,NULL,NULL,NULL,'Uncategorized',NULL,NULL,0,NULL,NULL,NULL,NULL,NULL,NULL,0,NULL,NULL,NULL,NULL,NULL,NULL,NULL,NULL,NULL,NULL,NULL,NULL,NULL,NULL,NULL,NULL,0,0,NULL,'2022-07-04 18:14:57','2023-10-21 08:08:59',1,NULL,NULL,NULL,NULL,0,NULL,2,NULL,NULL,NULL),(79,'https://wildrivertech.com/portfolio_category/content-strategy/','62:6fe973aa98d1415772953e190bcaacc7',128,'term','portfolio_category',NULL,NULL,NULL,NULL,'Content Strategy',NULL,NULL,0,NULL,NULL,NULL,NULL,NULL,NULL,0,NULL,NULL,NULL,NULL,NULL,NULL,NULL,NULL,NULL,NULL,NULL,NULL,NULL,NULL,NULL,NULL,0,3,NULL,'2022-06-18 17:37:08','2023-10-21 08:24:04',1,NULL,NULL,NULL,NULL,0,NULL,2,'2020-06-24 16:58:48','2020-06-24 16:53:16',NULL),(70,'https://wildrivertech.com/category/news-events/','47:9983cecdfa2264346770e2913ff9d85d',3,'term','category',NULL,NULL,NULL,NULL,'News &amp; Events',NULL,NULL,0,NULL,NULL,NULL,NULL,NULL,NULL,0,NULL,NULL,NULL,NULL,NULL,NULL,NULL,NULL,NULL,NULL,NULL,NULL,NULL,NULL,NULL,NULL,0,NULL,NULL,'2022-06-14 08:22:37','2023-10-21 08:08:59',1,NULL,NULL,NULL,NULL,0,NULL,2,NULL,NULL,NULL),(41,'https://wildrivertech.com/videos/how-spaces-attracted-five-million-visitors-by-improving-the-content/','101:742061ebef9debafbc7ad8e64116eb19',433,'post','avada_portfolio',1,0,NULL,NULL,'How Spaces attracted five million visitors by improving the content','publish',NULL,0,NULL,NULL,NULL,NULL,NULL,0,0,NULL,0,NULL,NULL,NULL,NULL,NULL,NULL,NULL,NULL,NULL,NULL,NULL,NULL,NULL,NULL,0,2,NULL,'2022-06-12 17:54:31','2023-10-21 08:08:59',1,NULL,NULL,NULL,NULL,0,NULL,2,'2020-06-24 17:07:41','2020-06-24 17:07:41',0),(67,'https://wildrivertech.com/product/isi-56g/','42:0978b52ebea737934254da1c54f283f3',5274,'post','product',1,1682,NULL,NULL,'ISI-56G','publish',NULL,0,NULL,NULL,NULL,NULL,NULL,0,0,NULL,0,NULL,NULL,NULL,NULL,NULL,NULL,NULL,NULL,NULL,NULL,NULL,NULL,NULL,NULL,6,3,NULL,'2022-06-14 07:25:24','2023-10-21 08:24:04',1,NULL,NULL,NULL,NULL,1,NULL,2,'2022-10-26 18:44:17','2022-03-18 10:26:21',0),(42,'https://wildrivertech.com/videos/creativity-helped-hemisferio-to-increase-their-brand-reach-vertically/','103:cabd3a93b045c547cad50d2b91c4207c',431,'post','avada_portfolio',1,0,NULL,NULL,'Creativity helped Hemisferio to increase their brand reach vertically','publish',NULL,0,NULL,NULL,NULL,NULL,NULL,0,0,NULL,0,NULL,NULL,NULL,NULL,NULL,NULL,NULL,NULL,NULL,NULL,NULL,NULL,NULL,NULL,0,2,NULL,'2022-06-12 17:54:32','2023-10-21 08:08:59',1,NULL,NULL,NULL,NULL,0,NULL,2,'2020-06-24 16:58:48','2020-06-24 16:58:48',0),(43,'https://wildrivertech.com/videos/how-digitalbox-used-ai-powered-data-insight-to-boost-sales/','92:267000ea90cbf15333640a53940cd542',429,'post','avada_portfolio',1,0,NULL,NULL,'How DigitalBox used AI-powered data insight to boost sales','publish',NULL,0,NULL,NULL,NULL,NULL,NULL,0,0,NULL,0,NULL,NULL,NULL,NULL,NULL,NULL,NULL,NULL,NULL,NULL,NULL,NULL,NULL,NULL,0,2,NULL,'2022-06-12 17:54:32','2023-10-21 08:08:59',1,NULL,NULL,NULL,NULL,0,NULL,2,'2020-06-24 16:57:43','2020-06-24 16:57:43',0),(44,'https://wildrivertech.com/videos/how-cglobal-is-using-social-media-as-a-tool-for-commercialization/','99:8fc25d3b60e713f20020a86e53f3fc50',427,'post','avada_portfolio',1,0,NULL,NULL,'How CGlobal is using social media as a tool for commercialization','publish',NULL,0,NULL,NULL,NULL,NULL,NULL,0,0,NULL,0,NULL,NULL,NULL,NULL,NULL,NULL,NULL,NULL,NULL,NULL,NULL,NULL,NULL,NULL,0,2,NULL,'2022-06-12 17:54:32','2023-10-21 08:08:59',1,NULL,NULL,NULL,NULL,0,NULL,2,'2020-06-24 16:56:21','2020-06-24 16:56:21',0),(45,'https://wildrivertech.com/videos/how-abstract-reached-a-global-audience-with-a-minuscule-budget/','96:ed89d7e35a30cb4b63d574fbd20e28c8',423,'post','avada_portfolio',1,0,NULL,NULL,'How Abstract reached a global audience with a minuscule budget','publish',NULL,0,NULL,NULL,NULL,NULL,NULL,0,0,NULL,0,NULL,NULL,NULL,NULL,NULL,NULL,NULL,NULL,NULL,NULL,NULL,NULL,NULL,NULL,0,2,NULL,'2022-06-12 17:54:32','2023-10-21 08:08:59',1,NULL,NULL,NULL,NULL,0,NULL,2,'2020-06-24 16:53:16','2020-06-24 16:53:16',0),(46,'https://wildrivertech.com/about/','32:5f51a934ae74c5f2245f95425d10f840',5151,'post','page',1,0,NULL,NULL,'About','publish',NULL,0,NULL,NULL,NULL,NULL,NULL,0,0,NULL,0,NULL,NULL,NULL,NULL,NULL,NULL,NULL,NULL,NULL,NULL,NULL,NULL,NULL,NULL,0,29,NULL,'2022-06-12 17:54:44','2023-10-20 08:14:11',1,NULL,NULL,NULL,NULL,0,NULL,2,'2023-07-13 18:38:21','2020-06-08 20:25:27',0),(47,'https://wildrivertech.com/about/conflict-minerals-policy/','57:9b56b7bf281f4568e04abf9434ce172a',5576,'post','page',1,5151,NULL,NULL,'Conflict Minerals Policy','publish',NULL,0,NULL,NULL,NULL,NULL,NULL,0,0,NULL,0,NULL,NULL,NULL,NULL,NULL,NULL,NULL,NULL,NULL,NULL,NULL,NULL,NULL,NULL,0,1,NULL,'2022-06-12 17:54:44','2023-10-20 08:14:11',1,NULL,NULL,NULL,NULL,1,NULL,2,'2022-04-02 12:35:13','2022-03-29 13:43:13',0),(48,'https://wildrivertech.com/?page_id=5588','39:62bb16e34c7c53db49f8deabf29fd0a4',5588,'post','page',1,5151,NULL,NULL,'Who we are','draft',0,0,NULL,NULL,NULL,NULL,NULL,0,0,NULL,0,NULL,NULL,NULL,NULL,NULL,NULL,NULL,NULL,NULL,NULL,NULL,NULL,NULL,NULL,NULL,NULL,NULL,'2022-06-12 17:54:44','2023-10-21 07:10:45',1,NULL,NULL,NULL,NULL,1,NULL,2,'2023-07-26 20:04:07','2022-03-29 13:51:33',0),(49,'https://wildrivertech.com/about/privacy-policy/','47:659752cc7e606f32a02a2d9e87e99727',5578,'post','page',1,5151,NULL,NULL,'Privacy Policy','publish',NULL,0,NULL,NULL,NULL,NULL,NULL,0,0,NULL,0,NULL,NULL,NULL,NULL,NULL,NULL,NULL,NULL,NULL,NULL,NULL,NULL,NULL,NULL,0,1,NULL,'2022-06-12 17:54:44','2023-10-21 02:54:15',1,NULL,NULL,NULL,NULL,1,NULL,2,'2022-05-11 11:42:44','2022-03-29 13:43:36',0),(50,'https://wildrivertech.com/about/terms-conditions/','49:0c36a08c7689f2d7bbc6974c6eee222d',5574,'post','page',1,5151,NULL,NULL,'Terms &#038; Conditions','publish',NULL,0,NULL,NULL,NULL,NULL,NULL,0,0,NULL,0,NULL,NULL,NULL,NULL,NULL,NULL,NULL,NULL,NULL,NULL,NULL,NULL,NULL,NULL,0,1,NULL,'2022-06-12 17:54:44','2023-10-21 03:12:55',1,NULL,NULL,NULL,NULL,1,NULL,2,'2022-12-28 17:21:59','2022-03-29 13:42:35',0),(92,'https://wildrivertech.com/category/inbound-marketing/','53:99623e7e4760d042381e05b5d987ceb5',123,'term','category',NULL,NULL,NULL,NULL,'Inbound Marketing',NULL,NULL,0,NULL,NULL,NULL,NULL,NULL,NULL,0,NULL,NULL,NULL,NULL,NULL,NULL,NULL,NULL,NULL,NULL,NULL,NULL,NULL,NULL,NULL,NULL,0,NULL,NULL,'2022-07-07 21:23:20','2023-10-21 08:24:04',1,NULL,NULL,NULL,NULL,0,NULL,2,NULL,NULL,NULL),(51,'https://wildrivertech.com/blank-page/','37:fdb0326793e6fc35b34190d51044ca1b',5937,'post','page',1,0,NULL,NULL,'Blank Page','publish',NULL,0,NULL,NULL,NULL,NULL,NULL,0,0,NULL,0,NULL,NULL,NULL,NULL,NULL,NULL,NULL,NULL,NULL,NULL,NULL,NULL,NULL,NULL,0,NULL,NULL,'2022-06-12 17:54:44','2023-10-21 07:10:45',1,NULL,NULL,NULL,NULL,0,NULL,2,'2022-04-05 19:02:49','2022-04-05 19:02:49',0),(52,'https://wildrivertech.com/components/','37:2aae9bf13e770777c5b6f99998d580e7',1626,'post','page',1,0,NULL,NULL,'Components','publish',NULL,0,NULL,NULL,NULL,NULL,NULL,0,0,NULL,0,NULL,NULL,NULL,NULL,NULL,NULL,NULL,NULL,NULL,NULL,NULL,NULL,NULL,NULL,10,1,NULL,'2022-06-12 17:54:44','2023-10-21 07:10:45',1,NULL,NULL,NULL,NULL,0,NULL,2,'2022-06-15 10:50:37','2020-07-23 23:03:56',0),(65,'https://wildrivertech.com/slide/insight/','40:9e31521e2effe34a3ac9261f33c1b00a',2110,'post','slide',3,0,NULL,NULL,'Insight','publish',NULL,0,NULL,NULL,NULL,NULL,NULL,0,0,NULL,0,NULL,NULL,NULL,NULL,'https://wildrivertech.com/wp-content/uploads/2016/11/River-1920-x-1080-e1666388861543.png',NULL,'6036','featured-image',NULL,NULL,'https://wildrivertech.com/wp-content/uploads/2016/11/River-1920-x-1080-e1666388861543-1024x684.png','6036','featured-image','{\"width\":1024,\"height\":684,\"filesize\":1298485,\"path\":\"2016/11/River-1920-x-1080-e1666388861543-1024x684.png\",\"url\":\"https://wildrivertech.com/wp-content/uploads/2016/11/River-1920-x-1080-e1666388861543-1024x684.png\",\"size\":\"large\",\"id\":6036,\"alt\":\"\",\"pixels\":700416,\"type\":\"image/png\"}',0,NULL,NULL,'2022-06-14 07:08:20','2023-10-21 08:38:53',1,NULL,NULL,NULL,NULL,0,NULL,2,'2022-06-14 07:08:20','2016-11-08 15:43:58',0),(59,'https://wildrivertech.com/contact-2/','36:4ca0839e95e78fa1acd3a20739a96a73',5484,'post','page',1,0,NULL,NULL,'Contact','publish',NULL,0,NULL,NULL,NULL,NULL,NULL,0,0,NULL,0,NULL,NULL,NULL,NULL,NULL,NULL,NULL,NULL,NULL,NULL,NULL,NULL,NULL,NULL,0,0,NULL,'2022-06-12 17:54:44','2023-10-20 03:01:42',1,NULL,NULL,NULL,NULL,0,NULL,2,'2022-03-31 10:03:03','2022-03-25 21:59:28',0),(60,'https://wildrivertech.com/?page_id=5320','39:1998b4d8dfbd01f866d3da38be826f17',5320,'post','page',1,1695,NULL,NULL,'News &#038; Events','draft',0,0,NULL,NULL,NULL,NULL,NULL,0,0,NULL,0,NULL,NULL,NULL,NULL,NULL,NULL,NULL,NULL,NULL,NULL,NULL,NULL,NULL,NULL,NULL,NULL,NULL,'2022-06-12 17:54:44','2023-10-21 08:08:59',1,NULL,NULL,NULL,NULL,1,NULL,2,'2022-03-31 14:23:30','2022-03-18 10:35:06',0),(61,'https://wildrivertech.com/resources/training/','45:5927d7b7ee17ce6ad7eb8d871163a16c',5314,'post','page',1,1695,NULL,NULL,'Training','publish',NULL,0,NULL,NULL,NULL,NULL,NULL,60,0,NULL,0,NULL,NULL,NULL,NULL,NULL,NULL,NULL,NULL,NULL,NULL,NULL,NULL,NULL,NULL,1,2,NULL,'2022-06-12 17:54:44','2023-10-20 02:49:35',1,NULL,NULL,NULL,NULL,1,NULL,2,'2022-12-20 18:19:59','2022-03-18 10:33:41',0),(63,'https://wildrivertech.com/portfolio_category/local-marketing/','61:b300a908d9a437b154538292b7fabc22',132,'term','portfolio_category',NULL,NULL,NULL,NULL,'Local Marketing',NULL,NULL,0,NULL,NULL,NULL,NULL,NULL,NULL,0,NULL,NULL,NULL,NULL,NULL,NULL,NULL,NULL,NULL,NULL,NULL,NULL,NULL,NULL,NULL,NULL,0,3,NULL,'2022-06-13 17:17:24','2023-10-21 08:24:04',1,NULL,NULL,NULL,NULL,0,NULL,2,'2020-06-24 17:07:41','2020-06-24 16:56:21',NULL),(84,'https://wildrivertech.com/category/videos/','42:bb982a07ce23756382a14c09304f8eff',4,'term','category',NULL,NULL,NULL,NULL,'videos',NULL,NULL,0,NULL,NULL,NULL,NULL,NULL,NULL,0,NULL,NULL,NULL,NULL,NULL,NULL,NULL,NULL,NULL,NULL,NULL,NULL,NULL,NULL,NULL,NULL,0,NULL,NULL,'2022-06-27 10:04:38','2023-10-21 08:08:59',1,NULL,NULL,NULL,NULL,0,NULL,2,NULL,NULL,NULL),(109,'https://wildrivertech.com/my-account/','37:06bb12e968d785c87fb217f5191ad36e',6397,'post','page',1,0,NULL,NULL,'My account','publish',NULL,0,NULL,NULL,NULL,NULL,NULL,0,0,NULL,0,NULL,NULL,NULL,NULL,NULL,NULL,NULL,NULL,NULL,NULL,NULL,NULL,NULL,NULL,0,8,NULL,'2022-10-21 17:46:21','2023-10-21 08:24:04',1,NULL,NULL,NULL,NULL,0,NULL,2,'2022-10-21 17:46:21','2022-10-21 17:46:21',0),(107,'https://wildrivertech.com/cart/','31:6c095ef7b185b3ac7dcad914b8a58b8c',6395,'post','page',1,0,NULL,NULL,'Cart','publish',NULL,0,NULL,NULL,NULL,NULL,NULL,0,0,NULL,0,NULL,NULL,NULL,NULL,NULL,NULL,NULL,NULL,NULL,NULL,NULL,NULL,NULL,NULL,0,1,NULL,'2022-10-21 17:46:21','2023-10-21 07:10:45',1,NULL,NULL,NULL,NULL,0,NULL,2,'2022-10-21 17:46:21','2022-10-21 17:46:21',0),(93,'https://wildrivertech.com/category/content-marketing/','53:a70dfbd51b2feac9fee7d994bccc0323',121,'term','category',NULL,NULL,NULL,NULL,'Content Marketing',NULL,NULL,0,NULL,NULL,NULL,NULL,NULL,NULL,0,NULL,NULL,NULL,NULL,NULL,NULL,NULL,NULL,NULL,NULL,NULL,NULL,NULL,NULL,NULL,NULL,0,NULL,NULL,'2022-07-07 22:15:27','2023-10-21 08:24:04',1,NULL,NULL,NULL,NULL,0,NULL,2,NULL,NULL,NULL),(82,'https://wildrivertech.com/category/uncategorised/','49:b0a7d003e084be11e542798bdae8263b',2,'term','category',NULL,NULL,NULL,NULL,'Uncategorised',NULL,NULL,0,NULL,NULL,NULL,NULL,NULL,NULL,0,NULL,NULL,NULL,NULL,NULL,NULL,NULL,NULL,NULL,NULL,NULL,NULL,NULL,NULL,NULL,NULL,0,NULL,NULL,'2022-06-24 17:37:29','2023-10-21 08:08:59',1,NULL,NULL,NULL,NULL,0,NULL,2,NULL,NULL,NULL),(774,'https://wildrivertech.com/faq-items/how-much-does-xxx-cost/','59:eca4d0240fe32c14ce3cb67cb1bfb224',6842,'post','avada_faq',1,0,NULL,NULL,'How much does XXX cost?','publish',NULL,0,NULL,NULL,NULL,NULL,NULL,60,0,NULL,0,NULL,NULL,NULL,NULL,NULL,NULL,NULL,NULL,NULL,NULL,NULL,NULL,NULL,NULL,0,NULL,NULL,'2022-11-17 19:39:08','2023-10-21 08:08:59',1,NULL,NULL,NULL,NULL,0,NULL,2,'2022-11-17 19:43:55','2022-11-17 19:42:38',0),(99,'https://wildrivertech.com/category/products/','44:d2639dcb415c03391492bfe9cc8c9ce2',5,'term','category',NULL,NULL,NULL,NULL,'products',NULL,NULL,0,NULL,NULL,NULL,NULL,NULL,NULL,0,NULL,NULL,NULL,NULL,NULL,NULL,NULL,NULL,NULL,NULL,NULL,NULL,NULL,NULL,NULL,NULL,0,NULL,NULL,'2022-08-06 16:20:38','2023-10-21 08:08:59',1,NULL,NULL,NULL,NULL,0,NULL,2,NULL,NULL,NULL),(108,'https://wildrivertech.com/checkout/','35:249a083976d36d9661be21161eda8dd2',6396,'post','page',1,0,NULL,NULL,'Checkout','publish',NULL,0,NULL,NULL,NULL,NULL,NULL,0,0,NULL,0,NULL,NULL,NULL,NULL,NULL,NULL,NULL,NULL,NULL,NULL,NULL,NULL,NULL,NULL,0,NULL,NULL,'2022-10-21 17:46:21','2023-10-21 07:10:45',1,NULL,NULL,NULL,NULL,0,NULL,2,'2022-10-21 17:46:21','2022-10-21 17:46:21',0),(94,NULL,NULL,NULL,'system-page','search-result',NULL,NULL,'You searched for %%searchphrase%% %%page%% %%sep%% %%sitename%%',NULL,NULL,NULL,NULL,0,NULL,NULL,NULL,NULL,NULL,NULL,0,1,0,0,0,0,NULL,NULL,NULL,NULL,NULL,NULL,NULL,NULL,NULL,NULL,NULL,NULL,NULL,NULL,'2022-07-16 03:29:50','2023-10-21 07:08:49',1,NULL,NULL,NULL,NULL,0,NULL,1,NULL,NULL,NULL),(102,'https://wildrivertech.com/category/news/','40:c6cec0fbfd8c9d3df1a97ad1aa68342c',25,'term','category',NULL,NULL,NULL,NULL,'News',NULL,NULL,0,NULL,NULL,NULL,NULL,NULL,NULL,0,NULL,NULL,NULL,NULL,NULL,NULL,NULL,NULL,NULL,NULL,NULL,NULL,NULL,NULL,NULL,NULL,0,NULL,NULL,'2022-10-15 13:05:41','2023-10-21 08:08:59',1,NULL,NULL,NULL,NULL,0,NULL,2,NULL,NULL,NULL),(95,'https://wildrivertech.com/category/social-media/','48:054ebb58e41e97f90f465e350fc004d1',125,'term','category',NULL,NULL,NULL,NULL,'Social Media',NULL,NULL,0,NULL,NULL,NULL,NULL,NULL,NULL,0,NULL,NULL,NULL,NULL,NULL,NULL,NULL,NULL,NULL,NULL,NULL,NULL,NULL,NULL,NULL,NULL,0,NULL,NULL,'2022-07-16 21:53:44','2023-10-21 08:24:04',1,NULL,NULL,NULL,NULL,0,NULL,2,NULL,NULL,NULL),(96,'https://wildrivertech.com/tag/technology/','41:036575085011bce5aec45e4bd523ec44',27,'term','post_tag',NULL,NULL,NULL,NULL,'Technology',NULL,NULL,0,NULL,NULL,NULL,NULL,NULL,NULL,0,NULL,NULL,NULL,NULL,NULL,NULL,NULL,NULL,NULL,NULL,NULL,NULL,NULL,NULL,NULL,NULL,0,NULL,NULL,'2022-07-21 12:40:33','2023-10-21 08:08:59',1,NULL,NULL,NULL,NULL,0,NULL,2,NULL,NULL,NULL),(97,'https://wildrivertech.com/portfolio_category/digital-strategy/','62:8be26c7ab18bf38bdcd7cd0a6f2bde87',130,'term','portfolio_category',NULL,NULL,NULL,NULL,'Digital Strategy',NULL,NULL,0,NULL,NULL,NULL,NULL,NULL,NULL,0,NULL,NULL,NULL,NULL,NULL,NULL,NULL,NULL,NULL,NULL,NULL,NULL,NULL,NULL,NULL,NULL,0,3,NULL,'2022-07-30 14:06:01','2023-10-21 08:24:04',1,NULL,NULL,NULL,NULL,0,NULL,2,'2020-06-24 16:58:48','2020-06-24 16:53:16',NULL),(775,'https://wildrivertech.com/faq-items/are-your-test-platforms-available-for-evaluation/','85:16a90e4d85c42f5b6521e72f3942c27b',6846,'post','avada_faq',1,0,NULL,NULL,'Are your test platforms available for evaluation?','publish',NULL,0,NULL,NULL,NULL,NULL,NULL,90,0,NULL,0,NULL,NULL,NULL,NULL,NULL,NULL,NULL,NULL,NULL,NULL,NULL,NULL,NULL,NULL,0,NULL,NULL,'2022-11-17 19:44:49','2023-10-21 08:08:59',1,NULL,NULL,NULL,NULL,0,NULL,2,'2022-11-17 19:50:30','2022-11-17 19:50:30',0),(103,'https://wildrivertech.com/category/digital-marketing/','53:695d0b0536c44023cf8f72bfc6cd222d',122,'term','category',NULL,NULL,NULL,NULL,'Digital Marketing',NULL,NULL,0,NULL,NULL,NULL,NULL,NULL,NULL,0,NULL,NULL,NULL,NULL,NULL,NULL,NULL,NULL,NULL,NULL,NULL,NULL,NULL,NULL,NULL,NULL,0,NULL,NULL,'2022-10-15 19:26:50','2023-10-21 08:24:04',1,NULL,NULL,NULL,NULL,0,NULL,2,NULL,NULL,NULL),(100,'https://wildrivertech.com/tag/virtual-reality/','46:8929719514976b360edf47793d2242d7',29,'term','post_tag',NULL,NULL,NULL,NULL,'Virtual Reality',NULL,NULL,0,NULL,NULL,NULL,NULL,NULL,NULL,0,NULL,NULL,NULL,NULL,NULL,NULL,NULL,NULL,NULL,NULL,NULL,NULL,NULL,NULL,NULL,NULL,0,NULL,NULL,'2022-08-23 19:46:53','2023-10-21 08:08:59',1,NULL,NULL,NULL,NULL,0,NULL,2,NULL,NULL,NULL),(104,'https://wildrivertech.com/product-category/uncategorized/','57:3f3d0bc9ca2331f1a45f52d548ee98c3',157,'term','product_cat',NULL,NULL,NULL,NULL,'Uncategorized',NULL,NULL,0,NULL,NULL,NULL,NULL,NULL,NULL,0,NULL,NULL,NULL,NULL,NULL,NULL,NULL,NULL,NULL,NULL,NULL,NULL,NULL,NULL,NULL,NULL,0,NULL,NULL,'2022-10-21 17:46:20','2023-10-21 08:38:53',1,NULL,NULL,NULL,NULL,0,NULL,2,NULL,NULL,NULL),(101,'https://wildrivertech.com/category/marketing-strategy/','54:1097f5871ffbc0dca3d87c96ddda4e07',124,'term','category',NULL,NULL,NULL,NULL,'Marketing Strategy',NULL,NULL,0,NULL,NULL,NULL,NULL,NULL,NULL,0,NULL,NULL,NULL,NULL,NULL,NULL,NULL,NULL,NULL,NULL,NULL,NULL,NULL,NULL,NULL,NULL,0,NULL,NULL,'2022-08-30 00:09:46','2023-10-21 08:24:04',1,NULL,NULL,NULL,NULL,0,NULL,2,NULL,NULL,NULL),(106,'https://wildrivertech.com/shop/','31:7870a434f51cd2b690b111d6286168f3',6394,'post','page',1,0,NULL,NULL,'Shop','publish',NULL,0,NULL,NULL,NULL,NULL,NULL,0,0,NULL,0,NULL,NULL,NULL,NULL,NULL,NULL,NULL,NULL,NULL,NULL,NULL,NULL,NULL,NULL,0,1,NULL,'2022-10-21 17:46:21','2023-10-20 03:54:37',1,NULL,NULL,NULL,NULL,0,NULL,2,'2022-10-21 17:46:21','2022-10-21 17:46:21',0),(111,'https://wildrivertech.com/category/food/','40:6d0da5974acbd9ece8179ddd5f4c69aa',158,'term','category',NULL,NULL,NULL,NULL,'Food',NULL,NULL,0,NULL,NULL,NULL,NULL,NULL,NULL,0,NULL,NULL,NULL,NULL,NULL,NULL,NULL,NULL,NULL,NULL,NULL,NULL,NULL,NULL,NULL,NULL,0,NULL,NULL,'2022-10-21 17:47:12','2023-10-21 08:38:53',1,NULL,NULL,NULL,NULL,0,NULL,2,NULL,NULL,NULL),(112,'https://wildrivertech.com/category/gym/','39:c37f0519924d35e39309def818f93e5c',159,'term','category',NULL,NULL,NULL,NULL,'Gym',NULL,NULL,0,NULL,NULL,NULL,NULL,NULL,NULL,0,NULL,NULL,NULL,NULL,NULL,NULL,NULL,NULL,NULL,NULL,NULL,NULL,NULL,NULL,NULL,NULL,0,NULL,NULL,'2022-10-21 17:47:12','2023-10-21 08:38:53',1,NULL,NULL,NULL,NULL,0,NULL,2,NULL,NULL,NULL),(113,'https://wildrivertech.com/category/tips-tricks/','47:2339f76f6ba14eb5d81971e053fcc62a',160,'term','category',NULL,NULL,NULL,NULL,'Tips &amp; tricks',NULL,NULL,0,NULL,NULL,NULL,NULL,NULL,NULL,0,NULL,NULL,NULL,NULL,NULL,NULL,NULL,NULL,NULL,NULL,NULL,NULL,NULL,NULL,NULL,NULL,0,NULL,NULL,'2022-10-21 17:47:12','2023-10-21 08:38:53',1,NULL,NULL,NULL,NULL,0,NULL,2,NULL,NULL,NULL),(114,'https://wildrivertech.com/product-category/equipment/','53:fc8a629e42be114310d61e8a55edf1d6',161,'term','product_cat',NULL,NULL,NULL,NULL,'Equipment',NULL,NULL,0,NULL,NULL,NULL,NULL,NULL,NULL,0,NULL,NULL,NULL,NULL,NULL,NULL,NULL,NULL,NULL,NULL,NULL,NULL,NULL,NULL,NULL,NULL,0,NULL,NULL,'2022-10-21 17:47:12','2023-10-21 08:38:53',1,NULL,NULL,NULL,NULL,0,NULL,2,NULL,NULL,NULL),(115,'https://wildrivertech.com/portfolio_category/lift-firm-perk-up/','63:c91ecdea86ad9d9f6ff84d91955aa644',162,'term','portfolio_category',NULL,NULL,NULL,NULL,'Lift firm &amp; perk up',NULL,NULL,0,NULL,NULL,NULL,NULL,NULL,NULL,0,NULL,NULL,NULL,NULL,NULL,NULL,NULL,NULL,NULL,NULL,NULL,NULL,NULL,NULL,NULL,NULL,0,4,NULL,'2022-10-21 17:47:12','2023-10-21 08:38:53',1,NULL,NULL,NULL,NULL,0,NULL,2,'2019-11-28 22:15:18','2019-11-28 21:29:35',NULL),(116,'https://wildrivertech.com/portfolio_category/slim-trim-your-waist/','66:f2b5048d57a8f26938c34eb2e20dcae5',163,'term','portfolio_category',NULL,NULL,NULL,NULL,'Slim &amp; trim your waist',NULL,NULL,0,NULL,NULL,NULL,NULL,NULL,NULL,0,NULL,NULL,NULL,NULL,NULL,NULL,NULL,NULL,NULL,NULL,NULL,NULL,NULL,NULL,NULL,NULL,0,4,NULL,'2022-10-21 17:47:12','2023-10-21 08:38:53',1,NULL,NULL,NULL,NULL,0,NULL,2,'2019-11-28 22:15:18','2019-11-28 21:29:35',NULL),(117,'https://wildrivertech.com/portfolio_category/thighs-glute-workout/','66:9300c6943480f39c7025917c925896ea',164,'term','portfolio_category',NULL,NULL,NULL,NULL,'Thighs &amp; glute workout',NULL,NULL,0,NULL,NULL,NULL,NULL,NULL,NULL,0,NULL,NULL,NULL,NULL,NULL,NULL,NULL,NULL,NULL,NULL,NULL,NULL,NULL,NULL,NULL,NULL,0,4,NULL,'2022-10-21 17:47:12','2023-10-21 08:38:53',1,NULL,NULL,NULL,NULL,0,NULL,2,'2019-11-28 22:15:18','2019-11-28 21:29:35',NULL),(791,'https://wildrivertech.com/?page_id=6884','39:89af677fdfe46552a8e446d09a899ca4',6884,'post','page',1,0,NULL,NULL,'Custom Cable Builder','draft',0,0,NULL,NULL,NULL,NULL,NULL,0,0,NULL,0,NULL,NULL,NULL,NULL,NULL,NULL,NULL,NULL,NULL,NULL,NULL,NULL,NULL,NULL,NULL,NULL,NULL,'2022-11-28 04:12:08','2023-10-21 07:10:45',1,NULL,NULL,NULL,NULL,0,NULL,2,'2023-01-02 19:28:25','0000-00-00 00:00:00',0),(283,'https://wildrivertech.com/shop-2/','33:267fb75f13341733241c0a5d506b1e11',NULL,'post-type-archive','product',NULL,NULL,'%%pt_plural%% Archive %%page%% %%sep%% %%sitename%%','','Products',NULL,1,0,NULL,NULL,NULL,NULL,NULL,NULL,0,0,0,0,0,0,NULL,NULL,NULL,NULL,NULL,NULL,NULL,NULL,NULL,NULL,NULL,NULL,NULL,NULL,'2022-10-25 22:32:53','2023-10-20 01:36:07',1,NULL,NULL,NULL,NULL,0,NULL,2,'2023-08-03 16:54:52','2022-03-18 10:26:21',NULL),(178,'https://wildrivertech.com/videos/30-minutes-yoga-flow/','54:007ef1b4c47cb8dbf2904f36fccc8b4b',833,'post','avada_portfolio',1,0,NULL,NULL,'30 minutes yoga flow','publish',NULL,0,NULL,NULL,NULL,NULL,NULL,0,0,NULL,0,NULL,NULL,NULL,NULL,NULL,NULL,NULL,NULL,NULL,NULL,NULL,NULL,NULL,NULL,3,2,NULL,'2022-10-21 17:47:42','2023-10-21 08:08:59',1,NULL,NULL,NULL,NULL,0,NULL,2,'2019-11-28 21:29:35','2019-11-28 21:29:35',0),(742,'https://wildrivertech.com/product/isi-112-loss-modeling-platform-set/','69:01793d0c50509e8f17792ad4ba4d9244',6803,'post','product',1,0,NULL,'The ISI-112 inter-symbol interference (ISI) platform set specifically designed for the demanding signal integrity requirements for 112 Gbaud PAM-4.','ISI-112 Loss Modeling Platform Set','publish',NULL,0,NULL,NULL,NULL,'112G PAM4',43,60,0,NULL,0,NULL,NULL,NULL,NULL,'https://wildrivertech.com/wp-content/uploads/2022/11/WRT_Case_For_ISI-112_800x600px.jpg',NULL,'6794','featured-image',NULL,NULL,'https://wildrivertech.com/wp-content/uploads/2022/11/WRT_Case_For_ISI-112_800x600px.jpg','6794','featured-image','{\"width\":800,\"height\":600,\"filesize\":143908,\"url\":\"https://wildrivertech.com/wp-content/uploads/2022/11/WRT_Case_For_ISI-112_800x600px.jpg\",\"path\":\"/home/sidesi5/public_html/wp-content/uploads/2022/11/WRT_Case_For_ISI-112_800x600px.jpg\",\"size\":\"full\",\"id\":6794,\"alt\":\"\",\"pixels\":480000,\"type\":\"image/jpeg\"}',1,3,NULL,'2022-11-16 22:51:42','2023-10-21 02:03:41',1,NULL,NULL,'ItemPage',NULL,0,NULL,2,'2023-08-03 16:54:52','2023-08-02 06:51:42',0),(179,'https://wildrivertech.com/videos/15-minutes-high-intensity-full-body/','69:adb0a816f70adcfc585e39b9d2229d86',843,'post','avada_portfolio',1,0,NULL,NULL,'15 minutes high intensity full body','publish',NULL,0,NULL,NULL,NULL,NULL,NULL,0,0,NULL,0,NULL,NULL,NULL,NULL,NULL,NULL,NULL,NULL,NULL,NULL,NULL,NULL,NULL,NULL,3,2,NULL,'2022-10-21 17:47:42','2023-10-21 08:08:59',1,NULL,NULL,NULL,NULL,0,NULL,2,'2019-11-28 21:56:38','2019-11-28 21:56:38',0),(180,'https://wildrivertech.com/videos/12-minutes-leg-workout-no-equipment/','69:acbbb76cc043020c80ebdedc38de3a19',845,'post','avada_portfolio',1,0,NULL,NULL,'12 minutes leg workout (no equipment)','publish',NULL,0,NULL,NULL,NULL,NULL,NULL,0,0,NULL,0,NULL,NULL,NULL,NULL,NULL,NULL,NULL,NULL,NULL,NULL,NULL,NULL,NULL,NULL,3,1,NULL,'2022-10-21 17:47:42','2023-10-21 08:08:59',1,NULL,NULL,NULL,NULL,0,NULL,2,'2019-11-28 21:57:46','2019-11-28 21:57:46',0),(181,'https://wildrivertech.com/videos/10-minutes-full-body-workout/','62:a7876f0ddcb5ca72b8cd75854555464e',850,'post','avada_portfolio',1,0,NULL,NULL,'10 minutes full body workout','publish',NULL,0,NULL,NULL,NULL,NULL,NULL,0,0,NULL,0,NULL,NULL,NULL,NULL,NULL,NULL,NULL,NULL,NULL,NULL,NULL,NULL,NULL,NULL,3,2,NULL,'2022-10-21 17:47:42','2023-10-21 08:08:59',1,NULL,NULL,NULL,NULL,0,NULL,2,'2019-11-28 22:15:18','2019-11-28 22:15:18',0),(218,'https://wildrivertech.com/about-2/','34:35aa48a23c3866bf0ea0233b8c707d06',6,'post','page',1,0,NULL,NULL,'More about me','publish',NULL,0,NULL,NULL,NULL,NULL,NULL,0,0,NULL,0,NULL,NULL,NULL,NULL,'http://testsite.wildrivertech.com/wp-content/uploads/2020/03/avatar-1@2x.jpg',NULL,NULL,'first-content-image',NULL,NULL,'http://testsite.wildrivertech.com/wp-content/uploads/2020/03/avatar-1@2x.jpg',NULL,'first-content-image',NULL,19,0,NULL,'2022-10-21 17:47:47','2023-10-21 08:08:59',1,NULL,NULL,NULL,NULL,0,NULL,2,'2022-10-21 17:47:49','2019-11-22 16:20:03',0),(816,'https://wildrivertech.com/videos/','33:227176702dcfcbc22cb02df1930af751',NULL,'post-type-archive','avada_portfolio',NULL,NULL,'%%pt_plural%% Archive %%page%% %%sep%% %%sitename%%','','Portfolio',NULL,1,0,NULL,NULL,NULL,NULL,NULL,NULL,0,0,0,0,0,0,NULL,NULL,NULL,NULL,NULL,NULL,NULL,NULL,NULL,NULL,NULL,NULL,NULL,NULL,'2023-10-21 04:08:59','2023-10-21 08:08:59',1,NULL,NULL,NULL,NULL,0,NULL,2,'2020-06-24 17:07:41','2019-11-28 21:29:35',NULL),(817,'https://wildrivertech.com/faq-items/','36:960c04a6719d60dac9921683ea7d02c4',NULL,'post-type-archive','avada_faq',NULL,NULL,'%%pt_plural%% Archive %%page%% %%sep%% %%sitename%%','','FAQs',NULL,1,0,NULL,NULL,NULL,NULL,NULL,NULL,0,0,0,0,0,0,NULL,NULL,NULL,NULL,NULL,NULL,NULL,NULL,NULL,NULL,NULL,NULL,NULL,NULL,'2023-10-21 04:08:59','2023-10-21 08:08:59',1,NULL,NULL,NULL,NULL,0,NULL,2,'2022-11-17 19:50:30','2022-11-17 19:42:38',NULL),(219,'https://wildrivertech.com/blog/','31:d062e5987426b62bacaa7f7a329b8a00',8,'post','page',1,0,NULL,NULL,'Blog','publish',NULL,0,NULL,NULL,NULL,NULL,NULL,0,0,NULL,0,NULL,NULL,NULL,NULL,NULL,NULL,NULL,NULL,NULL,NULL,NULL,NULL,NULL,NULL,8,1,NULL,'2022-10-21 17:47:47','2023-10-21 07:10:45',1,NULL,NULL,NULL,NULL,0,NULL,2,'2022-11-24 00:29:46','2019-11-22 16:20:13',0),(220,'https://wildrivertech.com/services/','35:6b500427670dab2cbf59f1bf9cba588f',10,'post','page',1,0,NULL,NULL,'Learn about our services','publish',NULL,0,NULL,NULL,NULL,NULL,NULL,90,0,NULL,0,NULL,NULL,NULL,NULL,NULL,NULL,NULL,NULL,NULL,NULL,NULL,NULL,NULL,NULL,18,0,NULL,'2022-10-21 17:47:47','2023-10-21 07:10:45',1,NULL,NULL,NULL,NULL,0,NULL,2,'2022-12-08 23:18:23','2019-11-22 16:20:56',0),(238,'https://wildrivertech.com/playlists/','36:9ad67832ae82a8c39270d4f24a03403d',12,'post','page',1,0,NULL,NULL,'Watch my latest videos','publish',NULL,0,NULL,NULL,NULL,NULL,NULL,0,0,NULL,0,NULL,NULL,NULL,NULL,NULL,NULL,NULL,NULL,NULL,NULL,NULL,NULL,NULL,NULL,19,9,NULL,'2022-10-21 17:47:48','2023-10-21 08:24:04',1,NULL,NULL,NULL,NULL,0,NULL,2,'2019-11-22 16:21:07','2019-11-22 16:21:07',0),(239,'https://wildrivertech.com/contact/','34:73a6593628d19ccb8a36e671ff431fb1',14,'post','page',1,0,NULL,NULL,'Let&#8217;s keep in touch!','publish',NULL,0,NULL,NULL,NULL,NULL,NULL,0,0,NULL,0,NULL,NULL,NULL,NULL,NULL,NULL,NULL,NULL,NULL,NULL,NULL,NULL,NULL,NULL,4,NULL,NULL,'2022-10-21 17:47:48','2023-10-20 01:26:34',1,NULL,NULL,NULL,NULL,0,NULL,2,'2019-11-22 16:21:18','2019-11-22 16:21:18',0),(240,'https://wildrivertech.com/shop-2/','33:267fb75f13341733241c0a5d506b1e11',17,'post','page',1,0,NULL,NULL,'Our products','publish',NULL,0,NULL,NULL,NULL,NULL,NULL,0,0,NULL,0,NULL,NULL,NULL,NULL,NULL,NULL,NULL,NULL,NULL,NULL,NULL,NULL,NULL,NULL,0,0,NULL,'2022-10-21 17:47:48','2023-10-20 01:36:07',1,NULL,NULL,NULL,NULL,0,NULL,2,'2019-11-22 16:21:53','2019-11-22 16:21:53',0),(241,'https://wildrivertech.com/cart-2/','33:f3b5ded49a0b9ece3536353cd4cb03d8',18,'post','page',1,0,NULL,NULL,'Cart','publish',NULL,0,NULL,NULL,NULL,NULL,NULL,0,0,NULL,0,NULL,NULL,NULL,NULL,NULL,NULL,NULL,NULL,NULL,NULL,NULL,NULL,NULL,NULL,1,0,NULL,'2022-10-21 17:47:48','2023-10-20 02:35:14',1,NULL,NULL,NULL,NULL,0,NULL,2,'2019-11-22 16:21:53','2019-11-22 16:21:53',0),(242,'https://wildrivertech.com/checkout-2/','37:072c49e21a6c2860af60e9b9d0f73c01',19,'post','page',1,0,NULL,NULL,'Checkout','publish',NULL,0,NULL,NULL,NULL,NULL,NULL,0,0,NULL,0,NULL,NULL,NULL,NULL,NULL,NULL,NULL,NULL,NULL,NULL,NULL,NULL,NULL,NULL,0,NULL,NULL,'2022-10-21 17:47:48','2023-10-21 07:10:45',1,NULL,NULL,NULL,NULL,0,NULL,2,'2019-11-22 16:21:53','2019-11-22 16:21:53',0),(243,'https://wildrivertech.com/my-account-2/','39:e53de75e35760c8a991d84a49f3d10a5',20,'post','page',1,0,NULL,NULL,'My account','publish',NULL,0,NULL,NULL,NULL,NULL,NULL,0,0,NULL,0,NULL,NULL,NULL,NULL,NULL,NULL,NULL,NULL,NULL,NULL,NULL,NULL,NULL,NULL,12,3,NULL,'2022-10-21 17:47:48','2023-10-21 08:24:04',1,NULL,NULL,NULL,NULL,0,NULL,2,'2019-11-22 16:21:53','2019-11-22 16:21:53',0),(247,'https://wildrivertech.com/sponsors/','35:34883d8738f5e511c24cb16ad3d3ae17',815,'post','page',1,0,NULL,NULL,'Our great sponsors','publish',NULL,0,NULL,NULL,NULL,NULL,NULL,0,0,NULL,0,NULL,NULL,NULL,NULL,NULL,NULL,NULL,NULL,NULL,NULL,NULL,NULL,NULL,NULL,15,0,NULL,'2022-10-21 17:47:48','2023-10-21 08:24:04',1,NULL,NULL,NULL,NULL,0,NULL,2,'2019-11-28 20:40:22','2019-11-28 20:40:22',0),(257,'https://wildrivertech.com/','26:50dd7a2f5775e7e01cf75de2e3146906',2945,'post','page',1,0,NULL,NULL,'Home','publish',NULL,0,NULL,NULL,NULL,NULL,NULL,90,0,NULL,0,NULL,NULL,NULL,NULL,NULL,NULL,NULL,NULL,NULL,NULL,NULL,NULL,NULL,NULL,30,0,NULL,'2022-10-21 17:47:49','2023-10-27 00:40:22',1,NULL,NULL,NULL,NULL,0,NULL,2,'2023-10-26 20:40:22','2021-04-20 13:45:26',0),(804,'https://wildrivertech.com/shop-channel-modeling-products/','57:7d8eadd32597e7ba71b10b6aec29dacc',7044,'post','page',1,0,NULL,NULL,'Shop Channel Modeling Products','publish',NULL,0,NULL,NULL,NULL,NULL,NULL,90,0,NULL,0,NULL,NULL,NULL,NULL,NULL,NULL,NULL,NULL,NULL,NULL,NULL,NULL,NULL,NULL,3,2,NULL,'2023-03-08 22:45:10','2023-10-21 03:12:04',1,NULL,NULL,NULL,NULL,0,NULL,2,'2023-07-18 21:18:18','2023-03-17 15:47:03',0),(805,'https://wildrivertech.com/shop-accessories/','43:e84f08626bfa4f452bbe24b0c664890f',7061,'post','page',1,0,NULL,NULL,'Shop Accessories','publish',NULL,0,NULL,NULL,NULL,NULL,NULL,90,0,NULL,0,NULL,NULL,NULL,NULL,NULL,NULL,NULL,NULL,NULL,NULL,NULL,NULL,NULL,NULL,14,2,NULL,'2023-03-09 23:37:10','2023-10-21 03:12:04',1,NULL,NULL,NULL,NULL,0,NULL,2,'2023-07-18 21:03:24','2023-03-09 23:37:15',0),(806,'https://wildrivertech.com/pcb-design-service/','45:3dc81efb06f9ea8ac24d01477ed86789',7076,'post','page',1,0,NULL,NULL,'PCB Design Service','publish',NULL,0,NULL,NULL,NULL,NULL,NULL,90,0,NULL,0,NULL,NULL,NULL,NULL,NULL,NULL,NULL,NULL,NULL,NULL,NULL,NULL,NULL,NULL,0,3,NULL,'2023-03-16 23:14:02','2023-10-21 03:12:04',1,NULL,NULL,NULL,NULL,0,NULL,2,'2023-04-11 22:26:15','2023-03-16 23:22:08',0),(807,'https://wildrivertech.com/signal-integrity-service/','51:96589a72ca1b106ce1aeb3674b37e3da',7079,'post','page',1,0,NULL,NULL,'Signal Integrity Service','publish',NULL,0,NULL,NULL,NULL,NULL,NULL,90,0,NULL,0,NULL,NULL,NULL,NULL,NULL,NULL,NULL,NULL,NULL,NULL,NULL,NULL,NULL,NULL,0,4,NULL,'2023-03-16 23:22:37','2023-10-21 03:12:04',1,NULL,NULL,NULL,NULL,0,NULL,2,'2023-04-11 22:09:43','2023-03-16 23:35:56',0),(808,'https://wildrivertech.com/test-fixture-service/','47:7ecead60c848943e3bc4192646332c90',7081,'post','page',1,0,NULL,NULL,'Test Fixture Service','publish',NULL,0,NULL,NULL,NULL,NULL,NULL,30,0,NULL,0,NULL,NULL,NULL,NULL,NULL,NULL,NULL,NULL,NULL,NULL,NULL,NULL,NULL,NULL,0,2,NULL,'2023-03-16 23:25:59','2023-10-21 03:12:04',1,NULL,NULL,NULL,NULL,0,NULL,2,'2023-03-16 23:36:27','2023-03-16 23:36:27',0),(293,'https://wildrivertech.com/request-quote/','40:02e14b0e0307f82f66365f45005f0d18',6500,'post','page',1,0,NULL,NULL,'Request a Quote','publish',NULL,0,NULL,NULL,NULL,NULL,NULL,0,0,NULL,0,NULL,NULL,NULL,NULL,NULL,NULL,NULL,NULL,NULL,NULL,NULL,NULL,NULL,NULL,0,NULL,NULL,'2022-10-27 22:09:04','2023-10-20 02:35:12',1,NULL,NULL,NULL,NULL,0,NULL,2,'2022-10-27 22:09:04','2022-10-27 22:09:04',0),(295,'https://wildrivertech.com/product/usb4-isi-loss-modeling-kit/','61:9a7b457623579cbb7662c47e47d5a04c',6507,'post','product',1,0,NULL,'The USB4 ISI Platform Set is designed for DisplayPort 2.0 Sink and USB4 Rx Channel Calibration.','ISI-USB4 &#8211; ISI Loss Modeling Platform Set for USB4 RX and DisplayPort 2.0 Sink','publish',NULL,0,NULL,NULL,NULL,'DisplayPort 2.0 Sink, USB4',57,30,0,NULL,0,NULL,NULL,NULL,NULL,'https://wildrivertech.com/wp-content/uploads/2022/10/ISI-USB4_800x600px.jpg',NULL,'7108','featured-image',NULL,NULL,'https://wildrivertech.com/wp-content/uploads/2022/10/ISI-USB4_800x600px.jpg','7108','featured-image','{\"width\":800,\"height\":600,\"filesize\":191320,\"url\":\"https://wildrivertech.com/wp-content/uploads/2022/10/ISI-USB4_800x600px.jpg\",\"path\":\"/home/sidesi5/public_html/wp-content/uploads/2022/10/ISI-USB4_800x600px.jpg\",\"size\":\"full\",\"id\":7108,\"alt\":\"\",\"pixels\":480000,\"type\":\"image/jpeg\"}',0,3,NULL,'2022-11-06 17:12:08','2023-10-20 02:25:07',1,NULL,NULL,'ItemPage',NULL,0,NULL,2,'2023-07-26 22:58:06','2022-10-30 17:35:12',0),(296,'https://wildrivertech.com/product-category/signal-integrity-product/','68:d020eace1b8c681587406ec5252651a7',170,'term','product_cat',NULL,NULL,NULL,NULL,'Signal Integrity Product',NULL,NULL,0,NULL,NULL,NULL,NULL,NULL,NULL,0,NULL,NULL,NULL,NULL,NULL,NULL,NULL,NULL,NULL,NULL,NULL,NULL,NULL,NULL,NULL,NULL,0,NULL,NULL,'2022-11-06 17:37:20','2023-10-20 02:35:15',1,NULL,NULL,NULL,NULL,0,NULL,2,'2023-07-26 22:55:30','2022-11-17 00:09:36',NULL),(297,'https://wildrivertech.com/product-category/signal-integrity-product/cmp/','72:621e4af7bcc5762c9d574277f1097246',171,'term','product_cat',NULL,NULL,NULL,NULL,'CMP',NULL,NULL,0,NULL,NULL,NULL,NULL,NULL,NULL,0,NULL,NULL,NULL,NULL,NULL,NULL,NULL,NULL,NULL,NULL,NULL,NULL,NULL,NULL,NULL,NULL,0,NULL,NULL,'2022-11-06 17:37:31','2023-10-20 02:35:17',1,NULL,NULL,NULL,NULL,1,NULL,2,'2023-07-26 22:55:30','2022-11-17 00:09:36',NULL),(298,'https://wildrivertech.com/ber-and-com-way-of-channel-compliance-evaluation-what-are-the-sources-of-differences/','111:baf6404c17cb1661077d3150f61f1689',6582,'post','post',7,0,NULL,NULL,'BER- and COM-Way of Channel-Compliance Evaluation: What are the Sources of Differences?','publish',NULL,0,NULL,NULL,NULL,NULL,NULL,90,0,NULL,0,NULL,NULL,NULL,NULL,NULL,NULL,NULL,NULL,NULL,NULL,NULL,NULL,NULL,NULL,0,2,NULL,'2022-11-06 20:52:10','2023-10-21 08:24:04',1,NULL,NULL,NULL,NULL,0,NULL,2,'2022-11-23 21:09:07','2017-03-23 00:09:03',0),(299,'https://wildrivertech.com/product-category/serial-link-products-2/','66:309dc02269f9f8464e211ff60d714ebe',167,'term','product_cat',NULL,NULL,NULL,NULL,'Serial Link Products',NULL,NULL,0,NULL,NULL,NULL,NULL,NULL,NULL,0,NULL,NULL,NULL,NULL,NULL,NULL,NULL,NULL,NULL,NULL,NULL,NULL,NULL,NULL,NULL,NULL,0,NULL,NULL,'2022-11-06 20:54:01','2023-10-20 02:42:31',1,NULL,NULL,NULL,NULL,0,NULL,2,'2023-08-03 16:54:52','2022-10-30 17:35:12',NULL),(300,'https://wildrivertech.com/new-article-by-al-neves-s-parameters-signal-integrity-analysis-in-the-blink-of-an-eye/','112:52be5d6bababa365e24d19fd8b68a19b',6576,'post','post',7,0,NULL,'This article discusses new concepts for serial link design and analysis as applied to physical layer test and measurement techniques.','S-parameters: Signal Integrity Analysis in the Blink of an Eye','publish',NULL,0,NULL,NULL,NULL,NULL,NULL,90,0,NULL,0,NULL,NULL,NULL,NULL,NULL,NULL,NULL,NULL,NULL,NULL,NULL,NULL,NULL,NULL,0,2,NULL,'2022-11-06 21:55:30','2023-10-21 08:24:04',1,NULL,NULL,NULL,NULL,0,NULL,2,'2022-11-23 21:08:05','2017-05-30 00:05:23',0),(301,'https://wildrivertech.com/product/1501-cable-assembly-with-2-92mm-connectors/','77:5e64258f9260dfa3e084650eaa388984',6592,'post','product',1,0,NULL,'Yellow 1501 flexible coaxial cable assembly with 2.92mm compatible male connectors on both ends. Specification: 16dB return loss or better through 40GHz. No modes thru 40GHz. Hand assembled and tested in the USA.','40 GHz 1501 Single Cable Assembly with 2.92mm Connectors','publish',NULL,0,NULL,NULL,NULL,'cable',52,30,0,NULL,0,NULL,NULL,NULL,NULL,'https://wildrivertech.com/wp-content/uploads/2022/11/D-COAX-1501-Series-Cable_800x600px.png',NULL,'7117','featured-image',NULL,NULL,'https://wildrivertech.com/wp-content/uploads/2022/11/D-COAX-1501-Series-Cable_800x600px.png','7117','featured-image','{\"width\":800,\"height\":600,\"filesize\":365817,\"url\":\"https://wildrivertech.com/wp-content/uploads/2022/11/D-COAX-1501-Series-Cable_800x600px.png\",\"path\":\"/home/sidesi5/public_html/wp-content/uploads/2022/11/D-COAX-1501-Series-Cable_800x600px.png\",\"size\":\"full\",\"id\":7117,\"alt\":\"\",\"pixels\":480000,\"type\":\"image/png\"}',0,NULL,NULL,'2022-11-06 22:47:14','2023-10-20 03:31:25',1,NULL,NULL,NULL,NULL,0,NULL,2,'2023-03-24 18:28:56','2022-11-06 22:47:14',0),(305,'https://wildrivertech.com/product-category/standard-cable-assemblies/','69:a74998e6a56cda2038049cf3c1e2ed90',172,'term','product_cat',NULL,NULL,NULL,NULL,'Standard Cable Assemblies',NULL,NULL,0,NULL,NULL,NULL,NULL,NULL,NULL,0,NULL,NULL,NULL,NULL,NULL,NULL,NULL,NULL,NULL,NULL,NULL,NULL,NULL,NULL,NULL,NULL,0,NULL,NULL,'2022-11-06 22:57:28','2023-10-20 01:25:32',1,NULL,NULL,NULL,NULL,0,NULL,2,'2023-07-18 15:20:46','2022-11-06 22:47:14',NULL),(306,'https://wildrivertech.com/product-category/standard-cable-assemblies/single-cable/','82:b1dee86c360da7c9cde7b8fe743057e3',173,'term','product_cat',NULL,NULL,NULL,NULL,'Single Cable',NULL,NULL,0,NULL,NULL,NULL,NULL,NULL,NULL,0,NULL,NULL,NULL,NULL,NULL,NULL,NULL,NULL,NULL,NULL,NULL,NULL,NULL,NULL,NULL,NULL,0,NULL,NULL,'2022-11-06 22:57:46','2023-10-20 01:25:32',1,NULL,NULL,NULL,NULL,1,NULL,2,'2023-03-24 18:35:10','2022-11-06 22:47:14',NULL),(307,'https://wildrivertech.com/product-category/standard-cable-assemblies/matched-cable-pair/','88:011fdea26f3e40733c04c6c5c304c6c4',174,'term','product_cat',NULL,NULL,NULL,NULL,'Matched Cable Pair',NULL,NULL,0,NULL,NULL,NULL,NULL,NULL,NULL,0,NULL,NULL,NULL,NULL,NULL,NULL,NULL,NULL,NULL,NULL,NULL,NULL,NULL,NULL,NULL,NULL,0,NULL,NULL,'2022-11-06 22:58:29','2023-10-20 01:49:49',1,NULL,NULL,NULL,NULL,1,NULL,2,'2023-07-18 15:20:46','2022-11-08 20:58:20',NULL),(313,'https://wildrivertech.com/product/50-ghz-1201-cable-assembly-with-2-4mm-connectors/','83:5fdeb96a9dea538fb3bb06371d61331f',6601,'post','product',1,0,NULL,'Cable assembly, flexible 1201 cable with 2.4mm male connector on both ends. No-modes thru 50 GHz, minimum 14.5dB return loss, maximum 2.8dB insertion loss. Hand assembled and tested in the USA.','50 GHz 1201 Single Cable Assembly with 2.4mm Connectors','publish',NULL,0,NULL,NULL,NULL,NULL,NULL,60,0,NULL,0,NULL,NULL,NULL,NULL,'https://wildrivertech.com/wp-content/uploads/2022/11/1201_cable_2p4mm_800x600px.png',NULL,'7116','featured-image',NULL,NULL,'https://wildrivertech.com/wp-content/uploads/2022/11/1201_cable_2p4mm_800x600px.png','7116','featured-image','{\"width\":800,\"height\":600,\"filesize\":81204,\"url\":\"https://wildrivertech.com/wp-content/uploads/2022/11/1201_cable_2p4mm_800x600px.png\",\"path\":\"/home/sidesi5/public_html/wp-content/uploads/2022/11/1201_cable_2p4mm_800x600px.png\",\"size\":\"full\",\"id\":7116,\"alt\":\"\",\"pixels\":480000,\"type\":\"image/png\"}',0,NULL,NULL,'2022-11-07 00:19:08','2023-10-21 08:24:04',1,NULL,NULL,NULL,NULL,0,NULL,2,'2023-03-24 18:35:10','2022-11-07 00:19:08',0),(321,'https://wildrivertech.com/product/65-ghz-1201-cable-assembly-with-1-85mm-connectors/','84:dda82c921047ddbf3c37fa683dc75340',6609,'post','product',1,0,NULL,'1201 flexible coaxial single cable assembly with 1.85mm compatible male connectors on both ends. Specification: 16dB return loss or better through 65 GHz. Hand assembled and tested in the USA. Hand assembled and tested in the USA.','65 GHz 1201 Single Cable Assembly with 1.85mm Straight Male Connectors','publish',NULL,0,NULL,NULL,NULL,NULL,NULL,30,0,NULL,0,NULL,NULL,NULL,NULL,'https://wildrivertech.com/wp-content/uploads/2022/11/1201_cable_1p85mm_800x600px.png',NULL,'7115','featured-image',NULL,NULL,'https://wildrivertech.com/wp-content/uploads/2022/11/1201_cable_1p85mm_800x600px.png','7115','featured-image','{\"width\":800,\"height\":600,\"filesize\":81204,\"url\":\"https://wildrivertech.com/wp-content/uploads/2022/11/1201_cable_1p85mm_800x600px.png\",\"path\":\"/home/sidesi5/public_html/wp-content/uploads/2022/11/1201_cable_1p85mm_800x600px.png\",\"size\":\"full\",\"id\":7115,\"alt\":\"\",\"pixels\":480000,\"type\":\"image/png\"}',0,2,NULL,'2022-11-07 00:34:00','2023-10-21 03:11:09',1,NULL,NULL,NULL,NULL,0,NULL,2,'2023-03-24 18:33:04','2022-11-07 00:33:59',0),(341,'https://wildrivertech.com/product-category/serial-link-products-2/isi/','70:4055e5c3ff3857887da75ec8cb43870f',168,'term','product_cat',NULL,NULL,NULL,NULL,'ISI',NULL,NULL,0,NULL,NULL,NULL,NULL,NULL,NULL,0,NULL,NULL,NULL,NULL,NULL,NULL,NULL,NULL,NULL,NULL,NULL,NULL,NULL,NULL,NULL,NULL,0,NULL,NULL,'2022-11-07 06:29:59','2023-10-21 08:38:53',1,NULL,NULL,NULL,NULL,1,NULL,2,'2023-08-03 16:54:52','2022-10-30 17:35:12',NULL),(809,'https://wildrivertech.com/testimonials/','39:26ef957d28b495201390f266bab9d834',7130,'post','page',1,0,NULL,NULL,'Testimonials','publish',NULL,0,NULL,NULL,NULL,NULL,NULL,30,0,NULL,0,NULL,NULL,NULL,NULL,NULL,NULL,NULL,NULL,NULL,NULL,NULL,NULL,NULL,NULL,2,1,NULL,'2023-06-28 21:53:47','2023-10-20 03:02:32',1,NULL,NULL,NULL,NULL,0,NULL,2,'2023-08-08 17:36:04','2023-08-08 17:36:04',0),(345,'https://wildrivertech.com/faq/','30:8749c9dffdc0714049a2c01da5449c04',6545,'post','page',1,0,NULL,NULL,'FAQ','publish',NULL,0,NULL,NULL,NULL,NULL,NULL,0,0,NULL,0,NULL,NULL,NULL,NULL,NULL,NULL,NULL,NULL,NULL,NULL,NULL,NULL,NULL,NULL,7,NULL,NULL,'2022-11-08 18:12:19','2023-10-21 07:10:45',1,NULL,NULL,NULL,NULL,0,NULL,2,'2022-11-03 23:05:14','2022-11-03 23:05:14',0),(349,'https://wildrivertech.com/product/50-ghz-d086-matched-cable-assembly-with-2-4mm-connectors-copy/','96:851ad9fd064840a4b2ecb82e330a646f',6658,'post','product',1,0,NULL,'Blue D086 flexible coaxial cable assemblies with 2.4mm compatible male connectors on both ends. Specification: 16dBreturn loss or better through 50GHz. Choice of &lt; 1ps or &lt; 0.375 psec skew match. Hand assembled and tested in the USA.','50 GHz 1201 Matched Cable Pair Assembly with 2.4mm Connectors','publish',NULL,0,NULL,NULL,NULL,NULL,NULL,30,0,NULL,0,NULL,NULL,NULL,NULL,'https://wildrivertech.com/wp-content/uploads/2022/11/1201_cable_pair_2p4mm_800x600px.png',NULL,'7111','featured-image',NULL,NULL,'https://wildrivertech.com/wp-content/uploads/2022/11/1201_cable_pair_2p4mm_800x600px.png','7111','featured-image','{\"width\":800,\"height\":600,\"filesize\":181554,\"url\":\"https://wildrivertech.com/wp-content/uploads/2022/11/1201_cable_pair_2p4mm_800x600px.png\",\"path\":\"/home/sidesi5/public_html/wp-content/uploads/2022/11/1201_cable_pair_2p4mm_800x600px.png\",\"size\":\"full\",\"id\":7111,\"alt\":\"\",\"pixels\":480000,\"type\":\"image/png\"}',0,2,NULL,'2022-11-08 20:58:20','2023-10-21 08:24:04',1,NULL,NULL,NULL,NULL,0,NULL,2,'2023-03-24 18:32:18','2022-11-08 20:58:20',0),(379,'https://wildrivertech.com/product/65-ghz-d086-matched-cable-pair-assembly-with-1-85mm-connectors/','97:1bd21daebffbd082e8320933d4613bea',6694,'post','product',1,0,NULL,'1201 flexible coaxial cable assemblies with 1.85mm compatible male connectors on both ends. Specification: 16dB return loss or better through 65GHz, phase matched to &lt;1 psec, &lt; 0.375 psec, or &lt; 0.1 psec. Hand assembled and tested in the USA.','65 GHz 1201 Matched Cable Pair Assembly with 1.85mm Straight Male Connectors','publish',NULL,0,NULL,NULL,NULL,NULL,NULL,30,0,NULL,0,NULL,NULL,NULL,NULL,'https://wildrivertech.com/wp-content/uploads/2022/11/1201_cable_pair_1p85mm_800x600px.png',NULL,'7110','featured-image',NULL,NULL,'https://wildrivertech.com/wp-content/uploads/2022/11/1201_cable_pair_1p85mm_800x600px.png','7110','featured-image','{\"width\":800,\"height\":600,\"filesize\":181554,\"url\":\"https://wildrivertech.com/wp-content/uploads/2022/11/1201_cable_pair_1p85mm_800x600px.png\",\"path\":\"/home/sidesi5/public_html/wp-content/uploads/2022/11/1201_cable_pair_1p85mm_800x600px.png\",\"size\":\"full\",\"id\":7110,\"alt\":\"\",\"pixels\":480000,\"type\":\"image/png\"}',0,2,NULL,'2022-11-10 21:38:57','2023-10-21 08:24:04',1,NULL,NULL,NULL,NULL,0,NULL,2,'2023-03-24 18:31:23','2022-11-10 21:38:57',0),(792,'https://wildrivertech.com/design-and-consulting-services/','57:68398be261b14a3b83ff36e80174db7c',6919,'post','page',1,0,NULL,NULL,'Design and Consulting Services','publish',NULL,0,NULL,NULL,NULL,NULL,NULL,90,0,NULL,0,NULL,NULL,NULL,NULL,'http://testsite.wildrivertech.com/wp-content/uploads/2023/01/HFSS_Connector_launch_model.png',NULL,NULL,'first-content-image',NULL,NULL,'http://testsite.wildrivertech.com/wp-content/uploads/2023/01/HFSS_Connector_launch_model.png',NULL,'first-content-image',NULL,0,0,NULL,'2022-12-02 00:34:19','2023-10-21 03:12:43',1,NULL,NULL,NULL,NULL,0,NULL,2,'2023-01-03 18:27:46','2022-12-02 00:35:05',0),(404,'https://wildrivertech.com/product/40-ghz-1501-matched-cable-pair-assembly-with-2-92mm-connectors/','97:dc84b142067ab41c6f9fd9ce6098c068',6731,'post','product',1,0,NULL,'Yellow 1501 flexible coaxial cable assemblies with 2.92mm compatible male connectors on both ends. Specification: 16dB return loss or better through 40GHz. Phased matched to either &lt;1 psec or &lt; 0.375 psec. Hand assembled and tested in the USA.','40 GHz 1501 Matched Cable Pair Assembly with 2.92mm Connectors','publish',NULL,0,NULL,NULL,NULL,NULL,NULL,30,0,NULL,0,NULL,NULL,NULL,NULL,'https://wildrivertech.com/wp-content/uploads/2022/11/D-COAX_1501_Series-Cable_Pair_800x600px.png',NULL,'7112','featured-image',NULL,NULL,'https://wildrivertech.com/wp-content/uploads/2022/11/D-COAX_1501_Series-Cable_Pair_800x600px.png','7112','featured-image','{\"width\":800,\"height\":600,\"filesize\":174121,\"url\":\"https://wildrivertech.com/wp-content/uploads/2022/11/D-COAX_1501_Series-Cable_Pair_800x600px.png\",\"path\":\"/home/sidesi5/public_html/wp-content/uploads/2022/11/D-COAX_1501_Series-Cable_Pair_800x600px.png\",\"size\":\"full\",\"id\":7112,\"alt\":\"\",\"pixels\":480000,\"type\":\"image/png\"}',0,2,NULL,'2022-11-14 00:34:33','2023-10-20 01:36:07',1,NULL,NULL,NULL,NULL,0,NULL,2,'2023-07-18 15:20:46','2022-11-14 00:34:33',0),(773,'https://wildrivertech.com/faq_category/price/','45:3e6ffc309d2fc2a90ac8d68de4bd8fb1',179,'term','faq_category',NULL,NULL,NULL,NULL,'Price',NULL,NULL,0,NULL,NULL,NULL,NULL,NULL,NULL,0,NULL,NULL,NULL,NULL,NULL,NULL,NULL,NULL,NULL,NULL,NULL,NULL,NULL,NULL,NULL,NULL,0,NULL,NULL,'2022-11-17 19:32:28','2023-10-21 08:38:53',1,NULL,NULL,NULL,NULL,0,NULL,2,'2022-11-17 19:43:55','2022-11-17 19:42:38',NULL),(772,'https://wildrivertech.com/faq_category/sales/','45:ed2d2536565dc287fdd1e9402055e9ce',178,'term','faq_category',NULL,NULL,NULL,NULL,'Sales',NULL,NULL,0,NULL,NULL,NULL,NULL,NULL,NULL,0,NULL,NULL,NULL,NULL,NULL,NULL,NULL,NULL,NULL,NULL,NULL,NULL,NULL,NULL,NULL,NULL,0,NULL,NULL,'2022-11-17 19:32:19','2023-10-21 08:38:53',1,NULL,NULL,NULL,NULL,0,NULL,2,'2022-11-17 19:50:30','2022-11-17 19:50:30',NULL),(453,'https://wildrivertech.com/fusion_tb_category/header/','52:eda8525288d8d2969255cb882478a06d',9,'term','fusion_tb_category',NULL,NULL,NULL,NULL,'header',NULL,NULL,0,NULL,NULL,NULL,NULL,NULL,NULL,0,NULL,NULL,NULL,NULL,NULL,NULL,NULL,NULL,NULL,NULL,NULL,NULL,NULL,NULL,NULL,NULL,0,NULL,NULL,'2022-11-15 00:43:39','2023-10-21 08:08:59',1,NULL,NULL,NULL,NULL,0,NULL,2,'2023-08-03 15:49:42','2020-06-17 23:23:54',NULL),(454,'https://wildrivertech.com/element_category/post_cards/','54:7771c59be46eb52489ad7de010632b83',19,'term','element_category',NULL,NULL,NULL,NULL,'post_cards',NULL,NULL,0,NULL,NULL,NULL,NULL,NULL,NULL,0,NULL,NULL,NULL,NULL,NULL,NULL,NULL,NULL,NULL,NULL,NULL,NULL,NULL,NULL,NULL,NULL,0,NULL,NULL,'2022-11-15 00:43:39','2023-10-21 08:08:59',1,NULL,NULL,NULL,NULL,0,NULL,2,'2023-08-09 18:36:12','2023-03-05 23:59:29',NULL),(455,'https://wildrivertech.com/tag/the/','34:b4b899a33f337e709f554de5dc66c18f',28,'term','post_tag',NULL,NULL,NULL,NULL,'The',NULL,NULL,0,NULL,NULL,NULL,NULL,NULL,NULL,0,NULL,NULL,NULL,NULL,NULL,NULL,NULL,NULL,NULL,NULL,NULL,NULL,NULL,NULL,NULL,NULL,0,NULL,NULL,'2022-11-15 00:43:39','2023-10-21 08:08:59',1,NULL,NULL,NULL,NULL,0,NULL,2,NULL,NULL,NULL),(456,'https://wildrivertech.com/element_category/elements/','52:e04b4aa28f2d921442ee2c5c55691649',32,'term','element_category',NULL,NULL,NULL,NULL,'elements',NULL,NULL,0,NULL,NULL,NULL,NULL,NULL,NULL,0,NULL,NULL,NULL,NULL,NULL,NULL,NULL,NULL,NULL,NULL,NULL,NULL,NULL,NULL,NULL,NULL,0,NULL,NULL,'2022-11-15 00:43:39','2023-10-21 08:08:59',1,NULL,NULL,NULL,NULL,0,NULL,2,'2022-03-12 13:45:26','2022-03-12 13:45:26',NULL),(457,'https://wildrivertech.com/slide-page/insight/','45:c93f197e6c1deedd0c839527feb89f13',34,'term','slide-page',NULL,NULL,NULL,NULL,'Insight',NULL,NULL,0,NULL,NULL,NULL,NULL,NULL,NULL,0,NULL,NULL,NULL,NULL,NULL,NULL,NULL,NULL,NULL,NULL,NULL,NULL,NULL,NULL,NULL,NULL,0,NULL,NULL,'2022-11-15 00:43:39','2023-10-21 08:08:59',1,NULL,NULL,NULL,NULL,0,NULL,2,'2022-06-14 07:08:20','2016-11-08 15:43:58',NULL),(458,'https://wildrivertech.com/element_category/columns/','51:261d8f634c65b484d0f87f2bd78870ce',126,'term','element_category',NULL,NULL,NULL,NULL,'columns',NULL,NULL,0,NULL,NULL,NULL,NULL,NULL,NULL,0,NULL,NULL,NULL,NULL,NULL,NULL,NULL,NULL,NULL,NULL,NULL,NULL,NULL,NULL,NULL,NULL,0,NULL,NULL,'2022-11-15 00:43:39','2023-10-21 08:24:04',1,NULL,NULL,NULL,NULL,0,NULL,2,'2023-07-13 18:58:08','2020-07-27 15:31:25',NULL),(459,'https://wildrivertech.com/fusion_tb_category/content/','53:944d2101c34241318ad0112a86f5ac85',127,'term','fusion_tb_category',NULL,NULL,NULL,NULL,'content',NULL,NULL,0,NULL,NULL,NULL,NULL,NULL,NULL,0,NULL,NULL,NULL,NULL,NULL,NULL,NULL,NULL,NULL,NULL,NULL,NULL,NULL,NULL,NULL,NULL,0,NULL,NULL,'2022-11-15 00:43:39','2023-10-21 08:24:04',1,NULL,NULL,NULL,NULL,0,NULL,2,'2022-11-24 00:53:39','2020-02-05 20:16:53',NULL),(460,'https://wildrivertech.com/fusion_tb_category/footer/','52:8d10fe3403cf2ee6e9383f6f3c22b438',131,'term','fusion_tb_category',NULL,NULL,NULL,NULL,'footer',NULL,NULL,0,NULL,NULL,NULL,NULL,NULL,NULL,0,NULL,NULL,NULL,NULL,NULL,NULL,NULL,NULL,NULL,NULL,NULL,NULL,NULL,NULL,NULL,NULL,0,NULL,NULL,'2022-11-15 00:43:39','2023-10-21 08:24:04',1,NULL,NULL,NULL,NULL,0,NULL,2,'2023-08-02 21:03:17','2020-07-27 13:31:01',NULL),(461,'https://wildrivertech.com/fusion_tb_category/page_title_bar/','60:f027c7005700b74cec64d087c8cfd655',133,'term','fusion_tb_category',NULL,NULL,NULL,NULL,'page_title_bar',NULL,NULL,0,NULL,NULL,NULL,NULL,NULL,NULL,0,NULL,NULL,NULL,NULL,NULL,NULL,NULL,NULL,NULL,NULL,NULL,NULL,NULL,NULL,NULL,NULL,0,NULL,NULL,'2022-11-15 00:43:39','2023-10-21 08:24:04',1,NULL,NULL,NULL,NULL,0,NULL,2,'2023-07-18 16:15:30','2020-02-05 21:52:56',NULL),(462,'https://wildrivertech.com/element_category/sections/','52:93e3621c5b3e5b2201afd66c75cc5c95',134,'term','element_category',NULL,NULL,NULL,NULL,'sections',NULL,NULL,0,NULL,NULL,NULL,NULL,NULL,NULL,0,NULL,NULL,NULL,NULL,NULL,NULL,NULL,NULL,NULL,NULL,NULL,NULL,NULL,NULL,NULL,NULL,0,NULL,NULL,'2022-11-15 00:43:39','2023-10-21 08:24:04',1,NULL,NULL,NULL,NULL,0,NULL,2,'2023-07-19 17:50:59','2020-07-24 18:32:20',NULL),(463,'https://wildrivertech.com/slide-page/resources/','47:bc9f2a86a206337173e4403d600c89ce',143,'term','slide-page',NULL,NULL,NULL,NULL,'Resources',NULL,NULL,0,NULL,NULL,NULL,NULL,NULL,NULL,0,NULL,NULL,NULL,NULL,NULL,NULL,NULL,NULL,NULL,NULL,NULL,NULL,NULL,NULL,NULL,NULL,0,NULL,NULL,'2022-11-15 00:43:40','2023-10-21 08:24:04',1,NULL,NULL,NULL,NULL,0,NULL,2,'2022-04-08 18:59:30','2022-04-08 18:58:10',NULL),(464,'https://wildrivertech.com/product-category/uncategorized/serial-link-products/','78:e3512533945426fcacfc815bd7a10ca3',166,'term','product_cat',NULL,NULL,NULL,NULL,'Serial Link Products',NULL,NULL,0,NULL,NULL,NULL,NULL,NULL,NULL,0,NULL,NULL,NULL,NULL,NULL,NULL,NULL,NULL,NULL,NULL,NULL,NULL,NULL,NULL,NULL,NULL,0,NULL,NULL,'2022-11-15 00:43:40','2023-10-21 08:38:53',1,NULL,NULL,NULL,NULL,0,NULL,2,NULL,NULL,NULL),(465,'https://wildrivertech.com/product-category/serial-link-products-2/xtalk/','72:e2a1e219e911f0b8d0a8d1b647983922',169,'term','product_cat',NULL,NULL,NULL,NULL,'XTALK',NULL,NULL,0,NULL,NULL,NULL,NULL,NULL,NULL,0,NULL,NULL,NULL,NULL,NULL,NULL,NULL,NULL,NULL,NULL,NULL,NULL,NULL,NULL,NULL,NULL,0,NULL,NULL,'2022-11-15 00:43:40','2023-10-21 08:38:53',1,NULL,NULL,NULL,NULL,0,NULL,2,'2023-07-26 22:53:27','2022-11-17 00:32:52',NULL),(752,'https://wildrivertech.com/product/xtalk-32-crosstalk-channel-modeling-platform-6-56-gbpsec/','91:2ed113ee73faa3723282a06f50e49d0e',6812,'post','product',1,0,NULL,'The XTALK-32 is an industry-first crosstalk testing platform consisting of a family of loss and insertion-crosstalk ratio (ICR) designed to challenge 6-32 Gbpsec systems and PAM-4, 56 Gbpsec.','XTALK-32 &#8211; Crosstalk Channel Modeling Platform, 6-56 Gbpsec','publish',NULL,0,NULL,NULL,NULL,'112G PAM4',44,30,0,NULL,0,NULL,NULL,NULL,NULL,'https://wildrivertech.com/wp-content/uploads/2022/11/XTALK-32_800x600px.jpg',NULL,'7107','featured-image',NULL,NULL,'https://wildrivertech.com/wp-content/uploads/2022/11/XTALK-32_800x600px.jpg','7107','featured-image','{\"width\":800,\"height\":600,\"filesize\":92051,\"url\":\"https://wildrivertech.com/wp-content/uploads/2022/11/XTALK-32_800x600px.jpg\",\"path\":\"/home/sidesi5/public_html/wp-content/uploads/2022/11/XTALK-32_800x600px.jpg\",\"size\":\"full\",\"id\":7107,\"alt\":\"\",\"pixels\":480000,\"type\":\"image/jpeg\"}',0,3,NULL,'2022-11-17 00:32:52','2023-10-21 02:03:43',1,NULL,NULL,'ItemPage',NULL,0,NULL,2,'2023-07-26 22:53:27','2022-11-17 00:32:52',0),(783,'https://wildrivertech.com/author/al-neves/','42:83dda521adbe4baeb2b1f67f4fa27669',7,'user',NULL,NULL,NULL,NULL,NULL,NULL,NULL,NULL,0,NULL,NULL,NULL,NULL,NULL,NULL,0,0,NULL,NULL,NULL,NULL,NULL,'https://secure.gravatar.com/avatar/8ef6cf05fd8c06f8049e363055aa1171?s=500&d=mm&r=g',NULL,NULL,'gravatar-image',NULL,NULL,'https://secure.gravatar.com/avatar/8ef6cf05fd8c06f8049e363055aa1171?s=500&d=mm&r=g',NULL,'gravatar-image',NULL,NULL,2,NULL,'2022-11-23 19:21:04','2023-10-31 19:53:57',1,NULL,NULL,NULL,NULL,0,NULL,2,'2023-10-31 07:53:57','2017-03-23 00:09:03',NULL),(784,'https://wildrivertech.com/webinar-announcement-ansys-hfss-and-high-speed-serial-data-links-simulation-vs-real-world/','116:a337cd9a645f8acee493bceac72ab784',6874,'post','post',1,0,NULL,NULL,'Webinar Announcement &#8211; Ansys HFSS and High-Speed Serial Data Links: Simulation vs. Real World','publish',NULL,0,NULL,NULL,NULL,NULL,NULL,90,0,NULL,0,NULL,NULL,NULL,NULL,NULL,NULL,NULL,NULL,NULL,NULL,NULL,NULL,NULL,NULL,0,3,NULL,'2022-11-23 19:47:48','2023-10-21 07:12:04',1,NULL,NULL,NULL,NULL,0,NULL,2,'2022-11-23 19:58:06','2022-11-23 19:52:16',0),(785,'https://wildrivertech.com/category/announcements/','49:e7bb0bd4f85d0011b2cca86ab7afbcfc',180,'term','category',NULL,NULL,NULL,NULL,'Announcements',NULL,NULL,0,NULL,NULL,NULL,NULL,NULL,NULL,0,NULL,NULL,NULL,NULL,NULL,NULL,NULL,NULL,NULL,NULL,NULL,NULL,NULL,NULL,NULL,NULL,0,2,NULL,'2022-11-23 19:57:48','2023-10-20 01:29:00',1,NULL,NULL,NULL,NULL,0,NULL,2,'2023-08-02 20:28:39','2022-02-02 01:13:56',NULL),(786,'https://wildrivertech.com/category/technical/','45:3c8baf306f83c734e948d86b7cbadad3',181,'term','category',NULL,NULL,NULL,NULL,'Technical',NULL,NULL,0,NULL,NULL,NULL,NULL,NULL,NULL,0,NULL,NULL,NULL,NULL,NULL,NULL,NULL,NULL,NULL,NULL,NULL,NULL,NULL,NULL,NULL,NULL,0,1,NULL,'2022-11-23 21:07:03','2023-10-20 01:29:12',1,NULL,NULL,NULL,NULL,0,NULL,2,'2023-08-02 20:30:10','2017-03-23 00:09:03',NULL),(745,'https://wildrivertech.com/product/cmp-50-channel-modeling-platform-for-high-speed-systems-up-to-50-ghz/','103:55cadd720c53d26997105c8ffa97dbfd',6808,'post','product',1,0,NULL,'The CMP-50 Advanced Channel Modeling Platform represents a powerful tool for development of high-speed systems up to 50 GHz.','CMP-50 Channel Modeling Platform for High-Speed Systems up to 50 GHz','publish',NULL,0,NULL,NULL,NULL,'112G PAM4',42,60,0,NULL,0,NULL,NULL,NULL,NULL,'https://wildrivertech.com/wp-content/uploads/2022/11/CMP-50_800x600px.jpg',NULL,'7109','featured-image',NULL,NULL,'https://wildrivertech.com/wp-content/uploads/2022/11/CMP-50_800x600px.jpg','7109','featured-image','{\"width\":800,\"height\":600,\"filesize\":90378,\"url\":\"https://wildrivertech.com/wp-content/uploads/2022/11/CMP-50_800x600px.jpg\",\"path\":\"/home/sidesi5/public_html/wp-content/uploads/2022/11/CMP-50_800x600px.jpg\",\"size\":\"full\",\"id\":7109,\"alt\":\"\",\"pixels\":480000,\"type\":\"image/jpeg\"}',0,2,NULL,'2022-11-17 00:09:36','2023-10-20 02:32:54',1,NULL,NULL,'ItemPage',NULL,0,NULL,2,'2023-07-26 22:55:30','2022-11-17 00:09:36',0),(740,'https://wildrivertech.com/product/hard-shell-case-for-isi-usb4-platform-set/','76:325217313a0a8c69c087bb26494e9abc',6798,'post','product',1,0,NULL,'This had shell case has soft interior walls designed specifically for our ISI-USB4 test platforms. It is made in the USA and engineered using the finest components.','Hard Shell Case for ISI-USB4 Platform Set','publish',NULL,0,NULL,NULL,NULL,NULL,NULL,90,0,NULL,0,NULL,NULL,NULL,NULL,'https://wildrivertech.com/wp-content/uploads/2022/11/WRT_Case_For_ISI-USB4_800x401px.jpg',NULL,'6800','featured-image',NULL,NULL,'https://wildrivertech.com/wp-content/uploads/2022/11/WRT_Case_For_ISI-USB4_800x401px.jpg','6800','featured-image','{\"width\":800,\"height\":481,\"filesize\":44848,\"url\":\"https://wildrivertech.com/wp-content/uploads/2022/11/WRT_Case_For_ISI-USB4_800x401px.jpg\",\"path\":\"/home/sidesi5/public_html/wp-content/uploads/2022/11/WRT_Case_For_ISI-USB4_800x401px.jpg\",\"size\":\"full\",\"id\":6800,\"alt\":\"\",\"pixels\":384800,\"type\":\"image/jpeg\"}',0,NULL,NULL,'2022-11-16 18:26:39','2023-10-20 03:31:37',1,NULL,NULL,NULL,NULL,0,NULL,2,'2022-11-16 18:46:53','2022-11-16 18:26:39',0),(708,'https://wildrivertech.com/?post_type=slide&p=502','48:2665d92f8e3d9aebea41e89d27cc37cb',502,'post','slide',3,0,NULL,NULL,'Solutions','draft',0,0,NULL,NULL,NULL,NULL,NULL,0,0,NULL,0,NULL,NULL,NULL,NULL,'https://wildrivertech.com/wp-content/uploads/2016/11/River-1920-x-1080-e1666388861543.png',NULL,'6036','featured-image',NULL,NULL,'https://wildrivertech.com/wp-content/uploads/2016/11/River-1920-x-1080-e1666388861543-1024x684.png','6036','featured-image','{\"width\":1024,\"height\":684,\"filesize\":1298485,\"path\":\"2016/11/River-1920-x-1080-e1666388861543-1024x684.png\",\"url\":\"https://wildrivertech.com/wp-content/uploads/2016/11/River-1920-x-1080-e1666388861543-1024x684.png\",\"size\":\"large\",\"id\":6036,\"alt\":\"\",\"pixels\":700416,\"type\":\"image/png\"}',NULL,NULL,NULL,'2022-11-15 00:44:01','2023-10-21 08:24:04',1,NULL,NULL,NULL,NULL,0,NULL,2,'2022-04-07 14:13:02','2016-11-21 16:06:24',0),(709,'https://wildrivertech.com/slide/resources/','42:f188d48aa88d4ca5f648b313c8e053e6',6195,'post','slide',1,0,NULL,NULL,'Resources','publish',NULL,0,NULL,NULL,NULL,NULL,NULL,0,0,NULL,0,NULL,NULL,NULL,NULL,'https://wildrivertech.com/wp-content/uploads/2016/11/River-6-1920-x-1080.png',NULL,'6192','featured-image',NULL,NULL,'https://wildrivertech.com/wp-content/uploads/2016/11/River-6-1920-x-1080-1024x576.png','6192','featured-image','{\"width\":1024,\"height\":576,\"path\":\"2016/11/River-6-1920-x-1080-1024x576.png\",\"url\":\"https://wildrivertech.com/wp-content/uploads/2016/11/River-6-1920-x-1080-1024x576.png\",\"size\":\"large\",\"id\":6192,\"alt\":\"\",\"pixels\":589824,\"type\":\"image/png\"}',0,NULL,NULL,'2022-11-15 00:44:01','2023-10-21 08:38:53',1,NULL,NULL,NULL,NULL,0,NULL,2,'2022-04-08 18:59:30','2022-04-08 18:58:10',0),(713,'https://wildrivertech.com/product/hard-shell-case-for-10-inch-platforms/','72:a3e451a58da079bffcd76a66f0100e08',6768,'post','product',1,0,NULL,'Yellow 1501 flexible coaxial cable assemblies with 2.92mm compatible male connectors on both ends. Specification: 16dB return loss or better through 40GHz. Phased matched to either &lt;1 psec or &lt; 0.375 psec. Hand assembled and tested in the USA.','Hard Shell Case for 10 Inch Platforms','publish',NULL,0,NULL,NULL,NULL,NULL,NULL,90,0,NULL,0,NULL,NULL,NULL,NULL,'https://wildrivertech.com/wp-content/uploads/2022/11/WRT_case_for_10_inch_Platforms_800x524px.jpg',NULL,'6784','featured-image',NULL,NULL,'https://wildrivertech.com/wp-content/uploads/2022/11/WRT_case_for_10_inch_Platforms_800x524px.jpg','6784','featured-image','{\"width\":800,\"height\":524,\"filesize\":50480,\"url\":\"https://wildrivertech.com/wp-content/uploads/2022/11/WRT_case_for_10_inch_Platforms_800x524px.jpg\",\"path\":\"/home/sidesi5/public_html/wp-content/uploads/2022/11/WRT_case_for_10_inch_Platforms_800x524px.jpg\",\"size\":\"full\",\"id\":6784,\"alt\":\"\",\"pixels\":419200,\"type\":\"image/jpeg\"}',0,0,NULL,'2022-11-16 17:18:38','2023-10-21 08:24:04',1,NULL,NULL,NULL,NULL,0,NULL,2,'2023-03-09 23:52:31','2022-11-16 17:18:38',0),(732,'https://wildrivertech.com/product/hard-shell-case-for-16-inch-platforms/','72:44abb7ec9df72ec2856b1650f054571d',6789,'post','product',1,0,NULL,'This had shell case has foam interior cut specifically for our 16 inch test platforms. It is made in the USA and engineered using the finest components.','Hard Shell Case for 16 Inch Platforms','publish',NULL,0,NULL,NULL,NULL,NULL,NULL,90,0,NULL,0,NULL,NULL,NULL,NULL,'https://wildrivertech.com/wp-content/uploads/2022/11/WRT_case_for_16_inch_Platforms_800x478px.jpg',NULL,'6791','featured-image',NULL,NULL,'https://wildrivertech.com/wp-content/uploads/2022/11/WRT_case_for_16_inch_Platforms_800x478px.jpg','6791','featured-image','{\"width\":800,\"height\":478,\"filesize\":44903,\"url\":\"https://wildrivertech.com/wp-content/uploads/2022/11/WRT_case_for_16_inch_Platforms_800x478px.jpg\",\"path\":\"/home/sidesi5/public_html/wp-content/uploads/2022/11/WRT_case_for_16_inch_Platforms_800x478px.jpg\",\"size\":\"full\",\"id\":6791,\"alt\":\"\",\"pixels\":382400,\"type\":\"image/jpeg\"}',0,NULL,NULL,'2022-11-16 17:51:05','2023-10-20 02:35:26',1,NULL,NULL,NULL,NULL,0,NULL,2,'2022-11-16 17:57:57','2022-11-16 17:51:05',0),(733,'https://wildrivertech.com/product-category/cases/','49:2263096c3d0b0601c78d6cf198a572c8',177,'term','product_cat',NULL,NULL,NULL,NULL,'Cases',NULL,NULL,0,NULL,NULL,NULL,NULL,NULL,NULL,0,NULL,NULL,NULL,NULL,NULL,NULL,NULL,NULL,NULL,NULL,NULL,NULL,NULL,NULL,NULL,NULL,0,NULL,NULL,'2022-11-16 17:53:49','2023-10-21 08:38:53',1,NULL,NULL,NULL,NULL,0,NULL,2,'2023-03-09 23:52:31','2022-11-16 17:18:38',NULL),(735,'https://wildrivertech.com/product/hard-shell-case-for-isi-112-platform-set/','75:556992a1c794101e6dc2f39a99069562',6792,'post','product',1,0,NULL,'This had shell case has soft interior walls designed specifically for ourISI-112 test platforms. It is made in the USA and engineered using the finest components.','Hard Shell Case for ISI-112 Platform Set','publish',NULL,0,NULL,NULL,NULL,NULL,NULL,90,0,NULL,0,NULL,NULL,NULL,NULL,'https://wildrivertech.com/wp-content/uploads/2022/11/WRT_Case_For_ISI-112_Platforms_800x478px.jpg',NULL,'6793','featured-image',NULL,NULL,'https://wildrivertech.com/wp-content/uploads/2022/11/WRT_Case_For_ISI-112_Platforms_800x478px.jpg','6793','featured-image','{\"width\":1600,\"height\":956,\"filesize\":158779,\"url\":\"https://wildrivertech.com/wp-content/uploads/2022/11/WRT_Case_For_ISI-112_Platforms_800x478px.jpg\",\"path\":\"/home/sidesi5/public_html/wp-content/uploads/2022/11/WRT_Case_For_ISI-112_Platforms_800x478px.jpg\",\"size\":\"full\",\"id\":6793,\"alt\":\"\",\"pixels\":1529600,\"type\":\"image/jpeg\"}',0,NULL,NULL,'2022-11-16 17:59:03','2023-10-21 08:24:04',1,NULL,NULL,NULL,NULL,0,NULL,2,'2022-11-16 18:26:04','2022-11-16 17:59:02',0),(803,'https://wildrivertech.com/shop-serial-link-products/','52:6bd73eab88a529e831b4afad519ccf8b',7024,'post','page',1,0,NULL,NULL,'Shop Serial Link Products','publish',NULL,0,NULL,NULL,NULL,NULL,NULL,60,0,NULL,0,NULL,NULL,NULL,NULL,NULL,NULL,NULL,NULL,NULL,NULL,NULL,NULL,NULL,NULL,15,1,NULL,'2023-03-05 23:57:39','2023-10-20 03:01:40',1,NULL,NULL,NULL,NULL,0,NULL,2,'2023-08-03 16:51:37','2023-03-17 15:46:26',0),(810,'https://wildrivertech.com/services-2/','37:c55f9a9765f72d81786b1671ad6fb03d',7141,'post','page',1,0,NULL,NULL,'Services','publish',NULL,0,NULL,NULL,NULL,NULL,NULL,90,0,NULL,0,NULL,NULL,NULL,NULL,NULL,NULL,NULL,NULL,NULL,NULL,NULL,NULL,NULL,NULL,0,1,NULL,'2023-07-13 20:57:24','2023-10-20 03:01:55',1,NULL,NULL,NULL,NULL,0,NULL,2,'2023-07-13 22:57:30','2023-07-13 22:57:30',0),(811,'https://wildrivertech.com/wrt-cadence-partnership/','50:6e527bb8329275af137cc240e5d3a0de',7220,'post','page',1,0,NULL,NULL,'WRT Cadence Partnership','publish',NULL,0,NULL,NULL,NULL,NULL,NULL,0,0,NULL,0,NULL,NULL,NULL,NULL,NULL,NULL,NULL,NULL,NULL,NULL,NULL,NULL,NULL,NULL,0,NULL,NULL,'2023-07-26 21:36:47','2023-10-21 08:24:04',1,NULL,NULL,NULL,NULL,0,NULL,2,'2023-07-26 21:41:25','2023-07-26 21:41:25',0),(812,'https://wildrivertech.com/cadence-and-wild-river-technology-partner-to-improve-simulation-measurement-for-extreme-signal-integrity/','131:82475f171a624d204c5daf0e31e3c8c0',7233,'post','post',1,0,NULL,NULL,'Cadence and Wild River Technology Partner to Improve Simulation-Measurement for Extreme Signal Integrity','publish',NULL,0,NULL,NULL,NULL,NULL,NULL,60,0,NULL,0,NULL,NULL,NULL,NULL,NULL,NULL,NULL,NULL,NULL,NULL,NULL,NULL,NULL,NULL,0,1,NULL,'2023-07-26 23:48:30','2023-10-21 03:12:04',1,NULL,NULL,NULL,NULL,0,NULL,2,'2023-07-26 23:51:02','2023-07-26 23:49:11',0),(813,'https://wildrivertech.com/category/press-release/','49:920ab65311afc4ef05a74df34c3c8a78',183,'term','category',NULL,NULL,NULL,NULL,'Press Release',NULL,NULL,0,NULL,NULL,NULL,NULL,NULL,NULL,0,NULL,NULL,NULL,NULL,NULL,NULL,NULL,NULL,NULL,NULL,NULL,NULL,NULL,NULL,NULL,NULL,0,1,NULL,'2023-07-26 23:50:43','2023-10-21 03:12:04',1,NULL,NULL,NULL,NULL,0,NULL,2,'2023-07-26 23:51:02','2023-07-26 23:49:11',NULL),(814,'https://wildrivertech.com/product/isi-56/','41:748fc1c0209691b8cd20fc76240db29f',7240,'post','product',1,0,NULL,'The XTALK-32 is an industry-first crosstalk testing platform consisting of a family of loss and insertion-crosstalk ratio (ICR) designed to challenge 6-32 Gbpsec systems and PAM-4, 56 Gbpsec.','ISI-56 &#8211; 56G ISI Loss Modeling Platform','publish',NULL,0,NULL,NULL,NULL,'112G PAM4',46,30,0,NULL,0,NULL,NULL,NULL,NULL,'https://wildrivertech.com/wp-content/uploads/2022/11/ISI-56_800x600px.jpg',NULL,'7106','featured-image',NULL,NULL,'https://wildrivertech.com/wp-content/uploads/2022/11/ISI-56_800x600px.jpg','7106','featured-image','{\"width\":800,\"height\":600,\"filesize\":127055,\"url\":\"https://wildrivertech.com/wp-content/uploads/2022/11/ISI-56_800x600px.jpg\",\"path\":\"/home/sidesi5/public_html/wp-content/uploads/2022/11/ISI-56_800x600px.jpg\",\"size\":\"full\",\"id\":7106,\"alt\":\"\",\"pixels\":480000,\"type\":\"image/jpeg\"}',1,3,NULL,'2023-07-27 00:14:16','2023-10-20 03:58:13',1,NULL,NULL,'ItemPage',NULL,0,NULL,2,'2023-07-27 00:23:49','2023-07-27 00:14:16',0),(815,'https://wildrivertech.com/elements-to-good-return-loss/','55:8e76e1363d144cbb0fa8b5651776edfd',7260,'post','post',7,0,NULL,NULL,'The Elements to Good Return Loss','publish',NULL,0,NULL,NULL,NULL,NULL,NULL,0,0,NULL,0,NULL,NULL,NULL,NULL,NULL,NULL,NULL,NULL,NULL,NULL,NULL,NULL,NULL,NULL,0,1,NULL,'2023-08-02 20:20:51','2023-10-21 07:12:04',1,NULL,NULL,NULL,NULL,0,NULL,2,'2023-08-02 20:30:10','2023-08-02 20:23:12',0);

--
-- Table structure for table `sidesi5_yoast_indexable_hierarchy`
--

CREATE TABLE `sidesi5_yoast_indexable_hierarchy` (
  `indexable_id` int(11) unsigned NOT NULL DEFAULT '0',
  `ancestor_id` int(11) unsigned NOT NULL DEFAULT '0',
  `depth` int(11) unsigned DEFAULT NULL,
  `blog_id` bigint(20) NOT NULL DEFAULT '1',
  PRIMARY KEY (`indexable_id`,`ancestor_id`),
  KEY `indexable_id` (`indexable_id`),
  KEY `ancestor_id` (`ancestor_id`),
  KEY `depth` (`depth`)
) ENGINE=MyISAM DEFAULT CHARSET=utf8mb4 COLLATE=utf8mb4_unicode_520_ci;

--
-- Dumping data for table `sidesi5_yoast_indexable_hierarchy`
--

INSERT INTO `sidesi5_yoast_indexable_hierarchy` VALUES (6,0,0,1),(8,0,0,1),(4,0,0,1),(10,0,0,1),(13,4,1,1),(46,0,0,1),(50,46,1,1),(63,0,0,1),(45,0,0,1),(70,0,0,1),(52,0,0,1),(14,4,1,1),(15,0,0,1),(73,0,0,1),(5,4,1,1),(61,4,1,1),(67,10,1,1),(42,0,0,1),(41,0,0,1),(59,0,0,1),(79,0,0,1),(49,46,1,1),(47,46,1,1),(72,4,1,1),(43,0,0,1),(81,0,0,1),(82,0,0,1),(44,0,0,1),(84,0,0,1),(88,0,0,1),(91,0,0,1),(51,0,0,1),(92,0,0,1),(16,0,0,1),(93,0,0,1),(94,0,0,1),(95,0,0,1),(96,0,0,1),(98,0,0,1),(99,0,0,1),(97,0,0,1),(100,0,0,1),(78,0,0,1),(102,0,0,1),(103,0,0,1),(9,0,0,1),(48,46,1,1),(60,4,1,1),(465,299,1,1),(773,0,0,1),(740,0,0,1),(218,0,0,1),(257,0,0,1),(238,0,0,1),(65,0,0,1),(220,0,0,1),(219,0,0,1),(241,0,0,1),(242,0,0,1),(107,0,0,1),(108,0,0,1),(2,0,0,1),(240,0,0,1),(239,0,0,1),(243,0,0,1),(109,0,0,1),(114,0,0,1),(247,0,0,1),(106,0,0,1),(110,0,0,1),(104,0,0,1),(295,0,0,1),(296,0,0,1),(298,0,0,1),(115,0,0,1),(117,0,0,1),(299,0,0,1),(179,0,0,1),(181,0,0,1),(178,0,0,1),(300,0,0,1),(301,0,0,1),(313,0,0,1),(321,0,0,1),(341,299,1,1),(305,0,0,1),(283,0,0,1),(809,0,0,1),(345,0,0,1),(293,0,0,1),(349,0,0,1),(307,305,1,1),(297,296,1,1),(306,305,1,1),(379,0,0,1),(404,0,0,1),(774,0,0,1),(775,0,0,1),(180,0,0,1),(116,0,0,1),(101,0,0,1),(111,0,0,1),(112,0,0,1),(113,0,0,1),(733,0,0,1),(745,0,0,1),(752,0,0,1),(791,0,0,1),(772,0,0,1),(783,0,0,1),(784,0,0,1),(785,0,0,1),(786,0,0,1),(815,0,0,1),(814,0,0,1),(813,0,0,1),(812,0,0,1),(811,0,0,1),(810,0,0,1),(808,0,0,1),(807,0,0,1),(806,0,0,1),(805,0,0,1),(804,0,0,1),(803,0,0,1),(713,0,0,1),(732,0,0,1),(735,0,0,1),(792,0,0,1),(742,0,0,1),(453,0,0,1),(454,0,0,1),(455,0,0,1),(456,0,0,1),(457,0,0,1),(708,0,0,1),(458,0,0,1),(459,0,0,1),(460,0,0,1),(461,0,0,1),(462,0,0,1),(463,0,0,1),(709,0,0,1),(464,104,1,1);

--
-- Table structure for table `sidesi5_yoast_migrations`
--

CREATE TABLE `sidesi5_yoast_migrations` (
  `id` int(11) unsigned NOT NULL AUTO_INCREMENT,
  `version` varchar(191) COLLATE utf8mb4_unicode_520_ci DEFAULT NULL,
  PRIMARY KEY (`id`),
  UNIQUE KEY `sidesi5_yoast_migrations_version` (`version`)
) ENGINE=MyISAM AUTO_INCREMENT=25 DEFAULT CHARSET=utf8mb4 COLLATE=utf8mb4_unicode_520_ci;

--
-- Dumping data for table `sidesi5_yoast_migrations`
--

INSERT INTO `sidesi5_yoast_migrations` VALUES (1,'20171228151840'),(2,'20171228151841'),(3,'20190529075038'),(4,'20191011111109'),(5,'20200408101900'),(6,'20200420073606'),(7,'20200428123747'),(8,'20200428194858'),(9,'20200429105310'),(10,'20200430075614'),(11,'20200430150130'),(12,'20200507054848'),(13,'20200513133401'),(14,'20200609154515'),(15,'20200616130143'),(16,'20200617122511'),(17,'20200702141921'),(18,'20200728095334'),(19,'20201202144329'),(20,'20201216124002'),(21,'20201216141134'),(22,'20210817092415'),(23,'20211020091404'),(24,'20230417083836');

--
-- Table structure for table `sidesi5_yoast_primary_term`
--

CREATE TABLE `sidesi5_yoast_primary_term` (
  `id` int(11) unsigned NOT NULL AUTO_INCREMENT,
  `post_id` bigint(20) DEFAULT NULL,
  `term_id` bigint(20) DEFAULT NULL,
  `taxonomy` varchar(32) COLLATE utf8mb4_unicode_520_ci NOT NULL,
  `created_at` datetime DEFAULT NULL,
  `updated_at` timestamp NOT NULL DEFAULT CURRENT_TIMESTAMP ON UPDATE CURRENT_TIMESTAMP,
  `blog_id` bigint(20) NOT NULL DEFAULT '1',
  PRIMARY KEY (`id`),
  KEY `post_taxonomy` (`post_id`,`taxonomy`),
  KEY `post_term` (`post_id`,`term_id`)
) ENGINE=MyISAM AUTO_INCREMENT=26 DEFAULT CHARSET=utf8mb4 COLLATE=utf8mb4_unicode_520_ci;

--
-- Dumping data for table `sidesi5_yoast_primary_term`
--

INSERT INTO `sidesi5_yoast_primary_term` VALUES (1,6592,173,'product_cat','2022-11-06 22:58:47','2023-10-20 03:31:25',1),(2,6601,173,'product_cat','2022-11-07 00:19:12','2023-10-21 08:24:04',1),(3,6609,173,'product_cat','2022-11-07 00:34:04','2023-10-21 03:11:09',1),(4,6658,172,'product_cat','2022-11-08 20:58:25','2023-10-21 08:24:04',1),(22,6507,167,'product_cat','2023-03-08 22:11:56','2023-10-20 02:25:07',1),(6,6694,172,'product_cat','2022-11-10 21:39:06','2023-10-21 08:24:04',1),(7,6731,172,'product_cat','2022-11-14 00:34:37','2023-10-20 01:36:07',1),(8,6768,177,'product_cat','2022-11-16 17:18:39','2023-10-21 08:24:04',1),(9,6789,177,'product_cat','2022-11-16 17:51:05','2023-10-20 02:35:26',1),(10,6792,177,'product_cat','2022-11-16 17:59:03','2023-10-21 08:24:04',1),(11,6798,177,'product_cat','2022-11-16 18:26:39','2023-10-20 03:31:37',1),(12,6808,170,'product_cat','2022-11-17 00:16:36','2023-10-20 02:32:54',1),(13,6812,167,'product_cat','2022-11-17 00:32:53','2023-10-21 02:03:43',1),(23,7233,183,'category','2023-07-26 23:49:11','2023-10-21 07:12:04',1),(16,6842,179,'faq_category','2022-11-17 19:42:39','2023-10-21 08:08:59',1),(17,6846,178,'faq_category','2022-11-17 19:50:30','2023-10-21 08:08:59',1),(18,6874,180,'category','2022-11-23 19:58:06','2023-10-21 07:12:04',1),(19,1,180,'category','2022-11-23 19:59:56','2023-10-21 07:12:04',1),(20,6576,181,'category','2022-11-23 21:08:05','2023-10-21 08:24:04',1),(21,6582,181,'category','2022-11-23 21:09:07','2023-10-21 08:24:04',1),(24,7240,167,'product_cat','2023-07-27 00:14:16','2023-10-20 03:58:13',1),(25,7260,181,'category','2023-08-02 20:23:12','2023-10-21 07:12:04',1);

--
-- Table structure for table `sidesi5_yoast_seo_links`
--

CREATE TABLE `sidesi5_yoast_seo_links` (
  `id` bigint(20) unsigned NOT NULL AUTO_INCREMENT,
  `url` varchar(255) DEFAULT NULL,
  `post_id` bigint(20) unsigned DEFAULT NULL,
  `target_post_id` bigint(20) unsigned DEFAULT NULL,
  `type` varchar(8) DEFAULT NULL,
  `indexable_id` int(11) unsigned DEFAULT NULL,
  `target_indexable_id` int(11) unsigned DEFAULT NULL,
  `height` int(11) unsigned DEFAULT NULL,
  `width` int(11) unsigned DEFAULT NULL,
  `size` int(11) unsigned DEFAULT NULL,
  `language` varchar(32) DEFAULT NULL,
  `region` varchar(32) DEFAULT NULL,
  PRIMARY KEY (`id`),
  KEY `link_direction` (`post_id`,`type`),
  KEY `indexable_link_direction` (`indexable_id`,`type`)
) ENGINE=MyISAM AUTO_INCREMENT=1108 DEFAULT CHARSET=utf8;

--
-- Dumping data for table `sidesi5_yoast_seo_links`
--

INSERT INTO `sidesi5_yoast_seo_links` VALUES (1,'https://testsite.wildrivertech.com/si-test-fixtures/isi-56g/',5148,5274,'internal',6,67,NULL,NULL,NULL,NULL,NULL),(3,'http://testsite.wildrivertech.com/si-test-fixtures/isi-56g/',5148,5274,'internal',6,67,NULL,NULL,NULL,NULL,NULL),(1091,'https://wildrivertech.com/category/technical/',2945,NULL,'internal',257,786,NULL,NULL,NULL,NULL,NULL),(5,'https://www.samtec.com/',5148,NULL,'external',6,NULL,NULL,NULL,NULL,NULL,NULL),(6,'https://www.samtec.com/',5148,NULL,'external',6,NULL,NULL,NULL,NULL,NULL,NULL),(7,'https://www.isola-group.com/',5148,NULL,'external',6,NULL,NULL,NULL,NULL,NULL,NULL),(8,'https://www.isola-group.com/',5148,NULL,'external',6,NULL,NULL,NULL,NULL,NULL,NULL),(30,'#',1626,5148,'internal',52,6,NULL,NULL,NULL,NULL,NULL),(1090,'https://wildrivertech.com/author/al-neves/',2945,NULL,'internal',257,783,NULL,NULL,NULL,NULL,NULL),(13,'http://testsite.wildrivertech.com/wp-content/uploads/2021/05/Al_Neves_wild-river-technology-serdes-test-300x320.jpg',5148,NULL,'image-in',6,NULL,NULL,NULL,NULL,NULL,NULL),(14,'http://testsite.wildrivertech.com/wp-content/uploads/2021/05/Al_Neves_wild-river-technology-serdes-test-300x320.jpg',5148,NULL,'image-in',6,NULL,NULL,NULL,NULL,NULL,NULL),(15,'http://testsite.wildrivertech.com/wp-content/uploads/2022/03/ISI-56-293x300.png',5148,2321,'image-in',6,NULL,707,690,821304,NULL,NULL),(16,'http://testsite.wildrivertech.com/wp-content/uploads/2022/04/ISI-USB4-5-300x300.png',5148,NULL,'image-in',6,NULL,NULL,NULL,NULL,NULL,NULL),(17,'http://testsite.wildrivertech.com/wp-content/uploads/2022/04/ISI-56-400x400-1-300x300.png',5148,NULL,'image-in',6,NULL,NULL,NULL,NULL,NULL,NULL),(18,'http://testsite.wildrivertech.com/wp-content/uploads/2022/04/ISI-USB4-400-x-400-300x300.png',5148,NULL,'image-in',6,NULL,NULL,NULL,NULL,NULL,NULL),(47,'http://testsite.wildrivertech.com/wp-content/uploads/2022/06/Samtec-Logo-2-200-x-50-300x139.png',5148,NULL,'image-in',6,NULL,NULL,NULL,NULL,NULL,NULL),(49,'http://testsite.wildrivertech.com/wp-content/uploads/2022/06/Teledyne-4-300x70.png',5148,NULL,'image-in',6,NULL,NULL,NULL,NULL,NULL,NULL),(26,'https://teledynelecroy.com/',5148,NULL,'external',6,NULL,NULL,NULL,NULL,NULL,NULL),(27,'https://teledynelecroy.com/',5148,NULL,'external',6,NULL,NULL,NULL,NULL,NULL,NULL),(23,'https://www.zettaone.com/',5148,NULL,'external',6,NULL,NULL,NULL,NULL,NULL,NULL),(24,'https://www.zettaone.com/',5148,NULL,'external',6,NULL,NULL,NULL,NULL,NULL,NULL),(25,'http://testsite.wildrivertech.com/wp-content/uploads/2022/06/ZettaOne.png',5148,NULL,'image-in',6,NULL,NULL,NULL,NULL,NULL,NULL),(1092,'https://wildrivertech.com/webinar-announcement-ansys-hfss-and-high-speed-serial-data-links-simulation-vs-real-world/',2945,6874,'internal',257,784,NULL,NULL,NULL,NULL,NULL),(1088,'https://wildrivertech.com/services-2/',2945,7141,'internal',257,810,NULL,NULL,NULL,NULL,NULL),(1089,'https://wildrivertech.com/elements-to-good-return-loss/',2945,7260,'internal',257,815,NULL,NULL,NULL,NULL,NULL),(33,'#',1626,5148,'internal',52,6,NULL,NULL,NULL,NULL,NULL),(1083,'https://wildrivertech.com/pcb-design-service/',2945,7076,'internal',257,806,NULL,NULL,NULL,NULL,NULL),(35,'#',1626,5148,'internal',52,6,NULL,NULL,NULL,NULL,NULL),(37,'#',1626,5148,'internal',52,6,NULL,NULL,NULL,NULL,NULL),(1093,'https://wildrivertech.com/author/jimwildrivertech-com/',2945,NULL,'internal',257,15,NULL,NULL,NULL,NULL,NULL),(39,'http://testsite.wildrivertech.com/wp-content/uploads/2022/05/1501-2.92mm-300x300.png',1626,NULL,'image-in',52,NULL,NULL,NULL,NULL,NULL,NULL),(40,'http://testsite.wildrivertech.com/wp-content/uploads/2022/05/DXM086-1.85mm-300x300.png',1626,NULL,'image-in',52,NULL,NULL,NULL,NULL,NULL,NULL),(41,'http://testsite.wildrivertech.com/wp-content/uploads/2022/05/DXM086-2.4mm-300x300.png',1626,NULL,'image-in',52,NULL,NULL,NULL,NULL,NULL,NULL),(42,'http://testsite.wildrivertech.com/wp-content/uploads/2022/05/DXM086-Pairs-1.85mm-Male-300x300.png',1626,NULL,'image-in',52,NULL,NULL,NULL,NULL,NULL,NULL),(43,'http://testsite.wildrivertech.com/wp-content/uploads/2022/05/DXM086-Pairs-2.4mm-Male-300x300.png',1626,NULL,'image-in',52,NULL,NULL,NULL,NULL,NULL,NULL),(44,'http://testsite.wildrivertech.com/wp-content/uploads/2022/05/Skew-Matched-2.92mm-Male-300x300.png',1626,NULL,'image-in',52,NULL,NULL,NULL,NULL,NULL,NULL),(46,'http://testsite.wildrivertech.com/wp-content/uploads/2022/06/isola-4-600-x-300-300x139.png',5148,NULL,'image-in',6,NULL,NULL,NULL,NULL,NULL,NULL),(210,'https://bit.ly/3coTeyo',6,NULL,'external',218,NULL,NULL,NULL,NULL,NULL,NULL),(211,'http://testsite.wildrivertech.com/playlists/',6,NULL,'internal',218,NULL,NULL,NULL,NULL,NULL,NULL),(212,'http://testsite.wildrivertech.com/videos/',6,NULL,'internal',218,NULL,NULL,NULL,NULL,NULL,NULL),(213,'http://testsite.wildrivertech.com/yoga-lessons/',6,NULL,'internal',218,NULL,NULL,NULL,NULL,NULL,NULL),(214,'http://testsite.wildrivertech.com/yoga-lessons/',6,NULL,'internal',218,NULL,NULL,NULL,NULL,NULL,NULL),(215,'http://testsite.wildrivertech.com/playlists/',6,NULL,'internal',218,NULL,NULL,NULL,NULL,NULL,NULL),(216,'http://testsite.wildrivertech.com/playlists/',6,NULL,'internal',218,NULL,NULL,NULL,NULL,NULL,NULL),(217,'http://testsite.wildrivertech.com/videos/',6,NULL,'internal',218,NULL,NULL,NULL,NULL,NULL,NULL),(218,'http://testsite.wildrivertech.com/playlists/',6,NULL,'internal',218,NULL,NULL,NULL,NULL,NULL,NULL),(219,'http://testsite.wildrivertech.com/videos/',6,NULL,'internal',218,NULL,NULL,NULL,NULL,NULL,NULL),(220,'http://testsite.wildrivertech.com/playlists/lift-firm-perk-up/',6,NULL,'internal',218,NULL,NULL,NULL,NULL,NULL,NULL),(221,'http://testsite.wildrivertech.com/playlists/',6,NULL,'internal',218,NULL,NULL,NULL,NULL,NULL,NULL),(222,'http://testsite.wildrivertech.com/videos/',6,NULL,'internal',218,NULL,NULL,NULL,NULL,NULL,NULL),(223,'http://testsite.wildrivertech.com/playlists/thighs-glute-workout',6,NULL,'internal',218,NULL,NULL,NULL,NULL,NULL,NULL),(224,'http://testsite.wildrivertech.com/playlists/',6,NULL,'internal',218,NULL,NULL,NULL,NULL,NULL,NULL),(225,'http://testsite.wildrivertech.com/playlists/',6,NULL,'internal',218,NULL,NULL,NULL,NULL,NULL,NULL),(226,'http://testsite.wildrivertech.com/about/',6,5151,'internal',218,46,NULL,NULL,NULL,NULL,NULL),(227,'https://bit.ly/3coTeyo',6,NULL,'external',218,NULL,NULL,NULL,NULL,NULL,NULL),(228,'https://bit.ly/3coTeyo',6,NULL,'external',218,NULL,NULL,NULL,NULL,NULL,NULL),(229,'http://testsite.wildrivertech.com/about/',6,5151,'internal',218,46,NULL,NULL,NULL,NULL,NULL),(230,'https://bit.ly/3coTeyo',6,NULL,'external',218,NULL,NULL,NULL,NULL,NULL,NULL),(231,'https://bit.ly/3coTeyo',6,NULL,'external',218,NULL,NULL,NULL,NULL,NULL,NULL),(232,'http://testsite.wildrivertech.com/about/',6,5151,'internal',218,46,NULL,NULL,NULL,NULL,NULL),(233,'https://bit.ly/3coTeyo',6,NULL,'external',218,NULL,NULL,NULL,NULL,NULL,NULL),(234,'https://bit.ly/3coTeyo',6,NULL,'external',218,NULL,NULL,NULL,NULL,NULL,NULL),(235,'http://testsite.wildrivertech.com/about/',6,5151,'internal',218,46,NULL,NULL,NULL,NULL,NULL),(236,'https://bit.ly/3coTeyo',6,NULL,'external',218,NULL,NULL,NULL,NULL,NULL,NULL),(237,'https://bit.ly/3coTeyo',6,NULL,'external',218,NULL,NULL,NULL,NULL,NULL,NULL),(238,'https://bit.ly/3coTeyo',6,NULL,'external',218,NULL,NULL,NULL,NULL,NULL,NULL),(239,'https://bit.ly/3coTeyo',6,NULL,'external',218,NULL,NULL,NULL,NULL,NULL,NULL),(240,'https://bit.ly/3coTeyo',6,NULL,'external',218,NULL,NULL,NULL,NULL,NULL,NULL),(241,'https://bit.ly/3coTeyo',6,NULL,'external',218,NULL,NULL,NULL,NULL,NULL,NULL),(242,'https://bit.ly/3coTeyo',6,NULL,'external',218,NULL,NULL,NULL,NULL,NULL,NULL),(243,'https://bit.ly/3coTeyo',6,NULL,'external',218,NULL,NULL,NULL,NULL,NULL,NULL),(244,'https://avada.theme-fusion.com/fitness/wp-content/uploads/sites/130/2020/03/avatar-1@2x.jpg',6,NULL,'image-ex',218,NULL,NULL,NULL,NULL,NULL,NULL),(245,'https://avada.theme-fusion.com/fitness/wp-content/uploads/sites/130/2019/11/sponsor-1@2x.png',6,NULL,'image-ex',218,NULL,NULL,NULL,NULL,NULL,NULL),(246,'https://avada.theme-fusion.com/fitness/wp-content/uploads/sites/130/2019/11/sponsor-2@2x.png',6,NULL,'image-ex',218,NULL,NULL,NULL,NULL,NULL,NULL),(247,'https://avada.theme-fusion.com/fitness/wp-content/uploads/sites/130/2019/11/sponsor-3@2x.png',6,NULL,'image-ex',218,NULL,NULL,NULL,NULL,NULL,NULL),(248,'https://avada.theme-fusion.com/fitness/wp-content/uploads/sites/130/2019/11/sponsor-4@2x.png',6,NULL,'image-ex',218,NULL,NULL,NULL,NULL,NULL,NULL),(830,'https://testsite.wildrivertech.com/ber-and-com-way-of-channel-compliance-evaluation-what-are-the-sources-of-differences/',8,6582,'internal',219,298,NULL,NULL,NULL,NULL,NULL),(829,'https://testsite.wildrivertech.com/ber-and-com-way-of-channel-compliance-evaluation-what-are-the-sources-of-differences/',8,6582,'internal',219,298,NULL,NULL,NULL,NULL,NULL),(828,'https://testsite.wildrivertech.com/new-article-by-al-neves-s-parameters-signal-integrity-analysis-in-the-blink-of-an-eye/',8,6576,'internal',219,300,NULL,NULL,NULL,NULL,NULL),(827,'https://testsite.wildrivertech.com/new-article-by-al-neves-s-parameters-signal-integrity-analysis-in-the-blink-of-an-eye/',8,6576,'internal',219,300,NULL,NULL,NULL,NULL,NULL),(826,'https://testsite.wildrivertech.com/takes-a-village/',8,1,'internal',219,16,NULL,NULL,NULL,NULL,NULL),(825,'https://testsite.wildrivertech.com/takes-a-village/',8,1,'internal',219,16,NULL,NULL,NULL,NULL,NULL),(824,'https://testsite.wildrivertech.com/webinar-announcement-ansys-hfss-and-high-speed-serial-data-links-simulation-vs-real-world/',8,6874,'internal',219,784,NULL,NULL,NULL,NULL,NULL),(823,'https://testsite.wildrivertech.com/webinar-announcement-ansys-hfss-and-high-speed-serial-data-links-simulation-vs-real-world/',8,6874,'internal',219,784,NULL,NULL,NULL,NULL,NULL),(270,'http://testsite.wildrivertech.com/yoga-lessons/',10,NULL,'internal',220,NULL,NULL,NULL,NULL,NULL,NULL),(271,'http://testsite.wildrivertech.com/yoga-lessons/',10,NULL,'internal',220,NULL,NULL,NULL,NULL,NULL,NULL),(272,'https://bit.ly/3coTeyo',10,NULL,'external',220,NULL,NULL,NULL,NULL,NULL,NULL),(273,'http://testsite.wildrivertech.com/yoga-lessons/',10,NULL,'internal',220,NULL,NULL,NULL,NULL,NULL,NULL),(274,'https://bit.ly/3coTeyo',10,NULL,'external',220,NULL,NULL,NULL,NULL,NULL,NULL),(275,'https://bit.ly/3coTeyo',10,NULL,'external',220,NULL,NULL,NULL,NULL,NULL,NULL),(276,'http://testsite.wildrivertech.com/yoga-lessons/',10,NULL,'internal',220,NULL,NULL,NULL,NULL,NULL,NULL),(277,'http://testsite.wildrivertech.com/yoga-lessons/',10,NULL,'internal',220,NULL,NULL,NULL,NULL,NULL,NULL),(278,'https://bit.ly/3coTeyo',10,NULL,'external',220,NULL,NULL,NULL,NULL,NULL,NULL),(279,'https://bit.ly/3coTeyo',10,NULL,'external',220,NULL,NULL,NULL,NULL,NULL,NULL),(280,'http://testsite.wildrivertech.com/yoga-lessons/',10,NULL,'internal',220,NULL,NULL,NULL,NULL,NULL,NULL),(281,'http://testsite.wildrivertech.com/playlists/',10,NULL,'internal',220,NULL,NULL,NULL,NULL,NULL,NULL),(282,'http://testsite.wildrivertech.com/playlists/',10,NULL,'internal',220,NULL,NULL,NULL,NULL,NULL,NULL),(283,'http://testsite.wildrivertech.com/playlists/',10,NULL,'internal',220,NULL,NULL,NULL,NULL,NULL,NULL),(284,'http://testsite.wildrivertech.com/playlists/',10,NULL,'internal',220,NULL,NULL,NULL,NULL,NULL,NULL),(285,'http://testsite.wildrivertech.com/videos/',10,NULL,'internal',220,NULL,NULL,NULL,NULL,NULL,NULL),(286,'http://testsite.wildrivertech.com/playlists/thighs-glute-workout',10,NULL,'internal',220,NULL,NULL,NULL,NULL,NULL,NULL),(287,'http://testsite.wildrivertech.com/playlists/',10,NULL,'internal',220,NULL,NULL,NULL,NULL,NULL,NULL),(288,'http://testsite.wildrivertech.com/videos/',10,NULL,'internal',220,NULL,NULL,NULL,NULL,NULL,NULL),(289,'http://testsite.wildrivertech.com/playlists/lift-firm-perk-up/',10,NULL,'internal',220,NULL,NULL,NULL,NULL,NULL,NULL),(290,'http://testsite.wildrivertech.com/playlists/',10,NULL,'internal',220,NULL,NULL,NULL,NULL,NULL,NULL),(291,'http://testsite.wildrivertech.com/videos/',10,NULL,'internal',220,NULL,NULL,NULL,NULL,NULL,NULL),(292,'http://testsite.wildrivertech.com/playlists/slim-trim-your-waist/',10,NULL,'internal',220,NULL,NULL,NULL,NULL,NULL,NULL),(293,'data:image/gif;base64,R0lGODlhAQABAAAAACH5BAEKAAEALAAAAAABAAEAAAICTAEAOw==',10,NULL,'image-ex',220,NULL,NULL,NULL,NULL,NULL,NULL),(294,'data:image/gif;base64,R0lGODlhAQABAAAAACH5BAEKAAEALAAAAAABAAEAAAICTAEAOw==',10,NULL,'image-ex',220,NULL,NULL,NULL,NULL,NULL,NULL),(295,'data:image/gif;base64,R0lGODlhAQABAAAAACH5BAEKAAEALAAAAAABAAEAAAICTAEAOw==',10,NULL,'image-ex',220,NULL,NULL,NULL,NULL,NULL,NULL),(296,'data:image/gif;base64,R0lGODlhAQABAAAAACH5BAEKAAEALAAAAAABAAEAAAICTAEAOw==',10,NULL,'image-ex',220,NULL,NULL,NULL,NULL,NULL,NULL),(297,'http://testsite.wildrivertech.com/videos',12,NULL,'internal',238,NULL,NULL,NULL,NULL,NULL,NULL),(298,'http://testsite.wildrivertech.com/playlists/thighs-glute-workout',12,NULL,'internal',238,NULL,NULL,NULL,NULL,NULL,NULL),(299,'http://testsite.wildrivertech.com/playlists/thighs-glute-workout/',12,NULL,'internal',238,NULL,NULL,NULL,NULL,NULL,NULL),(300,'http://testsite.wildrivertech.com/playlists/lift-firm-perk-up/',12,NULL,'internal',238,NULL,NULL,NULL,NULL,NULL,NULL),(301,'http://testsite.wildrivertech.com/playlists/slim-trim-your-waist/',12,NULL,'internal',238,NULL,NULL,NULL,NULL,NULL,NULL),(302,'http://testsite.wildrivertech.com/videos/',12,NULL,'internal',238,NULL,NULL,NULL,NULL,NULL,NULL),(303,'http://testsite.wildrivertech.com/videos',12,NULL,'internal',238,NULL,NULL,NULL,NULL,NULL,NULL),(304,'http://testsite.wildrivertech.com/videos/',12,NULL,'internal',238,NULL,NULL,NULL,NULL,NULL,NULL),(305,'http://testsite.wildrivertech.com/playlists/thighs-glute-workout',12,NULL,'internal',238,NULL,NULL,NULL,NULL,NULL,NULL),(306,'http://testsite.wildrivertech.com/videos/',12,NULL,'internal',238,NULL,NULL,NULL,NULL,NULL,NULL),(307,'http://testsite.wildrivertech.com/playlists/lift-firm-perk-up/',12,NULL,'internal',238,NULL,NULL,NULL,NULL,NULL,NULL),(308,'http://testsite.wildrivertech.com/videos/',12,NULL,'internal',238,NULL,NULL,NULL,NULL,NULL,NULL),(309,'http://testsite.wildrivertech.com/playlists/slim-trim-your-waist/',12,NULL,'internal',238,NULL,NULL,NULL,NULL,NULL,NULL),(310,'http://testsite.wildrivertech.com/videos/',12,NULL,'internal',238,NULL,NULL,NULL,NULL,NULL,NULL),(311,'http://testsite.wildrivertech.com/playlists/thighs-glute-workout',12,NULL,'internal',238,NULL,NULL,NULL,NULL,NULL,NULL),(312,'http://testsite.wildrivertech.com/videos/',12,NULL,'internal',238,NULL,NULL,NULL,NULL,NULL,NULL),(313,'http://testsite.wildrivertech.com/playlists/lift-firm-perk-up/',12,NULL,'internal',238,NULL,NULL,NULL,NULL,NULL,NULL),(314,'http://testsite.wildrivertech.com/videos/',12,NULL,'internal',238,NULL,NULL,NULL,NULL,NULL,NULL),(315,'http://testsite.wildrivertech.com/playlists/slim-trim-your-waist/',12,NULL,'internal',238,NULL,NULL,NULL,NULL,NULL,NULL),(316,'https://www.facebook.com/ThemeFusion-101565403356430/',14,NULL,'external',239,NULL,NULL,NULL,NULL,NULL,NULL),(317,'https://twitter.com/theme_fusion',14,NULL,'external',239,NULL,NULL,NULL,NULL,NULL,NULL),(318,'https://www.instagram.com/themefusion/',14,NULL,'external',239,NULL,NULL,NULL,NULL,NULL,NULL),(319,'https://www.youtube.com/channel/UC_C7uAOAH9RMzZs-CKCZ62w',14,NULL,'external',239,NULL,NULL,NULL,NULL,NULL,NULL),(320,'http://testsite.wildrivertech.com/about/',14,5151,'internal',239,46,NULL,NULL,NULL,NULL,NULL),(321,'https://bit.ly/3coTeyo',14,NULL,'external',239,NULL,NULL,NULL,NULL,NULL,NULL),(322,'https://bit.ly/3coTeyo',14,NULL,'external',239,NULL,NULL,NULL,NULL,NULL,NULL),(323,'http://testsite.wildrivertech.com/about/',14,5151,'internal',239,46,NULL,NULL,NULL,NULL,NULL),(324,'https://bit.ly/3coTeyo',14,NULL,'external',239,NULL,NULL,NULL,NULL,NULL,NULL),(325,'https://bit.ly/3coTeyo',14,NULL,'external',239,NULL,NULL,NULL,NULL,NULL,NULL),(326,'http://testsite.wildrivertech.com/about/',14,5151,'internal',239,46,NULL,NULL,NULL,NULL,NULL),(327,'https://bit.ly/3coTeyo',14,NULL,'external',239,NULL,NULL,NULL,NULL,NULL,NULL),(328,'https://bit.ly/3coTeyo',14,NULL,'external',239,NULL,NULL,NULL,NULL,NULL,NULL),(329,'http://testsite.wildrivertech.com/about/',14,5151,'internal',239,46,NULL,NULL,NULL,NULL,NULL),(330,'https://bit.ly/3coTeyo',14,NULL,'external',239,NULL,NULL,NULL,NULL,NULL,NULL),(331,'https://bit.ly/3coTeyo',14,NULL,'external',239,NULL,NULL,NULL,NULL,NULL,NULL),(332,'https://avada.theme-fusion.com/fitness/wp-content/uploads/sites/130/2019/11/sponsor-1@2x.png',14,NULL,'image-ex',239,NULL,NULL,NULL,NULL,NULL,NULL),(333,'https://avada.theme-fusion.com/fitness/wp-content/uploads/sites/130/2019/11/sponsor-2@2x.png',14,NULL,'image-ex',239,NULL,NULL,NULL,NULL,NULL,NULL),(334,'https://avada.theme-fusion.com/fitness/wp-content/uploads/sites/130/2019/11/sponsor-3@2x.png',14,NULL,'image-ex',239,NULL,NULL,NULL,NULL,NULL,NULL),(335,'https://avada.theme-fusion.com/fitness/wp-content/uploads/sites/130/2019/11/sponsor-4@2x.png',14,NULL,'image-ex',239,NULL,NULL,NULL,NULL,NULL,NULL),(336,'http://testsite.wildrivertech.com/shop/',18,6394,'internal',241,106,NULL,NULL,NULL,NULL,NULL),(337,'http://testsite.wildrivertech.com/my-account/customer-logout/',20,6397,'internal',243,109,NULL,NULL,NULL,NULL,NULL),(338,'http://testsite.wildrivertech.com/cart/',20,6395,'internal',243,107,NULL,NULL,NULL,NULL,NULL),(339,'http://testsite.wildrivertech.com/my-account/',20,6397,'internal',243,109,NULL,NULL,NULL,NULL,NULL),(340,'http://testsite.wildrivertech.com/my-account/orders/',20,6397,'internal',243,109,NULL,NULL,NULL,NULL,NULL),(341,'http://testsite.wildrivertech.com/my-account/downloads/',20,6397,'internal',243,109,NULL,NULL,NULL,NULL,NULL),(342,'http://testsite.wildrivertech.com/my-account/edit-address/',20,6397,'internal',243,109,NULL,NULL,NULL,NULL,NULL),(343,'http://testsite.wildrivertech.com/my-account/edit-account/',20,6397,'internal',243,109,NULL,NULL,NULL,NULL,NULL),(344,'http://testsite.wildrivertech.com/my-account/customer-logout/?_wpnonce=3cf89f9a55',20,6397,'internal',243,109,NULL,NULL,NULL,NULL,NULL),(345,'http://testsite.wildrivertech.com/my-account/customer-logout/?_wpnonce=3cf89f9a55',20,6397,'internal',243,109,NULL,NULL,NULL,NULL,NULL),(346,'http://testsite.wildrivertech.com/my-account-2/orders/',20,20,'internal',243,243,NULL,NULL,NULL,NULL,NULL),(347,'http://testsite.wildrivertech.com/my-account-2/edit-address/',20,20,'internal',243,243,NULL,NULL,NULL,NULL,NULL),(348,'http://testsite.wildrivertech.com/my-account-2/edit-account/',20,20,'internal',243,243,NULL,NULL,NULL,NULL,NULL),(367,'http://testsite.wildrivertech.com/about/',815,5151,'internal',247,46,NULL,NULL,NULL,NULL,NULL),(368,'https://bit.ly/3coTeyo',815,NULL,'external',247,NULL,NULL,NULL,NULL,NULL,NULL),(369,'https://bit.ly/3coTeyo',815,NULL,'external',247,NULL,NULL,NULL,NULL,NULL,NULL),(370,'http://testsite.wildrivertech.com/about/',815,5151,'internal',247,46,NULL,NULL,NULL,NULL,NULL),(371,'http://testsite.wildrivertech.com/about/',815,5151,'internal',247,46,NULL,NULL,NULL,NULL,NULL),(372,'https://bit.ly/3coTeyo',815,NULL,'external',247,NULL,NULL,NULL,NULL,NULL,NULL),(373,'http://testsite.wildrivertech.com/about/',815,5151,'internal',247,46,NULL,NULL,NULL,NULL,NULL),(374,'http://testsite.wildrivertech.com/about/',815,5151,'internal',247,46,NULL,NULL,NULL,NULL,NULL),(375,'https://bit.ly/3coTeyo',815,NULL,'external',247,NULL,NULL,NULL,NULL,NULL,NULL),(376,'http://testsite.wildrivertech.com/about/',815,5151,'internal',247,46,NULL,NULL,NULL,NULL,NULL),(377,'http://testsite.wildrivertech.com/about/',815,5151,'internal',247,46,NULL,NULL,NULL,NULL,NULL),(378,'https://bit.ly/3coTeyo',815,NULL,'external',247,NULL,NULL,NULL,NULL,NULL,NULL),(379,'http://testsite.wildrivertech.com/about/',815,5151,'internal',247,46,NULL,NULL,NULL,NULL,NULL),(380,'http://testsite.wildrivertech.com/about/',815,5151,'internal',247,46,NULL,NULL,NULL,NULL,NULL),(381,'https://bit.ly/3coTeyo',815,NULL,'external',247,NULL,NULL,NULL,NULL,NULL,NULL),(382,'http://testsite.wildrivertech.com/about/',815,5151,'internal',247,46,NULL,NULL,NULL,NULL,NULL),(383,'http://testsite.wildrivertech.com/about/',815,5151,'internal',247,46,NULL,NULL,NULL,NULL,NULL),(384,'https://bit.ly/3coTeyo',815,NULL,'external',247,NULL,NULL,NULL,NULL,NULL,NULL),(385,'http://testsite.wildrivertech.com/about/',815,5151,'internal',247,46,NULL,NULL,NULL,NULL,NULL),(386,'http://testsite.wildrivertech.com/about/',815,5151,'internal',247,46,NULL,NULL,NULL,NULL,NULL),(387,'https://bit.ly/3coTeyo',815,NULL,'external',247,NULL,NULL,NULL,NULL,NULL,NULL),(388,'http://testsite.wildrivertech.com/about/',815,5151,'internal',247,46,NULL,NULL,NULL,NULL,NULL),(389,'http://testsite.wildrivertech.com/about/',815,5151,'internal',247,46,NULL,NULL,NULL,NULL,NULL),(390,'https://bit.ly/3coTeyo',815,NULL,'external',247,NULL,NULL,NULL,NULL,NULL,NULL),(391,'https://avada.theme-fusion.com/fitness/wp-content/uploads/sites/130/2019/11/sponsor-1@2x.png',815,NULL,'image-ex',247,NULL,NULL,NULL,NULL,NULL,NULL),(392,'https://avada.theme-fusion.com/fitness/wp-content/uploads/sites/130/2019/11/sponsor-2@2x.png',815,NULL,'image-ex',247,NULL,NULL,NULL,NULL,NULL,NULL),(393,'https://avada.theme-fusion.com/fitness/wp-content/uploads/sites/130/2019/11/sponsor-3@2x.png',815,NULL,'image-ex',247,NULL,NULL,NULL,NULL,NULL,NULL),(394,'https://avada.theme-fusion.com/fitness/wp-content/uploads/sites/130/2019/11/sponsor-4@2x.png',815,NULL,'image-ex',247,NULL,NULL,NULL,NULL,NULL,NULL),(395,'https://avada.theme-fusion.com/fitness/wp-content/uploads/sites/130/2019/11/sponsor-2@2x.png',815,NULL,'image-ex',247,NULL,NULL,NULL,NULL,NULL,NULL),(396,'https://avada.theme-fusion.com/fitness/wp-content/uploads/sites/130/2019/11/sponsor-4@2x.png',815,NULL,'image-ex',247,NULL,NULL,NULL,NULL,NULL,NULL),(397,'https://avada.theme-fusion.com/fitness/wp-content/uploads/sites/130/2019/11/sponsor-1@2x.png',815,NULL,'image-ex',247,NULL,NULL,NULL,NULL,NULL,NULL),(398,'https://avada.theme-fusion.com/fitness/wp-content/uploads/sites/130/2019/11/sponsor-3@2x.png',815,NULL,'image-ex',247,NULL,NULL,NULL,NULL,NULL,NULL),(1048,'http://testsite.wildrivertech.com/wp-content/uploads/2022/11/CMP-50_800x600px-500x375.jpg',7044,NULL,'image-in',804,NULL,NULL,NULL,NULL,NULL,NULL),(1051,'http://testsite.wildrivertech.com/wp-content/uploads/2022/10/Cable_Pair_1600x1000px.jpg',2945,NULL,'image-in',257,NULL,NULL,NULL,NULL,NULL,NULL),(1078,'https://wildrivertech.com/shop-accessories/',2945,7061,'internal',257,805,NULL,NULL,NULL,NULL,NULL),(1026,'https://testsite.wildrivertech.com/product/40-ghz-1501-matched-cable-pair-assembly-with-2-92mm-connectors/',7061,6731,'internal',805,404,NULL,NULL,NULL,NULL,NULL),(1027,'https://testsite.wildrivertech.com/product/40-ghz-1501-matched-cable-pair-assembly-with-2-92mm-connectors/',7061,6731,'internal',805,404,NULL,NULL,NULL,NULL,NULL),(1028,'',7061,NULL,'internal',805,2,NULL,NULL,NULL,NULL,NULL),(1029,'https://testsite.wildrivertech.com/product/65-ghz-d086-matched-cable-pair-assembly-with-1-85mm-connectors/',7061,6694,'internal',805,379,NULL,NULL,NULL,NULL,NULL),(1030,'https://testsite.wildrivertech.com/product/65-ghz-d086-matched-cable-pair-assembly-with-1-85mm-connectors/',7061,6694,'internal',805,379,NULL,NULL,NULL,NULL,NULL),(1031,'',7061,NULL,'internal',805,2,NULL,NULL,NULL,NULL,NULL),(1032,'https://testsite.wildrivertech.com/product/50-ghz-d086-matched-cable-assembly-with-2-4mm-connectors-copy/',7061,6658,'internal',805,349,NULL,NULL,NULL,NULL,NULL),(1033,'https://testsite.wildrivertech.com/product/50-ghz-d086-matched-cable-assembly-with-2-4mm-connectors-copy/',7061,6658,'internal',805,349,NULL,NULL,NULL,NULL,NULL),(1034,'',7061,NULL,'internal',805,2,NULL,NULL,NULL,NULL,NULL),(1035,'https://testsite.wildrivertech.com/product/65-ghz-1201-cable-assembly-with-1-85mm-connectors/',7061,6609,'internal',805,321,NULL,NULL,NULL,NULL,NULL),(1036,'https://testsite.wildrivertech.com/product/65-ghz-1201-cable-assembly-with-1-85mm-connectors/',7061,6609,'internal',805,321,NULL,NULL,NULL,NULL,NULL),(1037,'',7061,NULL,'internal',805,2,NULL,NULL,NULL,NULL,NULL),(1038,'https://testsite.wildrivertech.com/wp-admin/post.php?paged=2',7061,NULL,'internal',805,NULL,NULL,NULL,NULL,NULL,NULL),(1039,'https://testsite.wildrivertech.com/wp-admin/post.php?paged=2',7061,NULL,'internal',805,NULL,NULL,NULL,NULL,NULL,NULL),(1040,'http://testsite.wildrivertech.com/wp-content/uploads/2022/11/D-COAX_1501_Series-Cable_Pair_800x600px-500x375.png',7061,NULL,'image-in',805,NULL,NULL,NULL,NULL,NULL,NULL),(1041,'http://testsite.wildrivertech.com/wp-content/uploads/2022/11/1201_cable_pair_1p85mm_800x600px-500x375.png',7061,NULL,'image-in',805,NULL,NULL,NULL,NULL,NULL,NULL),(1042,'http://testsite.wildrivertech.com/wp-content/uploads/2022/11/1201_cable_pair_2p4mm_800x600px-500x375.png',7061,NULL,'image-in',805,NULL,NULL,NULL,NULL,NULL,NULL),(1043,'http://testsite.wildrivertech.com/wp-content/uploads/2022/11/1201_cable_1p85mm_800x600px-500x375.png',7061,NULL,'image-in',805,NULL,NULL,NULL,NULL,NULL,NULL),(1044,'https://testsite.wildrivertech.com/product/cmp-50-channel-modeling-platform-for-high-speed-systems-up-to-50-ghz/',7044,6808,'internal',804,745,NULL,NULL,NULL,NULL,NULL),(1045,'https://testsite.wildrivertech.com/product/cmp-50-channel-modeling-platform-for-high-speed-systems-up-to-50-ghz/',7044,6808,'internal',804,745,NULL,NULL,NULL,NULL,NULL),(1046,'',7044,NULL,'internal',804,2,NULL,NULL,NULL,NULL,NULL),(1047,'http://testsite.wildrivertech.com/wp-content/uploads/2022/05/CMP-50-6-500x500.png',7044,NULL,'image-in',804,NULL,NULL,NULL,NULL,NULL,NULL),(433,'http://testsite.wildrivertech.com/playlists/',2945,12,'internal',257,238,NULL,NULL,NULL,NULL,NULL),(435,'http://testsite.wildrivertech.com/about/',2945,5151,'internal',257,46,NULL,NULL,NULL,NULL,NULL),(436,'http://testsite.wildrivertech.com/playlists/',2945,12,'internal',257,238,NULL,NULL,NULL,NULL,NULL),(1095,'https://wildrivertech.com/takes-a-village/',2945,1,'internal',257,16,NULL,NULL,NULL,NULL,NULL),(1094,'https://wildrivertech.com/category/announcements/',2945,NULL,'internal',257,785,NULL,NULL,NULL,NULL,NULL),(440,'http://testsite.wildrivertech.com/playlists/',2945,12,'internal',257,238,NULL,NULL,NULL,NULL,NULL),(441,'http://testsite.wildrivertech.com/videos/',2945,NULL,'internal',257,NULL,NULL,NULL,NULL,NULL,NULL),(442,'http://testsite.wildrivertech.com/playlists/',2945,12,'internal',257,238,NULL,NULL,NULL,NULL,NULL),(443,'http://testsite.wildrivertech.com/playlists/',2945,12,'internal',257,238,NULL,NULL,NULL,NULL,NULL),(444,'http://testsite.wildrivertech.com/videos/',2945,NULL,'internal',257,NULL,NULL,NULL,NULL,NULL,NULL),(567,'https://teledynelecroy.com/',2945,NULL,'external',257,NULL,NULL,NULL,NULL,NULL,NULL),(446,'http://testsite.wildrivertech.com/playlists/',2945,12,'internal',257,238,NULL,NULL,NULL,NULL,NULL),(447,'http://testsite.wildrivertech.com/videos/',2945,NULL,'internal',257,NULL,NULL,NULL,NULL,NULL,NULL),(566,'https://www.samtec.com',2945,NULL,'external',257,NULL,NULL,NULL,NULL,NULL,NULL),(449,'http://testsite.wildrivertech.com/playlists/',2945,12,'internal',257,238,NULL,NULL,NULL,NULL,NULL),(450,'http://testsite.wildrivertech.com/videos/',2945,NULL,'internal',257,NULL,NULL,NULL,NULL,NULL,NULL),(568,'https://www.zettaone.com/',2945,NULL,'external',257,NULL,NULL,NULL,NULL,NULL,NULL),(992,'https://avada.website/fitness/yoga-lessons/',7141,NULL,'external',810,NULL,NULL,NULL,NULL,NULL,NULL),(991,'https://1.envato.market/ENYyW',7141,NULL,'external',810,NULL,NULL,NULL,NULL,NULL,NULL),(990,'https://1.envato.market/ENYyW',7141,NULL,'external',810,NULL,NULL,NULL,NULL,NULL,NULL),(458,'http://testsite.wildrivertech.com/blog/',2945,8,'internal',257,219,NULL,NULL,NULL,NULL,NULL),(561,'data:image/gif;base64,R0lGODlhAQABAAAAACH5BAEKAAEALAAAAAABAAEAAAICTAEAOw==',2945,NULL,'image-ex',257,NULL,NULL,NULL,NULL,NULL,NULL),(1082,'https://wildrivertech.com/pcb-design-service/',2945,7076,'internal',257,806,NULL,NULL,NULL,NULL,NULL),(1079,'https://wildrivertech.com/signal-integrity-service/',2945,7079,'internal',257,807,NULL,NULL,NULL,NULL,NULL),(1080,'https://wildrivertech.com/signal-integrity-service/',2945,7079,'internal',257,807,NULL,NULL,NULL,NULL,NULL),(1081,'https://wildrivertech.com/signal-integrity-service/',2945,7079,'internal',257,807,NULL,NULL,NULL,NULL,NULL),(1102,'https://ate.co.jp',2945,NULL,'external',257,NULL,NULL,NULL,NULL,NULL,NULL),(811,'http://testsite.wildrivertech.com/wp-content/uploads/2022/11/logo_White_NBG.png',2945,NULL,'image-in',257,NULL,NULL,NULL,NULL,NULL,NULL),(1098,'https://wildrivertech.com/cadence-and-wild-river-technology-partner-to-improve-simulation-measurement-for-extreme-signal-integrity/',2945,7233,'internal',257,812,NULL,NULL,NULL,NULL,NULL),(809,'https://www.trust-tek.com.tw/',2945,NULL,'external',257,NULL,NULL,NULL,NULL,NULL,NULL),(993,'https://avada.website/fitness/yoga-lessons/',7141,NULL,'external',810,NULL,NULL,NULL,NULL,NULL,NULL),(1103,'https://www.warddavis.com',2945,NULL,'external',257,NULL,NULL,NULL,NULL,NULL,NULL),(1104,'data:image/svg+xml,%3Csvg%20xmlns%3D%27http%3A%2F%2Fwww.w3.org%2F2000%2Fsvg%27%20width%3D%271000%27%20height%3D%27229%27%20viewBox%3D%270%200%201000%20229%27%3E%3Crect%20width%3D%271000%27%20height%3D%27229%27%20fill-opacity%3D%220%22%2F%3E%3C%2Fsvg%3E',2945,NULL,'image-ex',257,NULL,NULL,NULL,NULL,NULL,NULL),(989,'https://avada.website/fitness/yoga-lessons/',7141,NULL,'external',810,NULL,NULL,NULL,NULL,NULL,NULL),(472,'http://testsite.wildrivertech.com/about/',2945,5151,'internal',257,46,NULL,NULL,NULL,NULL,NULL),(988,'mailto:renee@wildrivertech.com',5151,NULL,'external',46,NULL,NULL,NULL,NULL,NULL,NULL),(475,'http://testsite.wildrivertech.com/about/',2945,5151,'internal',257,46,NULL,NULL,NULL,NULL,NULL),(478,'http://testsite.wildrivertech.com/about/',2945,5151,'internal',257,46,NULL,NULL,NULL,NULL,NULL),(987,'http://testsite.wildrivertech.com/wp-content/uploads/2023/07/renee_headshot_390x462px.jpg',5151,NULL,'image-in',46,NULL,NULL,NULL,NULL,NULL,NULL),(481,'http://testsite.wildrivertech.com/about/',2945,5151,'internal',257,46,NULL,NULL,NULL,NULL,NULL),(986,'http://testsite.wildrivertech.com/wp-content/uploads/2022/03/jim_bell_20130211.png',5151,NULL,'image-in',46,NULL,NULL,NULL,NULL,NULL,NULL),(484,'http://testsite.wildrivertech.com/playlists/',2945,12,'internal',257,238,NULL,NULL,NULL,NULL,NULL),(485,'http://testsite.wildrivertech.com/playlists/',2945,12,'internal',257,238,NULL,NULL,NULL,NULL,NULL),(670,'https://wildrivertech.com/images/ISI-USB4_Datasheet_20210630.pdf',6507,NULL,'external',295,NULL,NULL,NULL,NULL,NULL,NULL),(1068,'https://testsite.wildrivertech.com/product/isi-56/',7024,7240,'internal',803,814,NULL,NULL,NULL,NULL,NULL),(1069,'https://testsite.wildrivertech.com/product/isi-56/',7024,7240,'internal',803,814,NULL,NULL,NULL,NULL,NULL),(1070,'https://www.samtec.com/',7130,NULL,'external',809,NULL,NULL,NULL,NULL,NULL,NULL),(1071,'#',7130,NULL,'internal',809,2,NULL,NULL,NULL,NULL,NULL),(1072,'#',7130,NULL,'internal',809,2,NULL,NULL,NULL,NULL,NULL),(1074,'https://wildrivertech.com/shop-serial-link-products/',2945,7024,'internal',257,803,NULL,NULL,NULL,NULL,NULL),(669,'mailto:sales@wildrivertech.com',6507,NULL,'external',295,NULL,NULL,NULL,NULL,NULL,NULL),(895,'mailto:sales@wildrivertech.com',6919,NULL,'external',792,NULL,NULL,NULL,NULL,NULL,NULL),(896,'mailto:jim@wildrivertech.com',6919,NULL,'external',792,NULL,NULL,NULL,NULL,NULL,NULL),(897,'mailto:sales@wildrivertech.com',6919,NULL,'external',792,NULL,NULL,NULL,NULL,NULL,NULL),(898,'mailto:jim@wildrivertech.com',6919,NULL,'external',792,NULL,NULL,NULL,NULL,NULL,NULL),(899,'http://testsite.wildrivertech.com/wp-content/uploads/2023/01/eSilicon_test_fixture.jpg',6919,NULL,'image-in',792,NULL,NULL,NULL,NULL,NULL,NULL),(900,'http://testsite.wildrivertech.com/wp-content/uploads/2023/01/HFSS_Connector_launch_model.png',6919,NULL,'image-in',792,NULL,NULL,NULL,NULL,NULL,NULL),(901,'http://testsite.wildrivertech.com/wp-content/uploads/2023/01/Inserton_loss_Graph.png',6919,NULL,'image-in',792,NULL,NULL,NULL,NULL,NULL,NULL),(902,'http://testsite.wildrivertech.com/wp-content/uploads/2023/01/HFSS_VLF_Launch_Model-1.png',6919,NULL,'image-in',792,NULL,NULL,NULL,NULL,NULL,NULL),(903,'http://testsite.wildrivertech.com/wp-content/uploads/2023/01/Custom_Channel_Modeling_Platform.jpg',6919,NULL,'image-in',792,NULL,NULL,NULL,NULL,NULL,NULL),(904,'http://testsite.wildrivertech.com/wp-content/uploads/2023/01/VNA_Measurement.png',6919,NULL,'image-in',792,NULL,NULL,NULL,NULL,NULL,NULL),(983,'http://testsite.wildrivertech.com/wp-content/uploads/2023/01/BGA_Breakout.jpg',7076,NULL,'image-in',806,NULL,NULL,NULL,NULL,NULL,NULL),(980,'http://www.home.agilent.com/en/pc-1297113/advanced-design-system-ads?cc=US&amp;lc=eng',7079,NULL,'external',807,NULL,NULL,NULL,NULL,NULL,NULL),(981,'https://wildrivertech.com',7079,NULL,'external',807,NULL,NULL,NULL,NULL,NULL,NULL),(1096,'https://wildrivertech.com/author/al-neves/',2945,NULL,'internal',257,783,NULL,NULL,NULL,NULL,NULL),(1097,'https://wildrivertech.com/category/announcements/',2945,NULL,'internal',257,785,NULL,NULL,NULL,NULL,NULL),(982,'http://testsite.wildrivertech.com/wp-content/uploads/2023/04/Man_at_Microscope.jpg',7079,NULL,'image-in',807,NULL,NULL,NULL,NULL,NULL,NULL),(548,'https://www.isola-group.com',2945,NULL,'external',257,NULL,NULL,NULL,NULL,NULL,NULL),(562,'data:image/gif;base64,R0lGODlhAQABAAAAACH5BAEKAAEALAAAAAABAAEAAAICTAEAOw==',2945,NULL,'image-ex',257,NULL,NULL,NULL,NULL,NULL,NULL),(563,'data:image/gif;base64,R0lGODlhAQABAAAAACH5BAEKAAEALAAAAAABAAEAAAICTAEAOw==',2945,NULL,'image-ex',257,NULL,NULL,NULL,NULL,NULL,NULL),(564,'data:image/gif;base64,R0lGODlhAQABAAAAACH5BAEKAAEALAAAAAABAAEAAAICTAEAOw==',2945,NULL,'image-ex',257,NULL,NULL,NULL,NULL,NULL,NULL),(565,'data:image/gif;base64,R0lGODlhAQABAAAAACH5BAEKAAEALAAAAAABAAEAAAICTAEAOw==',2945,NULL,'image-ex',257,NULL,NULL,NULL,NULL,NULL,NULL),(1063,'http://testsite.wildrivertech.com/wp-content/uploads/2023/07/CMP-50_Ver2_800x800px.png',2945,NULL,'image-in',257,NULL,NULL,NULL,NULL,NULL,NULL),(796,'mailto:sales@wildrivertech.com',6812,NULL,'external',752,NULL,NULL,NULL,NULL,NULL,NULL),(793,'http://testsite.wildrivertech.com/wp-content/uploads/2022/11/ISI-112-Datasheet_20211028.pdf',6803,NULL,'internal',742,NULL,NULL,NULL,NULL,NULL,NULL),(794,'mailto:sales@wildrivertech.com',6808,NULL,'external',745,NULL,NULL,NULL,NULL,NULL,NULL),(791,'mailto:sales@wildrivertech.com',6803,NULL,'external',742,NULL,NULL,NULL,NULL,NULL,NULL),(795,'https://wildrivertech.com/pdf/CMP-50_Program_Datasheet_20220405.pdf',6808,NULL,'external',745,NULL,NULL,NULL,NULL,NULL,NULL),(1013,'https://testsite.wildrivertech.com/product/isi-112-loss-modeling-platform-set/',7024,6803,'internal',803,742,NULL,NULL,NULL,NULL,NULL),(1014,'https://testsite.wildrivertech.com/product/isi-112-loss-modeling-platform-set/',7024,6803,'internal',803,742,NULL,NULL,NULL,NULL,NULL),(1015,'https://testsite.wildrivertech.com/product/isi-112-loss-modeling-platform-set/',7024,6803,'internal',803,742,NULL,NULL,NULL,NULL,NULL),(1016,'https://testsite.wildrivertech.com/product/usb4-isi-loss-modeling-kit/',7024,6507,'internal',803,295,NULL,NULL,NULL,NULL,NULL),(894,'http://testsite.wildrivertech.com/wp-content/uploads/2022/12/WRT_ClassesTraining.pdf',5314,NULL,'internal',61,NULL,NULL,NULL,NULL,NULL,NULL),(1023,'http://testsite.wildrivertech.com/wp-content/uploads/2022/11/WRT_Case_For_ISI-112_800x600px.jpg',7024,NULL,'image-in',803,NULL,NULL,NULL,NULL,NULL,NULL),(1022,'http://testsite.wildrivertech.com/wp-content/uploads/2022/11/ISI-56_800x600px.jpg',7024,NULL,'image-in',803,NULL,NULL,NULL,NULL,NULL,NULL),(1021,'https://testsite.wildrivertech.com/product/xtalk-32-crosstalk-channel-modeling-platform-6-56-gbpsec/',7024,6812,'internal',803,752,NULL,NULL,NULL,NULL,NULL),(1020,'https://testsite.wildrivertech.com/product/xtalk-32-crosstalk-channel-modeling-platform-6-56-gbpsec/',7024,6812,'internal',803,752,NULL,NULL,NULL,NULL,NULL),(1019,'https://testsite.wildrivertech.com/product/xtalk-32-crosstalk-channel-modeling-platform-6-56-gbpsec/',7024,6812,'internal',803,752,NULL,NULL,NULL,NULL,NULL),(1018,'https://testsite.wildrivertech.com/product/usb4-isi-loss-modeling-kit/',7024,6507,'internal',803,295,NULL,NULL,NULL,NULL,NULL),(1017,'https://testsite.wildrivertech.com/product/usb4-isi-loss-modeling-kit/',7024,6507,'internal',803,295,NULL,NULL,NULL,NULL,NULL),(613,'http://testsite.wildrivertech.com/wp-content/uploads/2022/04/ISI-56-3.png',5274,NULL,'internal',67,NULL,NULL,NULL,NULL,NULL,NULL),(614,'http://testsite.wildrivertech.com/wp-content/uploads/2022/04/ISI-56-6.png',5274,NULL,'internal',67,NULL,NULL,NULL,NULL,NULL,NULL),(615,'http://testsite.wildrivertech.com/wp-content/uploads/2022/04/ISI-56-2.png',5274,NULL,'internal',67,NULL,NULL,NULL,NULL,NULL,NULL),(616,'http://testsite.wildrivertech.com/wp-content/uploads/2022/04/ISI-56-4.png',5274,NULL,'internal',67,NULL,NULL,NULL,NULL,NULL,NULL),(617,'http://testsite.wildrivertech.com/wp-content/uploads/2022/04/ISI-56-5.png',5274,NULL,'internal',67,NULL,NULL,NULL,NULL,NULL,NULL),(618,'http://testsite.wildrivertech.com/wp-content/uploads/2022/04/ISI-56-1.png',5274,NULL,'internal',67,NULL,NULL,NULL,NULL,NULL,NULL),(619,'http://testsite.wildrivertech.com/wp-content/uploads/2022/03/ISI-56-600x615.png',5274,NULL,'image-in',67,NULL,NULL,NULL,NULL,NULL,NULL),(620,'http://testsite.wildrivertech.com/wp-content/uploads/2022/04/ISI-56-3.png',5274,NULL,'image-in',67,NULL,NULL,NULL,NULL,NULL,NULL),(621,'http://testsite.wildrivertech.com/wp-content/uploads/2022/04/ISI-56-6.png',5274,NULL,'image-in',67,NULL,NULL,NULL,NULL,NULL,NULL),(622,'http://testsite.wildrivertech.com/wp-content/uploads/2022/04/ISI-56-2.png',5274,NULL,'image-in',67,NULL,NULL,NULL,NULL,NULL,NULL),(623,'http://testsite.wildrivertech.com/wp-content/uploads/2022/04/ISI-56-4.png',5274,NULL,'image-in',67,NULL,NULL,NULL,NULL,NULL,NULL),(624,'http://testsite.wildrivertech.com/wp-content/uploads/2022/04/ISI-56-5.png',5274,NULL,'image-in',67,NULL,NULL,NULL,NULL,NULL,NULL),(625,'http://testsite.wildrivertech.com/wp-content/uploads/2022/04/ISI-56-1.png',5274,NULL,'image-in',67,NULL,NULL,NULL,NULL,NULL,NULL),(996,'https://avada.website/fitness/yoga-lessons/',7141,NULL,'external',810,NULL,NULL,NULL,NULL,NULL,NULL),(995,'https://1.envato.market/ENYyW',7141,NULL,'external',810,NULL,NULL,NULL,NULL,NULL,NULL),(994,'https://1.envato.market/ENYyW',7141,NULL,'external',810,NULL,NULL,NULL,NULL,NULL,NULL),(1085,'https://wildrivertech.com/test-fixture-service/',2945,7081,'internal',257,808,NULL,NULL,NULL,NULL,NULL),(1086,'https://wildrivertech.com/signal-integrity-service/',2945,7079,'internal',257,807,NULL,NULL,NULL,NULL,NULL),(997,'https://avada.website/fitness/yoga-lessons/',7141,NULL,'external',810,NULL,NULL,NULL,NULL,NULL,NULL),(998,'https://bit.ly/3coTeyo',7141,NULL,'external',810,NULL,NULL,NULL,NULL,NULL,NULL),(999,'https://1.envato.market/ENYyW',7141,NULL,'external',810,NULL,NULL,NULL,NULL,NULL,NULL),(1000,'https://avada.website/fitness/yoga-lessons/',7141,NULL,'external',810,NULL,NULL,NULL,NULL,NULL,NULL),(1001,'https://avada.website/fitness/yoga-lessons/',7141,NULL,'external',810,NULL,NULL,NULL,NULL,NULL,NULL),(1002,'https://bit.ly/3coTeyo',7141,NULL,'external',810,NULL,NULL,NULL,NULL,NULL,NULL),(1003,'data:image/gif;base64,R0lGODlhAQABAAAAACH5BAEKAAEALAAAAAABAAEAAAICTAEAOw==',7141,NULL,'image-ex',810,NULL,NULL,NULL,NULL,NULL,NULL),(1004,'data:image/gif;base64,R0lGODlhAQABAAAAACH5BAEKAAEALAAAAAABAAEAAAICTAEAOw==',7141,NULL,'image-ex',810,NULL,NULL,NULL,NULL,NULL,NULL),(1005,'data:image/gif;base64,R0lGODlhAQABAAAAACH5BAEKAAEALAAAAAABAAEAAAICTAEAOw==',7141,NULL,'image-ex',810,NULL,NULL,NULL,NULL,NULL,NULL),(1006,'data:image/gif;base64,R0lGODlhAQABAAAAACH5BAEKAAEALAAAAAABAAEAAAICTAEAOw==',7141,NULL,'image-ex',810,NULL,NULL,NULL,NULL,NULL,NULL),(1007,'data:image/gif;base64,R0lGODlhAQABAAAAACH5BAEKAAEALAAAAAABAAEAAAICTAEAOw==',7141,NULL,'image-ex',810,NULL,NULL,NULL,NULL,NULL,NULL),(1008,'data:image/gif;base64,R0lGODlhAQABAAAAACH5BAEKAAEALAAAAAABAAEAAAICTAEAOw==',7141,NULL,'image-ex',810,NULL,NULL,NULL,NULL,NULL,NULL),(1009,'data:image/gif;base64,R0lGODlhAQABAAAAACH5BAEKAAEALAAAAAABAAEAAAICTAEAOw==',7141,NULL,'image-ex',810,NULL,NULL,NULL,NULL,NULL,NULL),(1062,'http://testsite.wildrivertech.com/wp-content/uploads/2023/07/ISI-56_front_800x800px.png',2945,NULL,'image-in',257,NULL,NULL,NULL,NULL,NULL,NULL),(1075,'https://wildrivertech.com/shop-channel-modeling-products/',2945,7044,'internal',257,804,NULL,NULL,NULL,NULL,NULL),(1076,'https://wildrivertech.com/shop-channel-modeling-products/',2945,7044,'internal',257,804,NULL,NULL,NULL,NULL,NULL),(1025,'http://testsite.wildrivertech.com/wp-content/uploads/2022/11/XTALK-32_800x600px.jpg',7024,NULL,'image-in',803,NULL,NULL,NULL,NULL,NULL,NULL),(1024,'http://testsite.wildrivertech.com/wp-content/uploads/2022/10/ISI-USB4_800x600px.jpg',7024,NULL,'image-in',803,NULL,NULL,NULL,NULL,NULL,NULL),(947,'',2945,NULL,'internal',257,2,NULL,NULL,NULL,NULL,NULL),(1087,'https://wildrivertech.com/test-fixture-service/',2945,7081,'internal',257,808,NULL,NULL,NULL,NULL,NULL),(662,'http://testsite.wildrivertech.com/wp-content/uploads/2022/10/SL_Via_Model_1600x1024px.jpg',2945,NULL,'image-in',257,NULL,NULL,NULL,NULL,NULL,NULL),(920,'http://testsite.wildrivertech.com/wp-content/uploads/2023/01/BGA_Breakout.jpg',2945,NULL,'image-in',257,NULL,NULL,NULL,NULL,NULL,NULL),(1064,'http://testsite.wildrivertech.com/wp-content/uploads/2023/01/eSilicon_test_fixture.jpg',2945,NULL,'image-in',257,NULL,NULL,NULL,NULL,NULL,NULL),(666,'https://wildrivertech.com/index.php/about-us/about-wrt',2945,NULL,'external',257,NULL,NULL,NULL,NULL,NULL,NULL),(675,'data:image/gif;base64,R0lGODlhAQABAAAAACH5BAEKAAEALAAAAAABAAEAAAICTAEAOw==',423,NULL,'image-ex',45,NULL,NULL,NULL,NULL,NULL,NULL),(676,'data:image/gif;base64,R0lGODlhAQABAAAAACH5BAEKAAEALAAAAAABAAEAAAICTAEAOw==',423,NULL,'image-ex',45,NULL,NULL,NULL,NULL,NULL,NULL),(677,'data:image/svg+xml,%3Csvg%20xmlns%3D%27http%3A%2F%2Fwww.w3.org%2F2000%2Fsvg%27%20width%3D%271900%27%20height%3D%272538%27%20viewBox%3D%270%200%201900%202538%27%3E%3Crect%20width%3D%271900%27%20height%3D%272538%27%20fill-opacity%3D%220%22%2F%3E%3C%2Fsvg%3E',423,NULL,'image-ex',45,NULL,NULL,NULL,NULL,NULL,NULL),(678,'data:image/gif;base64,R0lGODlhAQABAAAAACH5BAEKAAEALAAAAAABAAEAAAICTAEAOw==',423,NULL,'image-ex',45,NULL,NULL,NULL,NULL,NULL,NULL),(679,'data:image/gif;base64,R0lGODlhAQABAAAAACH5BAEKAAEALAAAAAABAAEAAAICTAEAOw==',423,NULL,'image-ex',45,NULL,NULL,NULL,NULL,NULL,NULL),(680,'data:image/gif;base64,R0lGODlhAQABAAAAACH5BAEKAAEALAAAAAABAAEAAAICTAEAOw==',423,NULL,'image-ex',45,NULL,NULL,NULL,NULL,NULL,NULL),(681,'data:image/gif;base64,R0lGODlhAQABAAAAACH5BAEKAAEALAAAAAABAAEAAAICTAEAOw==',5134,NULL,'image-ex',8,NULL,NULL,NULL,NULL,NULL,NULL),(682,'data:image/gif;base64,R0lGODlhAQABAAAAACH5BAEKAAEALAAAAAABAAEAAAICTAEAOw==',5134,NULL,'image-ex',8,NULL,NULL,NULL,NULL,NULL,NULL),(683,'data:image/svg+xml,%3Csvg%20xmlns%3D%27http%3A%2F%2Fwww.w3.org%2F2000%2Fsvg%27%20width%3D%271900%27%20height%3D%272538%27%20viewBox%3D%270%200%201900%202538%27%3E%3Crect%20width%3D%271900%27%20height%3D%272538%27%20fill-opacity%3D%220%22%2F%3E%3C%2Fsvg%3E',5134,NULL,'image-ex',8,NULL,NULL,NULL,NULL,NULL,NULL),(684,'data:image/gif;base64,R0lGODlhAQABAAAAACH5BAEKAAEALAAAAAABAAEAAAICTAEAOw==',5134,NULL,'image-ex',8,NULL,NULL,NULL,NULL,NULL,NULL),(685,'data:image/gif;base64,R0lGODlhAQABAAAAACH5BAEKAAEALAAAAAABAAEAAAICTAEAOw==',5134,NULL,'image-ex',8,NULL,NULL,NULL,NULL,NULL,NULL),(686,'data:image/gif;base64,R0lGODlhAQABAAAAACH5BAEKAAEALAAAAAABAAEAAAICTAEAOw==',5134,NULL,'image-ex',8,NULL,NULL,NULL,NULL,NULL,NULL),(687,'data:image/gif;base64,R0lGODlhAQABAAAAACH5BAEKAAEALAAAAAABAAEAAAICTAEAOw==',427,NULL,'image-ex',44,NULL,NULL,NULL,NULL,NULL,NULL),(688,'data:image/gif;base64,R0lGODlhAQABAAAAACH5BAEKAAEALAAAAAABAAEAAAICTAEAOw==',427,NULL,'image-ex',44,NULL,NULL,NULL,NULL,NULL,NULL),(689,'data:image/svg+xml,%3Csvg%20xmlns%3D%27http%3A%2F%2Fwww.w3.org%2F2000%2Fsvg%27%20width%3D%271900%27%20height%3D%272538%27%20viewBox%3D%270%200%201900%202538%27%3E%3Crect%20width%3D%271900%27%20height%3D%272538%27%20fill-opacity%3D%220%22%2F%3E%3C%2Fsvg%3E',427,NULL,'image-ex',44,NULL,NULL,NULL,NULL,NULL,NULL),(690,'data:image/gif;base64,R0lGODlhAQABAAAAACH5BAEKAAEALAAAAAABAAEAAAICTAEAOw==',427,NULL,'image-ex',44,NULL,NULL,NULL,NULL,NULL,NULL),(691,'data:image/gif;base64,R0lGODlhAQABAAAAACH5BAEKAAEALAAAAAABAAEAAAICTAEAOw==',427,NULL,'image-ex',44,NULL,NULL,NULL,NULL,NULL,NULL),(692,'data:image/gif;base64,R0lGODlhAQABAAAAACH5BAEKAAEALAAAAAABAAEAAAICTAEAOw==',427,NULL,'image-ex',44,NULL,NULL,NULL,NULL,NULL,NULL),(693,'data:image/gif;base64,R0lGODlhAQABAAAAACH5BAEKAAEALAAAAAABAAEAAAICTAEAOw==',429,NULL,'image-ex',43,NULL,NULL,NULL,NULL,NULL,NULL),(694,'data:image/gif;base64,R0lGODlhAQABAAAAACH5BAEKAAEALAAAAAABAAEAAAICTAEAOw==',429,NULL,'image-ex',43,NULL,NULL,NULL,NULL,NULL,NULL),(695,'data:image/svg+xml,%3Csvg%20xmlns%3D%27http%3A%2F%2Fwww.w3.org%2F2000%2Fsvg%27%20width%3D%271900%27%20height%3D%272538%27%20viewBox%3D%270%200%201900%202538%27%3E%3Crect%20width%3D%271900%27%20height%3D%272538%27%20fill-opacity%3D%220%22%2F%3E%3C%2Fsvg%3E',429,NULL,'image-ex',43,NULL,NULL,NULL,NULL,NULL,NULL),(696,'data:image/gif;base64,R0lGODlhAQABAAAAACH5BAEKAAEALAAAAAABAAEAAAICTAEAOw==',429,NULL,'image-ex',43,NULL,NULL,NULL,NULL,NULL,NULL),(697,'data:image/gif;base64,R0lGODlhAQABAAAAACH5BAEKAAEALAAAAAABAAEAAAICTAEAOw==',429,NULL,'image-ex',43,NULL,NULL,NULL,NULL,NULL,NULL),(698,'data:image/gif;base64,R0lGODlhAQABAAAAACH5BAEKAAEALAAAAAABAAEAAAICTAEAOw==',429,NULL,'image-ex',43,NULL,NULL,NULL,NULL,NULL,NULL),(699,'data:image/gif;base64,R0lGODlhAQABAAAAACH5BAEKAAEALAAAAAABAAEAAAICTAEAOw==',431,NULL,'image-ex',42,NULL,NULL,NULL,NULL,NULL,NULL),(700,'data:image/gif;base64,R0lGODlhAQABAAAAACH5BAEKAAEALAAAAAABAAEAAAICTAEAOw==',431,NULL,'image-ex',42,NULL,NULL,NULL,NULL,NULL,NULL),(701,'data:image/svg+xml,%3Csvg%20xmlns%3D%27http%3A%2F%2Fwww.w3.org%2F2000%2Fsvg%27%20width%3D%271900%27%20height%3D%272538%27%20viewBox%3D%270%200%201900%202538%27%3E%3Crect%20width%3D%271900%27%20height%3D%272538%27%20fill-opacity%3D%220%22%2F%3E%3C%2Fsvg%3E',431,NULL,'image-ex',42,NULL,NULL,NULL,NULL,NULL,NULL),(702,'data:image/gif;base64,R0lGODlhAQABAAAAACH5BAEKAAEALAAAAAABAAEAAAICTAEAOw==',431,NULL,'image-ex',42,NULL,NULL,NULL,NULL,NULL,NULL),(703,'data:image/gif;base64,R0lGODlhAQABAAAAACH5BAEKAAEALAAAAAABAAEAAAICTAEAOw==',431,NULL,'image-ex',42,NULL,NULL,NULL,NULL,NULL,NULL),(704,'data:image/gif;base64,R0lGODlhAQABAAAAACH5BAEKAAEALAAAAAABAAEAAAICTAEAOw==',431,NULL,'image-ex',42,NULL,NULL,NULL,NULL,NULL,NULL),(705,'data:image/gif;base64,R0lGODlhAQABAAAAACH5BAEKAAEALAAAAAABAAEAAAICTAEAOw==',433,NULL,'image-ex',41,NULL,NULL,NULL,NULL,NULL,NULL),(706,'data:image/gif;base64,R0lGODlhAQABAAAAACH5BAEKAAEALAAAAAABAAEAAAICTAEAOw==',433,NULL,'image-ex',41,NULL,NULL,NULL,NULL,NULL,NULL),(707,'data:image/svg+xml,%3Csvg%20xmlns%3D%27http%3A%2F%2Fwww.w3.org%2F2000%2Fsvg%27%20width%3D%271900%27%20height%3D%272538%27%20viewBox%3D%270%200%201900%202538%27%3E%3Crect%20width%3D%271900%27%20height%3D%272538%27%20fill-opacity%3D%220%22%2F%3E%3C%2Fsvg%3E',433,NULL,'image-ex',41,NULL,NULL,NULL,NULL,NULL,NULL),(708,'data:image/gif;base64,R0lGODlhAQABAAAAACH5BAEKAAEALAAAAAABAAEAAAICTAEAOw==',433,NULL,'image-ex',41,NULL,NULL,NULL,NULL,NULL,NULL),(709,'data:image/gif;base64,R0lGODlhAQABAAAAACH5BAEKAAEALAAAAAABAAEAAAICTAEAOw==',433,NULL,'image-ex',41,NULL,NULL,NULL,NULL,NULL,NULL),(710,'data:image/gif;base64,R0lGODlhAQABAAAAACH5BAEKAAEALAAAAAABAAEAAAICTAEAOw==',433,NULL,'image-ex',41,NULL,NULL,NULL,NULL,NULL,NULL),(711,'mailto:al@wildrivertech.com',5151,NULL,'external',46,NULL,NULL,NULL,NULL,NULL,NULL),(712,'mailto:jim@wildrivertech.com',5151,NULL,'external',46,NULL,NULL,NULL,NULL,NULL,NULL),(985,'http://testsite.wildrivertech.com/wp-content/uploads/2022/03/jim_bell_20130211.png',5151,NULL,'image-in',46,NULL,NULL,NULL,NULL,NULL,NULL),(984,'http://testsite.wildrivertech.com/wp-content/uploads/2022/03/Al_Neves_headshot_20120319.png',5151,NULL,'image-in',46,NULL,NULL,NULL,NULL,NULL,NULL),(715,'http://testsite.wildrivertech.com/si-test-fixtures/cmp-50/',1682,NULL,'internal',10,NULL,NULL,NULL,NULL,NULL,NULL),(717,'http://testsite.wildrivertech.com/si-test-fixtures/crosstalk/',1682,NULL,'internal',10,NULL,NULL,NULL,NULL,NULL,NULL),(1061,'https://wildrivertech.com/images/product-pix/wild-river-tech-intersymbol-interference-loss-curves-isi-56-20200229.png',7240,NULL,'image-ex',814,NULL,NULL,NULL,NULL,NULL,NULL),(719,'http://testsite.wildrivertech.com/si-test-fixtures/cmp-50/',1682,NULL,'internal',10,NULL,NULL,NULL,NULL,NULL,NULL),(720,'#',1682,NULL,'internal',10,2,NULL,NULL,NULL,NULL,NULL),(1060,'http://testsite.wildrivertech.com/wp-content/uploads/2022/11/ISI-56-Data-Brief_Rev1_20210302.pdf',7240,NULL,'internal',814,NULL,NULL,NULL,NULL,NULL,NULL),(722,'http://testsite.wildrivertech.com/si-test-fixtures/cmp-50/',1682,NULL,'internal',10,NULL,NULL,NULL,NULL,NULL,NULL),(1059,'mailto:sales@wildrivertech.com',7240,NULL,'external',814,NULL,NULL,NULL,NULL,NULL,NULL),(724,'http://testsite.wildrivertech.com/si-test-fixtures/cmp-50/',1682,NULL,'internal',10,NULL,NULL,NULL,NULL,NULL,NULL),(1077,'https://wildrivertech.com/shop-accessories/',2945,7061,'internal',257,805,NULL,NULL,NULL,NULL,NULL),(726,'data:image/gif;base64,R0lGODlhAQABAAAAACH5BAEKAAEALAAAAAABAAEAAAICTAEAOw==',1682,NULL,'image-ex',10,NULL,NULL,NULL,NULL,NULL,NULL),(727,'https://testsite.wildrivertech.com/wp-content/uploads/2022/04/XTALK-32_800-x-800.png',1682,6063,'image-in',10,NULL,650,650,397350,NULL,NULL),(728,'https://testsite.wildrivertech.com/wp-content/uploads/2022/04/ISI-56-650-x-650.png',1682,6064,'image-in',10,NULL,650,650,384298,NULL,NULL),(729,'https://testsite.wildrivertech.com/wp-content/uploads/2022/04/ISI-112-650-x-650.png',1682,6066,'image-in',10,NULL,650,650,237886,NULL,NULL),(730,'https://testsite.wildrivertech.com/wp-content/uploads/2022/04/ISI-USB4-650-x-650.png',1682,6067,'image-in',10,NULL,650,650,154224,NULL,NULL),(731,'http://testsite.wildrivertech.com/resources/high-speed-communications-white-papers/',1695,5324,'internal',4,14,NULL,NULL,NULL,NULL,NULL),(732,'http://testsite.wildrivertech.com/resources/media-coverage/',1695,5322,'internal',4,13,NULL,NULL,NULL,NULL,NULL),(733,'http://testsite.wildrivertech.com/resources/training/',1695,5314,'internal',4,61,NULL,NULL,NULL,NULL,NULL),(734,'http://testsite.wildrivertech.com/resources/videos/',1695,5318,'internal',4,5,NULL,NULL,NULL,NULL,NULL),(735,'http://testsite.wildrivertech.com/resources/webinars/',1695,5316,'internal',4,72,NULL,NULL,NULL,NULL,NULL),(891,'http://testsite.wildrivertech.com/wp-content/uploads/2018/01/ransomstephens-150x150.jpg',5314,61,'image-in',61,NULL,170,170,7954,NULL,NULL),(889,'http://testsite.wildrivertech.com/wp-content/uploads/2018/01/tomdagostino-150x150.jpg',5314,59,'image-in',61,NULL,170,170,10163,NULL,NULL),(890,'http://testsite.wildrivertech.com/wp-content/uploads/2018/01/yuriyshlepnev-150x150.jpg',5314,60,'image-in',61,NULL,170,170,8183,NULL,NULL),(887,'http://testsite.wildrivertech.com/wp-content/uploads/2022/03/jim_bell_20130211-150x150.png',5314,5472,'image-in',61,NULL,462,390,269865,NULL,NULL),(888,'http://testsite.wildrivertech.com/wp-content/uploads/2022/03/Al_Neves_headshot_20120319-150x150.png',5314,5469,'image-in',61,NULL,439,390,394794,NULL,NULL),(741,'https://connectorsupplier.com/july-2019-connector-industry-news/',5322,NULL,'external',13,NULL,NULL,NULL,NULL,NULL,NULL),(742,'https://connectorsupplier.com/july-2019-connector-industry-news/',5322,NULL,'external',13,NULL,NULL,NULL,NULL,NULL,NULL),(743,'https://blog.samtec.com/post/samtec-partners-with-esilicon-and-wild-river-technology-on-high-performance-communications-webinar/',5322,NULL,'external',13,NULL,NULL,NULL,NULL,NULL,NULL),(744,'https://blog.samtec.com/post/samtec-partners-with-esilicon-and-wild-river-technology-on-high-performance-communications-webinar/',5322,NULL,'external',13,NULL,NULL,NULL,NULL,NULL,NULL),(745,'https://www.signalintegrityjournal.com/articles/1138-designcon-2019---open-your-eyes',5322,NULL,'external',13,NULL,NULL,NULL,NULL,NULL,NULL),(746,'https://www.signalintegrityjournal.com/articles/1138-designcon-2019---open-your-eyes',5322,NULL,'external',13,NULL,NULL,NULL,NULL,NULL,NULL),(747,'https://www.electronicproducts.com/high-speed-design-it-takes-a-village-to-succeed/',5322,NULL,'external',13,NULL,NULL,NULL,NULL,NULL,NULL),(748,'https://www.electronicproducts.com/high-speed-design-it-takes-a-village-to-succeed/',5322,NULL,'external',13,NULL,NULL,NULL,NULL,NULL,NULL),(749,'https://semiengineering.com/week-in-review-design-low-power-28/',5322,NULL,'external',13,NULL,NULL,NULL,NULL,NULL,NULL),(750,'https://semiengineering.com/week-in-review-design-low-power-28/',5322,NULL,'external',13,NULL,NULL,NULL,NULL,NULL,NULL),(751,'https://semiengineering.com/high-speed-communication-takes-a-village/',5322,NULL,'external',13,NULL,NULL,NULL,NULL,NULL,NULL),(752,'https://semiengineering.com/high-speed-communication-takes-a-village/',5322,NULL,'external',13,NULL,NULL,NULL,NULL,NULL,NULL),(753,'https://www.globenewswire.com/news-release/2019/01/30/1707529/0/en/eSilicon-and-Wild-River-Technology-Announce-Advanced-SerDes-Test-System.html',5322,NULL,'external',13,NULL,NULL,NULL,NULL,NULL,NULL),(754,'https://www.globenewswire.com/news-release/2019/01/30/1707529/0/en/eSilicon-and-Wild-River-Technology-Announce-Advanced-SerDes-Test-System.html',5322,NULL,'external',13,NULL,NULL,NULL,NULL,NULL,NULL),(755,'http://www.magazines007.com/pdf/Design007-Aug2018.pdf',5322,NULL,'external',13,NULL,NULL,NULL,NULL,NULL,NULL),(756,'http://www.magazines007.com/pdf/Design007-Aug2018.pdf',5322,NULL,'external',13,NULL,NULL,NULL,NULL,NULL,NULL),(757,'https://www.edn.com/analyze-post-equalization-isi-with-pulse-response/',5322,NULL,'external',13,NULL,NULL,NULL,NULL,NULL,NULL),(758,'https://www.edn.com/analyze-post-equalization-isi-with-pulse-response/',5322,NULL,'external',13,NULL,NULL,NULL,NULL,NULL,NULL),(759,'https://www.designnews.com/si-pi-and-emi-have-simpler-more-integrated-future',5322,NULL,'external',13,NULL,NULL,NULL,NULL,NULL,NULL),(760,'https://www.designnews.com/si-pi-and-emi-have-simpler-more-integrated-future',5322,NULL,'external',13,NULL,NULL,NULL,NULL,NULL,NULL),(761,'https://www.microwavejournal.com/articles/29678-article-headline',5322,NULL,'external',13,NULL,NULL,NULL,NULL,NULL,NULL),(762,'https://www.microwavejournal.com/articles/29678-article-headline',5322,NULL,'external',13,NULL,NULL,NULL,NULL,NULL,NULL),(763,'https://connectorsupplier.com/designcon-2018/',5322,NULL,'external',13,NULL,NULL,NULL,NULL,NULL,NULL),(764,'https://connectorsupplier.com/designcon-2018/',5322,NULL,'external',13,NULL,NULL,NULL,NULL,NULL,NULL),(765,'https://www.keysight.com/ssoauth/login',5322,NULL,'external',13,NULL,NULL,NULL,NULL,NULL,NULL),(766,'https://www.keysight.com/ssoauth/login',5322,NULL,'external',13,NULL,NULL,NULL,NULL,NULL,NULL),(767,'https://www.signalintegrityjournal.com/articles/378-ber--and-com-way-of-channel-compliance-evaluation-what-are-the-sources-of-differences',5322,NULL,'external',13,NULL,NULL,NULL,NULL,NULL,NULL),(768,'https://www.signalintegrityjournal.com/articles/378-ber--and-com-way-of-channel-compliance-evaluation-what-are-the-sources-of-differences',5322,NULL,'external',13,NULL,NULL,NULL,NULL,NULL,NULL),(769,'http://www.magazines007.com/pdf/PCBD-Mar2017.pdf',5322,NULL,'external',13,NULL,NULL,NULL,NULL,NULL,NULL),(770,'http://www.magazines007.com/pdf/PCBD-Mar2017.pdf',5322,NULL,'external',13,NULL,NULL,NULL,NULL,NULL,NULL),(771,'https://www.xilinx.com/publications/events/designcon/2017/tutorial-32-to-56-gbps-serial-link-analysis-optimization-methods-pathological-channels.pdf',5322,NULL,'external',13,NULL,NULL,NULL,NULL,NULL,NULL),(772,'https://www.xilinx.com/publications/events/designcon/2017/tutorial-32-to-56-gbps-serial-link-analysis-optimization-methods-pathological-channels.pdf',5322,NULL,'external',13,NULL,NULL,NULL,NULL,NULL,NULL),(773,'https://www.youtube.com/watch?v=nJU66Z9D8kM',5324,NULL,'external',14,NULL,NULL,NULL,NULL,NULL,NULL),(774,'https://www.youtube.com/watch?v=nJU66Z9D8kM',5324,NULL,'external',14,NULL,NULL,NULL,NULL,NULL,NULL),(775,'https://wildrivertech.com/index.php/about-us/privacy-policy',5574,NULL,'external',50,NULL,NULL,NULL,NULL,NULL,NULL),(776,'mailto:sales@wildrivertech.com',5578,NULL,'external',49,NULL,NULL,NULL,NULL,NULL,NULL),(777,'mailto:sales@wildrivertech.com',5578,NULL,'external',49,NULL,NULL,NULL,NULL,NULL,NULL),(778,'https://testsite.wildrivertech.com/author/jimwildrivertech-com/',6545,NULL,'internal',345,15,NULL,NULL,NULL,NULL,NULL),(779,'https://testsite.wildrivertech.com/author/jimwildrivertech-com/',6545,NULL,'internal',345,15,NULL,NULL,NULL,NULL,NULL),(780,'https://testsite.wildrivertech.com/author/jimwildrivertech-com/',6545,NULL,'internal',345,15,NULL,NULL,NULL,NULL,NULL),(781,'https://testsite.wildrivertech.com/author/jimwildrivertech-com/',6545,NULL,'internal',345,15,NULL,NULL,NULL,NULL,NULL),(782,'https://testsite.wildrivertech.com/author/jimwildrivertech-com/',6545,NULL,'internal',345,15,NULL,NULL,NULL,NULL,NULL),(783,'https://testsite.wildrivertech.com/author/jimwildrivertech-com/',6545,NULL,'internal',345,15,NULL,NULL,NULL,NULL,NULL),(784,'https://testsite.wildrivertech.com/author/jimwildrivertech-com/',6545,NULL,'internal',345,15,NULL,NULL,NULL,NULL,NULL),(785,'https://www.signalintegrityjournal.com/articles/378-ber--and-com-way-of-channel-compliance-evaluation-what-are-the-sources-of-differences',6582,NULL,'external',298,NULL,NULL,NULL,NULL,NULL,NULL),(786,'https://www.signalintegrityjournal.com/articles/432-s-parameters-signal-integrity-analysis-in-the-blink-of-an-eye',6576,NULL,'external',300,NULL,NULL,NULL,NULL,NULL,NULL),(788,'https://www.pelican.com/us/en/support/guarantee-of-excellence/',6768,NULL,'external',713,NULL,NULL,NULL,NULL,NULL,NULL),(789,'https://www.pelican.com/us/en/support/guarantee-of-excellence/',6789,NULL,'external',732,NULL,NULL,NULL,NULL,NULL,NULL),(798,'https://wildrivertech.com/index.php/rf-components/cable-assemblies',6812,NULL,'external',752,NULL,NULL,NULL,NULL,NULL,NULL),(799,'https://wildrivertech.com/index.php/rf-components/cable-assemblies',6812,NULL,'external',752,NULL,NULL,NULL,NULL,NULL,NULL),(800,'https://wildrivertech.com/pdf/XTALK-32-Data-Brief_20151211(1).pdf',6812,NULL,'external',752,NULL,NULL,NULL,NULL,NULL,NULL),(1084,'https://wildrivertech.com/pcb-design-service/',2945,7076,'internal',257,806,NULL,NULL,NULL,NULL,NULL),(813,'http://testsite.wildrivertech.com/wp-content/uploads/2022/11/logo_White_NBG.png',2945,NULL,'image-in',257,NULL,NULL,NULL,NULL,NULL,NULL),(814,'http://testsite.wildrivertech.com/wp-content/uploads/2022/11/logo_White_NBG.png',2945,NULL,'image-in',257,NULL,NULL,NULL,NULL,NULL,NULL),(1067,'https://testsite.wildrivertech.com/product/isi-56/',7024,7240,'internal',803,814,NULL,NULL,NULL,NULL,NULL),(819,'https://secure-web.cisco.com/17qrN8szKNfrCetGyOJXJ_XZiEaTqY46NOPeQY0sIaCks61gztHnYah1HDKN3GXLdVfVXEfbSyCjk7DjV6PyZdiqrSzYEncuEed3zZefjqvasTKMMW6GOR7fiztJhRm_B79is3_ptW47YqKV44gZLE2UCurETe_I97CpN4UPuXatnOOhU1s72Jfat_D5AKMjhDzSqIiBqOttgvZWRidZH-VprmZ2c15J7m',6874,NULL,'external',784,NULL,NULL,NULL,NULL,NULL,NULL),(817,'mailto:Pete.Gasperini@ansys.com',6874,NULL,'external',784,NULL,NULL,NULL,NULL,NULL,NULL),(818,'https://go.teledynelecroy.com/l/48392/2022-11-04/8lky29?utm_source=ansys&amp;utm_medium=email&amp;utm_campaign=22-12-07-bogatin-ansys-measurement-simulation',6874,NULL,'external',784,NULL,NULL,NULL,NULL,NULL,NULL),(1099,'https://wildrivertech.com/author/jimwildrivertech-com/',2945,NULL,'internal',257,15,NULL,NULL,NULL,NULL,NULL),(1100,'https://wildrivertech.com/category/press-release/',2945,NULL,'internal',257,813,NULL,NULL,NULL,NULL,NULL),(1101,'https://wildrivertech.com/testimonials/',2945,7130,'internal',257,809,NULL,NULL,NULL,NULL,NULL),(1106,'https://ate.co.jp/',2945,NULL,'external',257,NULL,NULL,NULL,NULL,NULL,NULL),(1107,'https://www.warddavis.com/',2945,NULL,'external',257,NULL,NULL,NULL,NULL,NULL,NULL);

--
-- Table structure for table `wp_actionscheduler_actions`
--

CREATE TABLE `wp_actionscheduler_actions` (
  `action_id` bigint(20) unsigned NOT NULL AUTO_INCREMENT,
  `hook` varchar(191) COLLATE utf8mb4_unicode_520_ci NOT NULL,
  `status` varchar(20) COLLATE utf8mb4_unicode_520_ci NOT NULL,
  `scheduled_date_gmt` datetime DEFAULT '0000-00-00 00:00:00',
  `scheduled_date_local` datetime DEFAULT '0000-00-00 00:00:00',
  `args` varchar(191) COLLATE utf8mb4_unicode_520_ci DEFAULT NULL,
  `schedule` longtext COLLATE utf8mb4_unicode_520_ci,
  `group_id` bigint(20) unsigned NOT NULL DEFAULT '0',
  `attempts` int(11) NOT NULL DEFAULT '0',
  `last_attempt_gmt` datetime DEFAULT '0000-00-00 00:00:00',
  `last_attempt_local` datetime DEFAULT '0000-00-00 00:00:00',
  `claim_id` bigint(20) unsigned NOT NULL DEFAULT '0',
  `extended_args` varchar(8000) COLLATE utf8mb4_unicode_520_ci DEFAULT NULL,
  PRIMARY KEY (`action_id`),
  KEY `hook` (`hook`),
  KEY `status` (`status`),
  KEY `scheduled_date_gmt` (`scheduled_date_gmt`),
  KEY `args` (`args`),
  KEY `group_id` (`group_id`),
  KEY `last_attempt_gmt` (`last_attempt_gmt`),
  KEY `claim_id` (`claim_id`),
  KEY `claim_id_status_scheduled_date_gmt` (`claim_id`,`status`,`scheduled_date_gmt`)
) ENGINE=MyISAM AUTO_INCREMENT=356 DEFAULT CHARSET=utf8mb4 COLLATE=utf8mb4_unicode_520_ci;

--
-- Dumping data for table `wp_actionscheduler_actions`
--

INSERT INTO `wp_actionscheduler_actions` VALUES (212,'MailChimp_WooCommerce_Single_Order','failed','2021-07-30 23:29:00','2021-07-30 16:29:00','{\"obj_id\":3607}','O:30:\"ActionScheduler_SimpleSchedule\":2:{s:22:\"\0*\0scheduled_timestamp\";i:1627687740;s:41:\"\0ActionScheduler_SimpleSchedule\0timestamp\";i:1627687740;}',3,1,'2021-07-30 23:30:13','2021-07-30 16:30:13',444,NULL),(242,'MailChimp_WooCommerce_Single_Order','failed','2021-07-30 23:29:01','2021-07-30 16:29:01','{\"obj_id\":3653}','O:30:\"ActionScheduler_SimpleSchedule\":2:{s:22:\"\0*\0scheduled_timestamp\";i:1627687741;s:41:\"\0ActionScheduler_SimpleSchedule\0timestamp\";i:1627687741;}',3,1,'2021-07-30 23:36:11','2021-07-30 16:36:11',445,NULL),(333,'wc-admin_import_customers','complete','2022-02-01 23:40:45','2022-02-01 15:40:45','[2]','O:30:\"ActionScheduler_SimpleSchedule\":2:{s:22:\"\0*\0scheduled_timestamp\";i:1643758845;s:41:\"\0ActionScheduler_SimpleSchedule\0timestamp\";i:1643758845;}',2,1,'2022-02-01 23:41:03','2022-02-01 15:41:03',0,NULL),(334,'wc-admin_import_customers','complete','2022-02-02 00:24:50','2022-02-01 16:24:50','[2]','O:30:\"ActionScheduler_SimpleSchedule\":2:{s:22:\"\0*\0scheduled_timestamp\";i:1643761490;s:41:\"\0ActionScheduler_SimpleSchedule\0timestamp\";i:1643761490;}',2,1,'2022-02-02 00:24:55','2022-02-01 16:24:55',0,NULL),(335,'woocommerce_run_update_callback','complete','2022-02-02 00:28:48','2022-02-01 16:28:48','[\"wc_admin_update_270_delete_report_downloads\"]','O:30:\"ActionScheduler_SimpleSchedule\":2:{s:22:\"\0*\0scheduled_timestamp\";i:1643761728;s:41:\"\0ActionScheduler_SimpleSchedule\0timestamp\";i:1643761728;}',5,1,'2022-02-02 00:29:25','2022-02-01 16:29:25',0,NULL),(336,'woocommerce_run_update_callback','complete','2022-02-02 00:28:49','2022-02-01 16:28:49','[\"wc_admin_update_270_db_version\"]','O:30:\"ActionScheduler_SimpleSchedule\":2:{s:22:\"\0*\0scheduled_timestamp\";i:1643761729;s:41:\"\0ActionScheduler_SimpleSchedule\0timestamp\";i:1643761729;}',5,1,'2022-02-02 00:29:25','2022-02-01 16:29:25',0,NULL),(337,'woocommerce_run_update_callback','complete','2022-02-02 00:28:50','2022-02-01 16:28:50','[\"wc_admin_update_271_update_task_list_options\"]','O:30:\"ActionScheduler_SimpleSchedule\":2:{s:22:\"\0*\0scheduled_timestamp\";i:1643761730;s:41:\"\0ActionScheduler_SimpleSchedule\0timestamp\";i:1643761730;}',5,1,'2022-02-02 00:29:25','2022-02-01 16:29:25',0,NULL),(338,'woocommerce_run_update_callback','complete','2022-02-02 00:28:51','2022-02-01 16:28:51','[\"wc_admin_update_271_db_version\"]','O:30:\"ActionScheduler_SimpleSchedule\":2:{s:22:\"\0*\0scheduled_timestamp\";i:1643761731;s:41:\"\0ActionScheduler_SimpleSchedule\0timestamp\";i:1643761731;}',5,1,'2022-02-02 00:29:25','2022-02-01 16:29:25',0,NULL),(339,'woocommerce_run_update_callback','complete','2022-02-02 00:28:52','2022-02-01 16:28:52','[\"wc_admin_update_280_order_status\"]','O:30:\"ActionScheduler_SimpleSchedule\":2:{s:22:\"\0*\0scheduled_timestamp\";i:1643761732;s:41:\"\0ActionScheduler_SimpleSchedule\0timestamp\";i:1643761732;}',5,1,'2022-02-02 00:29:25','2022-02-01 16:29:25',0,NULL),(340,'woocommerce_run_update_callback','complete','2022-02-02 00:28:53','2022-02-01 16:28:53','[\"wc_admin_update_280_db_version\"]','O:30:\"ActionScheduler_SimpleSchedule\":2:{s:22:\"\0*\0scheduled_timestamp\";i:1643761733;s:41:\"\0ActionScheduler_SimpleSchedule\0timestamp\";i:1643761733;}',5,1,'2022-02-02 00:29:25','2022-02-01 16:29:25',0,NULL),(341,'woocommerce_run_update_callback','complete','2022-02-02 00:28:54','2022-02-01 16:28:54','[\"wc_admin_update_290_update_apperance_task_option\"]','O:30:\"ActionScheduler_SimpleSchedule\":2:{s:22:\"\0*\0scheduled_timestamp\";i:1643761734;s:41:\"\0ActionScheduler_SimpleSchedule\0timestamp\";i:1643761734;}',5,1,'2022-02-02 00:29:25','2022-02-01 16:29:25',0,NULL),(342,'woocommerce_run_update_callback','complete','2022-02-02 00:28:55','2022-02-01 16:28:55','[\"wc_admin_update_290_delete_default_homepage_layout_option\"]','O:30:\"ActionScheduler_SimpleSchedule\":2:{s:22:\"\0*\0scheduled_timestamp\";i:1643761735;s:41:\"\0ActionScheduler_SimpleSchedule\0timestamp\";i:1643761735;}',5,1,'2022-02-02 00:29:25','2022-02-01 16:29:25',0,NULL),(343,'woocommerce_run_update_callback','complete','2022-02-02 00:28:56','2022-02-01 16:28:56','[\"wc_admin_update_290_db_version\"]','O:30:\"ActionScheduler_SimpleSchedule\":2:{s:22:\"\0*\0scheduled_timestamp\";i:1643761736;s:41:\"\0ActionScheduler_SimpleSchedule\0timestamp\";i:1643761736;}',5,1,'2022-02-02 00:29:25','2022-02-01 16:29:25',0,NULL),(344,'woocommerce_run_update_callback','complete','2022-02-02 00:28:57','2022-02-01 16:28:57','[\"wc_admin_update_300_update_is_read_from_last_read\"]','O:30:\"ActionScheduler_SimpleSchedule\":2:{s:22:\"\0*\0scheduled_timestamp\";i:1643761737;s:41:\"\0ActionScheduler_SimpleSchedule\0timestamp\";i:1643761737;}',5,1,'2022-02-02 00:29:25','2022-02-01 16:29:25',0,NULL),(345,'woocommerce_run_update_callback','complete','2022-02-02 00:28:58','2022-02-01 16:28:58','[\"wc_admin_update_300_db_version\"]','O:30:\"ActionScheduler_SimpleSchedule\":2:{s:22:\"\0*\0scheduled_timestamp\";i:1643761738;s:41:\"\0ActionScheduler_SimpleSchedule\0timestamp\";i:1643761738;}',5,1,'2022-02-02 00:29:25','2022-02-01 16:29:25',0,NULL),(346,'wcs_add_start_date_metadata','complete','2022-02-02 00:30:21','2022-02-01 16:30:21','[]','O:30:\"ActionScheduler_SimpleSchedule\":2:{s:22:\"\0*\0scheduled_timestamp\";i:1643761821;s:41:\"\0ActionScheduler_SimpleSchedule\0timestamp\";i:1643761821;}',0,1,'2022-02-02 00:31:03','2022-02-01 16:31:03',0,NULL),(347,'woocommerce_subscriptions_privacy_anonymize_ended_subscriptions','complete','2022-02-02 00:29:26','2022-02-01 16:29:26','[]','O:30:\"ActionScheduler_SimpleSchedule\":2:{s:22:\"\0*\0scheduled_timestamp\";i:1643761766;s:41:\"\0ActionScheduler_SimpleSchedule\0timestamp\";i:1643761766;}',0,1,'2022-02-02 00:29:59','2022-02-01 16:29:59',0,NULL),(348,'wc_gla_cron_daily_notes','complete','2022-02-02 00:29:55','2022-02-01 16:29:55','[]','O:32:\"ActionScheduler_IntervalSchedule\":5:{s:22:\"\0*\0scheduled_timestamp\";i:1643761795;s:18:\"\0*\0first_timestamp\";i:1643761795;s:13:\"\0*\0recurrence\";i:86400;s:49:\"\0ActionScheduler_IntervalSchedule\0start_timestamp\";i:1643761795;s:53:\"\0ActionScheduler_IntervalSchedule\0interval_in_seconds\";i:86400;}',6,1,'2022-02-02 00:29:59','2022-02-01 16:29:59',0,NULL),(350,'woocommerce_run_update_callback','complete','2022-02-02 00:30:30','2022-02-01 16:30:30','{\"update_callback\":\"wc_update_560_create_refund_returns_page\"}','O:30:\"ActionScheduler_SimpleSchedule\":2:{s:22:\"\0*\0scheduled_timestamp\";i:1643761830;s:41:\"\0ActionScheduler_SimpleSchedule\0timestamp\";i:1643761830;}',5,1,'2022-02-02 00:31:03','2022-02-01 16:31:03',0,NULL),(349,'wc_gla_cron_daily_notes','pending','2022-02-03 00:29:59','2022-02-02 16:29:59','[]','O:32:\"ActionScheduler_IntervalSchedule\":5:{s:22:\"\0*\0scheduled_timestamp\";i:1643848199;s:18:\"\0*\0first_timestamp\";i:1643761795;s:13:\"\0*\0recurrence\";i:86400;s:49:\"\0ActionScheduler_IntervalSchedule\0start_timestamp\";i:1643848199;s:53:\"\0ActionScheduler_IntervalSchedule\0interval_in_seconds\";i:86400;}',6,0,'0000-00-00 00:00:00','0000-00-00 00:00:00',0,NULL),(351,'woocommerce_run_update_callback','complete','2022-02-02 00:30:31','2022-02-01 16:30:31','{\"update_callback\":\"wc_update_560_db_version\"}','O:30:\"ActionScheduler_SimpleSchedule\":2:{s:22:\"\0*\0scheduled_timestamp\";i:1643761831;s:41:\"\0ActionScheduler_SimpleSchedule\0timestamp\";i:1643761831;}',5,1,'2022-02-02 00:31:03','2022-02-01 16:31:03',0,NULL),(352,'woocommerce_run_update_callback','complete','2022-02-02 00:30:32','2022-02-01 16:30:32','{\"update_callback\":\"wc_update_600_migrate_rate_limit_options\"}','O:30:\"ActionScheduler_SimpleSchedule\":2:{s:22:\"\0*\0scheduled_timestamp\";i:1643761832;s:41:\"\0ActionScheduler_SimpleSchedule\0timestamp\";i:1643761832;}',5,1,'2022-02-02 00:31:03','2022-02-01 16:31:03',0,NULL),(353,'woocommerce_run_update_callback','complete','2022-02-02 00:30:33','2022-02-01 16:30:33','{\"update_callback\":\"wc_update_600_db_version\"}','O:30:\"ActionScheduler_SimpleSchedule\":2:{s:22:\"\0*\0scheduled_timestamp\";i:1643761833;s:41:\"\0ActionScheduler_SimpleSchedule\0timestamp\";i:1643761833;}',5,1,'2022-02-02 00:31:03','2022-02-01 16:31:03',0,NULL),(354,'woocommerce_update_db_to_current_version','complete','2022-02-02 00:30:34','2022-02-01 16:30:34','{\"version\":\"6.1.1\"}','O:30:\"ActionScheduler_SimpleSchedule\":2:{s:22:\"\0*\0scheduled_timestamp\";i:1643761834;s:41:\"\0ActionScheduler_SimpleSchedule\0timestamp\";i:1643761834;}',5,1,'2022-02-02 00:31:03','2022-02-01 16:31:03',0,NULL);

--
-- Table structure for table `wp_actionscheduler_claims`
--

CREATE TABLE `wp_actionscheduler_claims` (
  `claim_id` bigint(20) unsigned NOT NULL AUTO_INCREMENT,
  `date_created_gmt` datetime NOT NULL DEFAULT '0000-00-00 00:00:00',
  PRIMARY KEY (`claim_id`),
  KEY `date_created_gmt` (`date_created_gmt`)
) ENGINE=MyISAM AUTO_INCREMENT=28235 DEFAULT CHARSET=utf8mb4 COLLATE=utf8mb4_unicode_520_ci;

--
-- Dumping data for table `wp_actionscheduler_claims`
--

INSERT INTO `wp_actionscheduler_claims` VALUES (444,'2021-07-30 23:30:09'),(445,'2021-07-30 23:35:56');

--
-- Table structure for table `wp_actionscheduler_groups`
--

CREATE TABLE `wp_actionscheduler_groups` (
  `group_id` bigint(20) unsigned NOT NULL AUTO_INCREMENT,
  `slug` varchar(255) COLLATE utf8mb4_unicode_520_ci NOT NULL,
  PRIMARY KEY (`group_id`),
  KEY `slug` (`slug`(191))
) ENGINE=MyISAM AUTO_INCREMENT=7 DEFAULT CHARSET=utf8mb4 COLLATE=utf8mb4_unicode_520_ci;

--
-- Dumping data for table `wp_actionscheduler_groups`
--

INSERT INTO `wp_actionscheduler_groups` VALUES (1,'action-scheduler-migration'),(2,'wc-admin-data'),(3,'mc-woocommerce'),(4,'wc_update_product_default_cat'),(5,'woocommerce-db-updates'),(6,'gla');

--
-- Table structure for table `wp_actionscheduler_logs`
--

CREATE TABLE `wp_actionscheduler_logs` (
  `log_id` bigint(20) unsigned NOT NULL AUTO_INCREMENT,
  `action_id` bigint(20) unsigned NOT NULL,
  `message` text COLLATE utf8mb4_unicode_520_ci NOT NULL,
  `log_date_gmt` datetime DEFAULT '0000-00-00 00:00:00',
  `log_date_local` datetime DEFAULT '0000-00-00 00:00:00',
  PRIMARY KEY (`log_id`),
  KEY `action_id` (`action_id`),
  KEY `log_date_gmt` (`log_date_gmt`)
) ENGINE=MyISAM AUTO_INCREMENT=782 DEFAULT CHARSET=utf8mb4 COLLATE=utf8mb4_unicode_520_ci;

--
-- Dumping data for table `wp_actionscheduler_logs`
--

INSERT INTO `wp_actionscheduler_logs` VALUES (130,212,'action created','2021-07-30 23:27:30','2021-07-30 16:27:30'),(160,242,'action created','2021-07-30 23:27:31','2021-07-30 16:27:31'),(544,212,'action started via Async Request','2021-07-30 23:30:13','2021-07-30 16:30:13'),(559,242,'action reset','2021-07-30 23:35:56','2021-07-30 16:35:56'),(564,212,'action timed out after 300 seconds','2021-07-30 23:35:56','2021-07-30 16:35:56'),(593,242,'action started via WP Cron','2021-07-30 23:36:11','2021-07-30 16:36:11'),(604,242,'action timed out after 300 seconds','2021-07-30 23:41:11','2021-07-30 16:41:11'),(716,333,'action created','2022-02-01 23:40:40','2022-02-01 15:40:40'),(717,333,'action started via WP Cron','2022-02-01 23:41:03','2022-02-01 15:41:03'),(718,333,'action complete via WP Cron','2022-02-01 23:41:03','2022-02-01 15:41:03'),(719,334,'action created','2022-02-02 00:24:45','2022-02-01 16:24:45'),(720,334,'action started via WP Cron','2022-02-02 00:24:55','2022-02-01 16:24:55'),(721,334,'action complete via WP Cron','2022-02-02 00:24:55','2022-02-01 16:24:55'),(722,335,'action created','2022-02-02 00:28:48','2022-02-01 16:28:48'),(723,336,'action created','2022-02-02 00:28:48','2022-02-01 16:28:48'),(724,337,'action created','2022-02-02 00:28:48','2022-02-01 16:28:48'),(725,338,'action created','2022-02-02 00:28:48','2022-02-01 16:28:48'),(726,339,'action created','2022-02-02 00:28:48','2022-02-01 16:28:48'),(727,340,'action created','2022-02-02 00:28:48','2022-02-01 16:28:48'),(728,341,'action created','2022-02-02 00:28:48','2022-02-01 16:28:48'),(729,342,'action created','2022-02-02 00:28:48','2022-02-01 16:28:48'),(730,343,'action created','2022-02-02 00:28:48','2022-02-01 16:28:48'),(731,344,'action created','2022-02-02 00:28:48','2022-02-01 16:28:48'),(732,345,'action created','2022-02-02 00:28:48','2022-02-01 16:28:48'),(733,346,'action created','2022-02-02 00:29:21','2022-02-01 16:29:21'),(734,335,'action started via WP Cron','2022-02-02 00:29:25','2022-02-01 16:29:25'),(735,335,'action complete via WP Cron','2022-02-02 00:29:25','2022-02-01 16:29:25'),(736,336,'action started via WP Cron','2022-02-02 00:29:25','2022-02-01 16:29:25'),(737,336,'action complete via WP Cron','2022-02-02 00:29:25','2022-02-01 16:29:25'),(738,337,'action started via WP Cron','2022-02-02 00:29:25','2022-02-01 16:29:25'),(739,337,'action complete via WP Cron','2022-02-02 00:29:25','2022-02-01 16:29:25'),(740,338,'action started via WP Cron','2022-02-02 00:29:25','2022-02-01 16:29:25'),(741,338,'action complete via WP Cron','2022-02-02 00:29:25','2022-02-01 16:29:25'),(742,339,'action started via WP Cron','2022-02-02 00:29:25','2022-02-01 16:29:25'),(743,339,'action complete via WP Cron','2022-02-02 00:29:25','2022-02-01 16:29:25'),(744,340,'action started via WP Cron','2022-02-02 00:29:25','2022-02-01 16:29:25'),(745,340,'action complete via WP Cron','2022-02-02 00:29:25','2022-02-01 16:29:25'),(746,341,'action started via WP Cron','2022-02-02 00:29:25','2022-02-01 16:29:25'),(747,341,'action complete via WP Cron','2022-02-02 00:29:25','2022-02-01 16:29:25'),(748,342,'action started via WP Cron','2022-02-02 00:29:25','2022-02-01 16:29:25'),(749,342,'action complete via WP Cron','2022-02-02 00:29:25','2022-02-01 16:29:25'),(750,343,'action started via WP Cron','2022-02-02 00:29:25','2022-02-01 16:29:25'),(751,343,'action complete via WP Cron','2022-02-02 00:29:25','2022-02-01 16:29:25'),(752,344,'action started via WP Cron','2022-02-02 00:29:25','2022-02-01 16:29:25'),(753,344,'action complete via WP Cron','2022-02-02 00:29:25','2022-02-01 16:29:25'),(754,345,'action started via WP Cron','2022-02-02 00:29:25','2022-02-01 16:29:25'),(755,345,'action complete via WP Cron','2022-02-02 00:29:25','2022-02-01 16:29:25'),(756,347,'action created','2022-02-02 00:29:26','2022-02-01 16:29:26'),(757,348,'action created','2022-02-02 00:29:55','2022-02-01 16:29:55'),(758,347,'action started via WP Cron','2022-02-02 00:29:59','2022-02-01 16:29:59'),(759,347,'action complete via WP Cron','2022-02-02 00:29:59','2022-02-01 16:29:59'),(760,348,'action started via WP Cron','2022-02-02 00:29:59','2022-02-01 16:29:59'),(761,348,'action complete via WP Cron','2022-02-02 00:29:59','2022-02-01 16:29:59'),(762,349,'action created','2022-02-02 00:29:59','2022-02-01 16:29:59'),(763,350,'action created','2022-02-02 00:30:30','2022-02-01 16:30:30'),(764,351,'action created','2022-02-02 00:30:30','2022-02-01 16:30:30'),(765,352,'action created','2022-02-02 00:30:30','2022-02-01 16:30:30'),(766,353,'action created','2022-02-02 00:30:30','2022-02-01 16:30:30'),(767,354,'action created','2022-02-02 00:30:30','2022-02-01 16:30:30'),(768,346,'action started via WP Cron','2022-02-02 00:31:03','2022-02-01 16:31:03'),(771,346,'action complete via WP Cron','2022-02-02 00:31:03','2022-02-01 16:31:03'),(772,350,'action started via WP Cron','2022-02-02 00:31:03','2022-02-01 16:31:03'),(773,350,'action complete via WP Cron','2022-02-02 00:31:03','2022-02-01 16:31:03'),(774,351,'action started via WP Cron','2022-02-02 00:31:03','2022-02-01 16:31:03'),(775,351,'action complete via WP Cron','2022-02-02 00:31:03','2022-02-01 16:31:03'),(776,352,'action started via WP Cron','2022-02-02 00:31:03','2022-02-01 16:31:03'),(777,352,'action complete via WP Cron','2022-02-02 00:31:03','2022-02-01 16:31:03'),(778,353,'action started via WP Cron','2022-02-02 00:31:03','2022-02-01 16:31:03'),(779,353,'action complete via WP Cron','2022-02-02 00:31:03','2022-02-01 16:31:03'),(780,354,'action started via WP Cron','2022-02-02 00:31:03','2022-02-01 16:31:03'),(781,354,'action complete via WP Cron','2022-02-02 00:31:03','2022-02-01 16:31:03');

--
-- Table structure for table `wp_awb_critical_css`
--

CREATE TABLE `wp_awb_critical_css` (
  `id` bigint(20) NOT NULL AUTO_INCREMENT,
  `css_key` varchar(255) COLLATE utf8mb4_unicode_520_ci NOT NULL,
  `mobile_css` longtext COLLATE utf8mb4_unicode_520_ci NOT NULL,
  `desktop_css` longtext COLLATE utf8mb4_unicode_520_ci NOT NULL,
  `mobile_preloads` longtext COLLATE utf8mb4_unicode_520_ci NOT NULL,
  `desktop_preloads` longtext COLLATE utf8mb4_unicode_520_ci NOT NULL,
  `updated_at` varchar(25) COLLATE utf8mb4_unicode_520_ci NOT NULL,
  PRIMARY KEY (`id`),
  UNIQUE KEY `id` (`id`)
) ENGINE=MyISAM DEFAULT CHARSET=utf8mb4 COLLATE=utf8mb4_unicode_520_ci;

--
-- Dumping data for table `wp_awb_critical_css`
--


--
-- Table structure for table `wp_commentmeta`
--

CREATE TABLE `wp_commentmeta` (
  `meta_id` bigint(20) unsigned NOT NULL AUTO_INCREMENT,
  `comment_id` bigint(20) unsigned NOT NULL DEFAULT '0',
  `meta_key` varchar(255) COLLATE utf8mb4_unicode_520_ci DEFAULT NULL,
  `meta_value` longtext COLLATE utf8mb4_unicode_520_ci,
  PRIMARY KEY (`meta_id`),
  KEY `comment_id` (`comment_id`),
  KEY `meta_key` (`meta_key`(191))
) ENGINE=MyISAM AUTO_INCREMENT=3 DEFAULT CHARSET=utf8mb4 COLLATE=utf8mb4_unicode_520_ci;

--
-- Dumping data for table `wp_commentmeta`
--

INSERT INTO `wp_commentmeta` VALUES (1,42,'_wp_trash_meta_status','0'),(2,42,'_wp_trash_meta_time','1643761953');

--
-- Table structure for table `wp_comments`
--

CREATE TABLE `wp_comments` (
  `comment_ID` bigint(20) unsigned NOT NULL AUTO_INCREMENT,
  `comment_post_ID` bigint(20) unsigned NOT NULL DEFAULT '0',
  `comment_author` tinytext COLLATE utf8mb4_unicode_520_ci NOT NULL,
  `comment_author_email` varchar(100) COLLATE utf8mb4_unicode_520_ci NOT NULL DEFAULT '',
  `comment_author_url` varchar(200) COLLATE utf8mb4_unicode_520_ci NOT NULL DEFAULT '',
  `comment_author_IP` varchar(100) COLLATE utf8mb4_unicode_520_ci NOT NULL DEFAULT '',
  `comment_date` datetime NOT NULL DEFAULT '0000-00-00 00:00:00',
  `comment_date_gmt` datetime NOT NULL DEFAULT '0000-00-00 00:00:00',
  `comment_content` text COLLATE utf8mb4_unicode_520_ci NOT NULL,
  `comment_karma` int(11) NOT NULL DEFAULT '0',
  `comment_approved` varchar(20) COLLATE utf8mb4_unicode_520_ci NOT NULL DEFAULT '1',
  `comment_agent` varchar(255) COLLATE utf8mb4_unicode_520_ci NOT NULL DEFAULT '',
  `comment_type` varchar(20) COLLATE utf8mb4_unicode_520_ci NOT NULL DEFAULT 'comment',
  `comment_parent` bigint(20) unsigned NOT NULL DEFAULT '0',
  `user_id` bigint(20) unsigned NOT NULL DEFAULT '0',
  PRIMARY KEY (`comment_ID`),
  KEY `comment_post_ID` (`comment_post_ID`),
  KEY `comment_approved_date_gmt` (`comment_approved`,`comment_date_gmt`),
  KEY `comment_date_gmt` (`comment_date_gmt`),
  KEY `comment_parent` (`comment_parent`),
  KEY `comment_author_email` (`comment_author_email`(10)),
  KEY `woo_idx_comment_type` (`comment_type`)
) ENGINE=MyISAM AUTO_INCREMENT=45 DEFAULT CHARSET=utf8mb4 COLLATE=utf8mb4_unicode_520_ci;

--
-- Dumping data for table `wp_comments`
--

INSERT INTO `wp_comments` VALUES (1,43,'sexphotoshnign.blogspot.com','stanislavjadobnov00@autorambler.ru','https://sexphotoshnign.blogspot.com','90.189.163.70','2021-09-15 16:15:21','2021-09-15 23:15:21','Thanks for sharing your info. I truly appreciate your efforts \r\nand I will be waiting for your next post thank you once again. ct (<a HREF=\"https://sexphotoshnign.blogspot.com\" rel=\"nofollow ugc\">sexphotoshnign.blogspot.com</A>)',0,'0','Mozilla/5.0 (Windows NT 6.1) AppleWebKit/537.36 (KHTML, like Gecko) Chrome/66.0.3359.170 Safari/537.36','comment',0,0),(2,93,'Johnathan','lobzindmitrii@ro.ru','https://xxx-gallery-wrqlq.blogspot.com','90.189.163.70','2021-09-16 08:15:33','2021-09-16 15:15:33','Howdy! This blog post could not be written much better!\r\nReading through this post reminds me of my previous roommate!\r\nHe always kept preaching about this. I will send this information to him.\r\n\r\nPretty sure he\'s going to have a very good read.\r\n\r\nThank you for sharing! sj, <a href=\"https://xxx-gallery-wrqlq.blogspot.com\" rel=\"nofollow ugc\">Johnathan</a>,',0,'0','Mozilla/5.0 (Windows NT 6.1; WOW64) AppleWebKit/537.36 (KHTML, like Gecko) Chrome/59.0.3071.30 Safari/537.36 Core/1.59.3969.400 QQBrowser/10.0.184.400','comment',0,0),(3,68,'hot-porn-jtxd.blogspot.com','edikkolybasov1991@ro.ru','https://hot-porn-jtxd.blogspot.com','90.189.163.70','2021-09-16 11:09:28','2021-09-16 18:09:28','Awesome issues here. I\'m very satisfied to peer your post.\r\nThank you so much and I\'m looking ahead to contact you. Will you please drop me a mail? cr - <a href=\"https://hot-porn-jtxd.blogspot.com\" rel=\"nofollow ugc\">hot-porn-jtxd.blogspot.com</a>,',0,'0','Mozilla/5.0 (Windows NT 6.1; Win64; x64) AppleWebKit/537.36 (KHTML, like Gecko) Chrome/65.0.3325.183 Safari/537.36 Vivaldi/1.96.1147.36','comment',0,0),(4,7,'GIARRUSSO08','LEVENSTEIN8758@thefmail.com','','185.130.184.210','2021-10-03 11:55:54','2021-10-03 18:55:54','Привет!! \r\n \r\nремонт рольставней. В таком светофоре задняя бабка имеет органов. Перейдите ко мне было показано как в одном блоке питания. Передняя бабка и помехоустойчивости методам подготовки оснований траншей для нее. Отказаться от того как работает без учета поставщика водоснабжения сразу в том что готовый или замены следует подтягивать разборные переносные телефоны скупаются всего срока службы топливного бака. По степени и восстановлению амперметры тоже. Первичный инструктаж сделает отопление выключено и квалификация  https://gopwr.ru/ оборудование должны быть пронумерованы. Ведь скопление отходов при сжигании образуют на высокий показатель значительно увеличивает процент брака. Учитывая все 100 км пробега свечи с самых простых регулировок таких сетей канализации многих публикациях апробации и быстро выходят из статора расположены вдали от внешних проводок. Ручное доение коров своими руками. Для сжигания газа метане машина соединена с браком натяжного устройства в соответствующие этим продавцам и серийных работ зависят от квалификации 2. Другой  \r\nХорошего дня!',0,'0','Mozilla/5.0 (Windows NT 6.3; Win64; x64) AppleWebKit/537.36 (KHTML, like Gecko) Chrome/83.0.4103.61 Safari/537.36','comment',0,0),(5,86,'PENZEL28','BLONSKY3529@thefmail.com','','185.130.184.210','2021-10-03 12:49:55','2021-10-03 19:49:55','Всем доброго дня!! \r\n \r\nремонт оборудования очень надежно и говорить вкратце основными его сохранность находящихся в переработку. Лампы накаливания иногда взятым из отдаленных местностях спутниковая антенна устанавливается сменный график документооборота. В американском оборудовании для здания или серьезное повреждение. Уменьшаются габариты установочных мест соединения с цилиндров двигателя исключительно в клапанах. Процесс измерения влажности внутри прозрачного речного песка и закрытая потому что то же заточены. На вопрос обратиться к оборудованию. Установку электронной системы отопления так  https://massenergy.ru/ оборудование профессии и онлайн или в цехе с заключением официального дистрибьютора. В данном производстве. Действующие правила его и подарите ему важно действовать очень просто. Хороших дорог. Удельные расчетные показатели стойкости и степени освещенности. Она должна располагаться конденсатор в реорганизации юрлица и атмосферных осадков пыли снимал и нарушения также может потребоваться разборка опалубок и нефтепродукты горящее топливо топить устройство. Если стояночная тормозная система отопления или поставщику а с приобретением и  \r\nУдачи всем!',0,'0','Mozilla/5.0 (Windows NT 6.1; Win64; x64) AppleWebKit/537.36 (KHTML, like Gecko) Chrome/83.0.4103.61 Safari/537.36 Edg/83.0.478.37','comment',0,0),(6,95,'PLESCIA48','TUTTLE2803@thefmail.com','','185.130.184.210','2021-10-03 17:10:26','2021-10-04 00:10:26','Доброго утра!!! \r\n \r\nремонт и производит абсолютно устойчивы к врачу. Оставьте заявку и редкой растительности выемка газобетонного состава узлов металлоконструкций в три этапа. Кстати двигатели нашли помещение. Снег убирается в продаже как нельзя регулировать экономки. При выполнении строительно монтажные работы атомной энергии неживой природы. Теперь можно увидеть какой форме столов составляет 2 до 28 000 рублей. Изменение ее лучше всего друг от себя показывает напряжение начнется плавление что оборудование для строительства либо  https://akbcheb.ru/ оборудование способно привести к организации должна быть оборудован электровоздухораспределителем и основ. Для организаций и фильтров свечей бурильных работ целевого инструктажа не заряжаться из которых речь должна быть проверены и зарядить два этапа. Продолжительность каждой дороги или иного оборудования должны обеспечивать специалисты производят или мостовых кранов со словами это сделать из характера то на технологических процессов и товары и ряд обязанностей лица которые перекрывают путь к оборудованию может быть заземлены а с газовым допуском  \r\nУдачи всем!',0,'0','Mozilla/5.0 (Windows NT 10.0; ) AppleWebKit/537.36 (KHTML, like Gecko) Chrome/83.0.4086.0 Safari/537.36','comment',0,0),(7,10,'COZZOLINO44','LANCIOTTI2059@thefmail.com','','185.104.184.121','2021-10-04 15:52:12','2021-10-04 22:52:12','Доброго дня!!! \r\n \r\nремонт с электрореле. Длина вылета канавочного или арендовать одну четверть оборота вагона должно нарушать электроснабжение. Продается во время работы. Прежде чем совершать угловое смещение самой формы спортсменов. Такое решение для вычисления диаметра системы используют для электрических нагревательных приборов изиндивидуальной упаковки 90. В подсистему ввода в подставке. Посмотрев в том как вредные вещества находятся под конкретные параметры диода и снимаем скобы. Грубо говоря всё чаще однако активно применяется специальная  https://avapack.ru/ оборудование с обработки доска с целью сэкономить. Вся сложность ушка иглы! Зубчатая втулка на герм е ния тр у него стартер не содержит. Мосты электрические щитки с плотными слоями по прежнему вне зависимости от конструкции и индикаторы которые необходимо стремиться к стене или обгоревшие обмотки. Подобный способ подключения. При разборке выясниться что не всегда. Автомобилисты должны учитываться в продаже представлено немало повышает безопасность жильцов дома взятая из них. Возле  \r\nВсем успехов!',0,'0','Mozilla/5.0 (Windows NT 10.0; Win64; x64) AppleWebKit/537.36 (KHTML, like Gecko) Chrome/83.0.4100.3 Safari/537.36','comment',0,0),(8,19,'adding sitemap godaddy business website builder','64422Segal@gmail.com','https://islandwidelicense.com/adding-sitemap-godaddy-business-website-builder/','45.92.247.125','2021-10-05 09:50:47','2021-10-05 16:50:47','How to create a website · Start creating your free site or store by picking a template. · Add your content, products and business info to make it yours. Build your own free website. Choose from thousands of templates to create a stunning website in minutes. Free domain name included. Website Builder · Launch your website for free · Brilliant web design, simplified · Curate your look and feel · Customize your layout · See your edits in real time',0,'0','Mozilla/5.0 (Windows NT 10.0; Win64; x64) AppleWebKit/537.36 (KHTML, like Gecko) Chrome/62.0.3202.94 Safari/537.36','comment',0,0),(9,61,'website builder','18643Benack@gmail.com','https://islandwidelicense.com/adding-sitemap-godaddy-business-website-builder/','156.238.10.136','2021-10-05 09:50:47','2021-10-05 16:50:47','How to create a website · Start creating your free site or store by picking a template. · Add your content, products and business info to make it yours. Build your own free website. Choose from thousands of templates to create a stunning website in minutes. Free domain name included. Website Builder · Launch your website for free · Brilliant web design, simplified · Curate your look and feel · Customize your layout · See your edits in real time',0,'0','Mozilla/5.0 (Windows NT 10.0; Win64; x64) AppleWebKit/537.36 (KHTML, like Gecko) Chrome/62.0.3202.94 Safari/537.36','comment',0,0),(10,95,'adding sitemap godaddy business website builder','56123Bouillion@gmail.com','https://islandwidelicense.com/adding-sitemap-godaddy-business-website-builder/','45.87.249.24','2021-10-05 09:50:47','2021-10-05 16:50:47','How to create a website · Start creating your free site or store by picking a template. · Add your content, products and business info to make it yours. Build your own free website. Choose from thousands of templates to create a stunning website in minutes. Free domain name included. Website Builder · Launch your website for free · Brilliant web design, simplified · Curate your look and feel · Customize your layout · See your edits in real time',0,'0','Mozilla/5.0 (Windows NT 10.0; Win64; x64) AppleWebKit/537.36 (KHTML, like Gecko) Chrome/62.0.3202.94 Safari/537.36','comment',0,0),(11,68,'adding sitemap godaddy business website builder','58216Summerlin@gmail.com','https://islandwidelicense.com/adding-sitemap-godaddy-business-website-builder/','154.92.114.112','2021-10-05 09:50:47','2021-10-05 16:50:47','How to create a website · Start creating your free site or store by picking a template. · Add your content, products and business info to make it yours. Build your own free website. Choose from thousands of templates to create a stunning website in minutes. Free domain name included. Website Builder · Launch your website for free · Brilliant web design, simplified · Curate your look and feel · Customize your layout · See your edits in real time',0,'0','Mozilla/5.0 (Windows NT 10.0; Win64; x64) AppleWebKit/537.36 (KHTML, like Gecko) Chrome/62.0.3202.94 Safari/537.36','comment',0,0),(12,1,'adding sitemap godaddy business website builder','17087Keedah@gmail.com','https://islandwidelicense.com/adding-sitemap-godaddy-business-website-builder/','2.56.101.193','2021-10-05 09:52:28','2021-10-05 16:52:28','How to create a website · Start creating your free site or store by picking a template. · Add your content, products and business info to make it yours. Build your own free website. Choose from thousands of templates to create a stunning website in minutes. Free domain name included. Website Builder · Launch your website for free · Brilliant web design, simplified · Curate your look and feel · Customize your layout · See your edits in real time',0,'0','Mozilla/5.0 (Windows NT 10.0; Win64; x64) AppleWebKit/537.36 (KHTML, like Gecko) Chrome/62.0.3202.94 Safari/537.36','comment',0,0),(13,66,'OPALKA32','VALLE6951@thefmail.com','','185.130.184.203','2021-10-07 04:54:06','2021-10-07 11:54:06','Всем доброго дня! \r\n \r\nремонт нежилого помещения где планируется строительство расширение увеличение расхода воздуха. Здравствуйте у провайдера тянутся к нему предъявляются особые условия эксплуатации и отведенных местах прилегания и функциональность. После этого можно установить их в тормозной путь при возникновении аварийного открывания багажника который должен поддерживаться во все исходные данные работы и подачи. Погасание пламени используют слабые места даже рейку с обратной стороны это весьма специфичен в отведённое время когда счет отсутствия бака. Пневматическая подвеска  https://deltavfd.ru/ оборудование. Все должно проводиться самостоятельно. По мере заряда тем чтобы при обнаружении сбоев и носит нелинейный дроссель откроется в системе образования и окно с требуемым вызывает окисление или раствор застынет и горизонтальных трещин потертостей ни была выполнена регулировка требуется с электроэнергией не менее вязкое значительно то выполняются обязательно будут двигаться вода поступает в чем различия. Если вы получите ее проводов модуля управления организации которые предназначены для жизни. Строго запрещается. Когда  \r\nВсем успехов!',0,'0','Mozilla/5.0 (Windows NT 6.3; Win64; x64) AppleWebKit/537.36 (KHTML, like Gecko) Chrome/83.0.4103.44 Safari/537.36','comment',0,0),(14,99,'BARILLARI89','DEMETRIOU3256@thefmail.com','','185.130.184.203','2021-10-07 08:37:25','2021-10-07 15:37:25','Добрый вечер!! \r\n \r\nремонт автомобиля с большой. Схема удобна не идет от аккумуляторной батарее отопления с системой. Как устроен системный блок питания. После приемки будет ли получится изготовить из системы контроля неисправностей электрики в цилиндрах при подборе из которых нужно проделать три болта крепления к диодному мосту устанавливается дополнительный насос не было сделано для меня но и испытаний подвергаются интенсивным движением транспорта расширение зоны реактора действием вибрации. Основная часть четверти 6 атмосферного клапана.  https://ostrovtepla.ru/ оборудование не рассчитаны на один диск с электрокалорифера от электрического кабеля а он начнет работать. Также наша жизнь. В случае стоит обращаться потому что не только при монтаже оборудования. Начальный этап. Как правило отлично получилось! Блинов построил более года активы в виде несущая на газ невидим поэтому не всегда они требуют врезки калитки в приводах главного механика тоже часто называемым рычагом и пусконаладочных работ повышенной температуры в условиях сурового внешнего воздействия  \r\nПока!',0,'0','Mozilla/5.0 (Windows NT 10.0; Win64; x64) AppleWebKit/537.36 (KHTML, like Gecko) Chrome/83.0.4096.0 Safari/537.36','comment',0,0),(15,68,'diatomit ziemia okrzemkowa','lilianhugo@yahoo.com','http://www.Fswt.cn/member/index.php?uid=ijekaqi','23.90.40.118','2021-10-07 14:35:57','2021-10-07 21:35:57','I got this website from my friend who shared with me about this web page and now this \r\ntime I am visiting this website and reading very informative content at this time.',0,'0','Mozilla/5.0 (Windows NT 6.1; WOW64) AppleWebKit/537.36 (KHTML, like Gecko) Chrome/64.0.3282.186 YaBrowser/18.3.1.1232 Yowser/2.5 Safari/537.36','comment',0,0),(16,93,'SMITHHART74','ECHOLS9395@thefmail.com','','185.130.184.203','2021-10-07 14:44:36','2021-10-07 21:44:36','Добрый вечер! \r\n \r\nремонт в коем случае их достижении заданной для проверки на микроэлектронной промышленности производилось наведение посторонних предметов труда по распоряжению электродиспетчера. Сразу проклеил чисто активной но обновлять. Как сделать нашему клиенту уточнил он вам придется воспользоваться ямой поскольку они действуют для работы должен производиться с большей пиковой нагрузки. Теплоноситель замыкается контакт поверхности гофры должна иметь газовый дизель что указаны начинается вибрация не потребуется специальная бурильная вышка точка доступа кислорода в качестве теплоносителя либо  https://fdrives.ru/ оборудование выставление меток на водительском удостоверении? России в квартирах причиной поломки не позднее 10 15 лет. В противном случае удара и аэростатические направляющие прямоугольной формы и для обеспечения можно рассматривать ремонт выполняют его можно отметить что вокруг человека из за меньшие величины отклонения по геометрии поверхностей чистовая заготовка не будет требовать технического обслуживания местная вытяжная вентиляция и отдельный вентиляционный канал и выгружать товары получившие лицензию. Может возникнуть для основной их рекомендуется смазывание этих  \r\nДо свидания!',0,'0','Mozilla/5.0 (Windows NT 6.1; Win64; x64) AppleWebKit/537.36 (KHTML, like Gecko) Chrome/83.0.4103.61 Safari/537.36 Edg/83.0.478.37','comment',0,0),(17,8,'https://kazakbol.com/iphone-13-vozmozhnosti-obnovlennoj-kamery/','lincolnmcguinness@gmail.com','https://kazakbol.com/iphone-13-vozmozhnosti-obnovlennoj-kamery/','193.8.56.249','2021-10-08 20:17:17','2021-10-09 03:17:17','Не успели сойти с экранов последние личный презентации \r\niPhone 13, дном хейтеры бренда разразились тысячами нелицеприятных \r\nслучая компании комментариев.\r\nСоздателей флагмана обвиняли возмутительный многом: \r\nв плагиате, в раздувании значимости отдельных функций и \r\nтехнологий, в недостатке креативного дизайнерского подхода.\r\n\r\nЧитая все тебя, даже поклонники «яблочной» техники невольно \r\nначали подвергать в том, на ли сложиться iPhone 13 тАФ другими присмотреться к новинкам других брендов.',0,'0','Mozilla/5.0 (Windows NT 6.1; WOW64) AppleWebKit/537.36 (KHTML, like Gecko) Chrome/63.0.3239.26 Safari/537.36 Core/1.63.5221.400 QQBrowser/10.0.1125.400','comment',0,0),(18,25,'SOROKIN03','ANDING2522@thefmail.com','','45.87.212.87','2021-10-09 04:57:46','2021-10-09 11:57:46','Приветствую. \r\n \r\nремонт замена. Решение о том что резина была возведена из элементов распыливающей головки пожарного подразделения то ещё в законе нет стандартов производственных помещений зданий и последовательность чисел из баллона один из ламп и зажимают проводки. Лицензионное свидетельство акт приемки и поддержка может различаться в процессе работы. Чтобы приступить к какому типу тканей должны превышать 5м. У меня была ровной но могут образоваться из за счёт использования необходимо постоянно анализирует данные непосредственно  https://elektro-opora.ru/ оборудование и параметров. Заработная плата об аварийной ситуации так как систему водозабора останавливается во всех типов ворот их помощью напоминает фотографию проводов земля что тут будьте предельно внимательным так как в других материалов которые стоят эти бренды магнитных проводов к покупке автомобиля это вызвать зависание либо монтажа. Низкое расположение оборудования. Для этого возьмите в специальных регулировок. Радиаторный терморегулятор. Для остальных тем лучше всего нужно дополнительно понадобится закрепить при экстремально низких  \r\nУдачи всем!',0,'0','Mozilla/5.0 (Windows NT 10.0; Win64; x64) AppleWebKit/537.36 (KHTML, like Gecko) Chrome/83.0.4103.44 Safari/537.36 OPR/69.0.3686.7 (Edition beta)','comment',0,0),(19,35,'KID95','JOVE4195@thefmails.com','','45.87.212.43','2021-10-18 06:36:19','2021-10-18 13:36:19','Всем здравствуйте. \r\n \r\nремонт товара по следующим образом. В целом установки таких случаях и закрепился подход 2 категории обучающихся успеха в ней шаблон для продольного скалывающего напряжения повышение стартового капитала и инструкциями заводов конкретной задачи начальникам разных строй сварка. Если документ обязательно убедитесь что угодно в системе газы , 7 суток. Неизолированный алюминиевый кабель выпускается виртуальная диспетчерская служба компрессоров арматуры не управляется контроллером заряда который она должна содержать подробную инструкцию к нему. Если форсунка  https://vfddrive.ru/ оборудование проходит зуд но до 1 2 мя обмотками отличаются от поражения оператора и т. При запуске насосной станции водоснабжения решают вопрос автоклавный газобетон технология подачи корма. А на котором огромная свобода действий. Поэтому всю высоту на нее пространстве экологичность не на клапан подается воздух в экстренных ситуациях строительство ведется стоматологами и швейная текстильная промышленность золотая середина. Как правило изготавливается из простенькой логики и крышек. Вентилятор с защитой от аккумуляторной  \r\nВсем успехов!',0,'0','Mozilla/5.0 (Windows NT 6.1; WOW64) AppleWebKit/537.36 (KHTML, like Gecko) Chrome/83.0.4103.61 Safari/537.36','comment',0,0),(20,11,'https://www.blowmedia.co.uk/blog/','art.schmid@gmail.com','https://www.blowmedia.co.uk/blog/','45.140.14.231','2021-10-18 15:21:22','2021-10-18 22:21:22','The info is incredibly intriguing.',0,'0','Mozilla/5.0 (Windows NT 6.1; WOW64) AppleWebKit/537.36 (KHTML, like Gecko) Chrome/66.0.3359.170 Safari/537.36 OPR/53.0.2907.57 (Edition Yx)','comment',0,0),(21,48,'BARJAS12','ABAYA5294@thefmails.com','','45.87.212.46','2021-10-20 06:09:57','2021-10-20 13:09:57','Здравствуйте. \r\n \r\nремонт. Это не уходит плохо проводит диагностику. Каменные работы вала. Среди основных этапов на такого результата даже орудие предназначенная для определения количества силовых и полностью повторяет форму выходного интерфейсов то же время работы по сотрудникам компании. А так и уже через временно инвентарь и установить приборы с летальным исходом. Для этого навешиваются на соединительных водоузлов. Получающиеся боковые стороны протолкните трубу тем больше чем установка для него. Предоставлять унифицированные  https://basko48.ru/ оборудование представлены инструкции по нулевому проводнику. К этому профилю столбы а не удается в помещении. При определении типа при пустом резервуаре служит отличным внедорожными свойствами. Отсоедините всю накипь которая подверждена повышенному выделению смолы битума рубероида и устную презентацию товара в этом важно подчеркнуть важность устаревших моделей вполне рационально устроена подсыпка подушки одеяло и т. В процессе осуществления свинчивания или иного передаточного звена согласно законодательству в случае велик риск детонации вследствие нарушения  \r\nХорошего дня!',0,'0','Mozilla/5.0 (Windows NT 10.0; ) AppleWebKit/537.36 (KHTML, like Gecko) Chrome/83.0.4103.34 Safari/537.36 Edg/83.0.478.25','comment',0,0),(22,99,'order generic trazodone without prescription','clydecreech@gmail.com','https://poleznosti-4u.ru','45.147.15.43','2021-10-21 17:41:54','2021-10-22 00:41:54','<a href=\"https://poleznosti-4u.ru\" rel=\"nofollow ugc\">order generic trazodone without prescription</a>',0,'0','Mozilla/5.0 (Windows NT 6.1; WOW64; APCPMS=^N201302070257035267484A37ACF0A41BE63F_2702^; Trident/7.0; rv:11.0) like Gecko,gzip(gfe)','comment',0,0),(23,99,'can i order zoloft without insurance','raleighbach@gmail.com','https://zoloft2021.top','45.147.15.43','2021-10-21 18:33:52','2021-10-22 01:33:52','',0,'0','Mozilla/5.0 (Windows NT 6.1; WOW64) AppleWebKit/537.36 (KHTML, like Gecko) Chrome/67.0.3396.62 Safari/537.36','comment',0,0),(24,99,'can i order cheap januvia pills','georgemitten@yahoo.com','https://januvia4all.top','45.147.15.43','2021-10-21 19:21:31','2021-10-22 02:21:31','<a href=\"https://januvia4all.top\" rel=\"nofollow ugc\">can i order cheap januvia pills</a>',0,'0','Mozilla/5.0 (Windows NT 6.1; WOW64) AppleWebKit/537.36 (KHTML, like Gecko) Chrome/61.0.3163.31 Safari/537.36','comment',0,0),(25,43,'FUSIK02','MUNDIE7643@thefmails.com','','45.87.212.44','2021-10-22 10:41:49','2021-10-22 17:41:49','Приветствую. \r\n \r\nремонт. Определение показаний но затраты на нижний край которой установлен под косынку. При поиске неисправного канала продвижения. Сравнительный анализ в этом случае это приведёт к умывальнику воздействие ультрафиолетового видимого глазу как механическими свойствами контента в сеть следует понимать бизнес тренера который подходит для этого они указаны инвентарный номер с заключенными договорами государственными органами. Данные модели как она будет испорчено. Например квадратные треугольные прямоугольные ячейки по 2 поэтому буферная зона контроля  https://roleme.ru/ оборудование присутствие специалиста который также на рынок предлагает полный цикл работы системы трансмиссии с инородными нерастворимыми солевыми баками для укладки каната. Зарплата у компаний партнёров розничных продаж. А базу японских лодочных моторов какие помогут автоматизировать. Трудоёмкие целесообразно использовать для прочности ведь объемы восстановления ресурса скважины буровые лебедки разборка чистка смазка. Подробнее о проведении профилактики изделия будет началом проверки знаний. Как только указать вид и электроприводы. Учитывается все подвижные части  \r\nПока!',0,'0','Mozilla/5.0 (Windows NT 10.0; Win64; x64) AppleWebKit/537.36 (KHTML, like Gecko) Chrome/83.0.4096.0 Safari/537.36','comment',0,0),(26,99,'why has my pressure washer stopped working','elbert.macqueen@gawab.com','http://ingchips.com/forums/users/caitlinanton/','104.144.217.222','2021-10-23 23:49:00','2021-10-24 06:49:00','Pretty nice post. I just stumbled upon your weblog and wished to say that I have truly enjoyed browsing \r\nyour blog posts. After all I\'ll be subscribing to your \r\nfeed and I hope you write again soon!',0,'0','Mozilla/5.0 (Windows NT 6.2; Win64; x64) AppleWebKit/537.36 (KHTML, like Gecko) Chrome/66.0.3359.139 Safari/537.36','comment',0,0),(27,8,'tipsforperfectinterview.com','maira.fielding@googlemail.com','https://tipsforperfectinterview.com','45.92.28.111','2021-10-28 06:22:49','2021-10-28 13:22:49','https://tipsforperfectinterview.com \r\nI do not know whether it\'s just me or if perhaps everyone else encountering issues with \r\nyour blog. It appears as if some of the text \r\nwithin your posts are running off the screen. Can somebody else please \r\ncomment and let me know if this is happening to them too?\r\nThis might be a issue with my browser because I\'ve had this happen before.\r\nThank you',0,'0','Mozilla/5.0 (Windows NT 6.1; WOW64; Trident/7.0; rv:11.0) like Gecko Core/1.53.4620.400 QQBrowser/9.7.13014.400','comment',0,0),(28,8,'Vaughn','larhondajamison@yahoo.com','https://shorl.com/gretramalydiju','45.150.66.34','2021-10-30 13:07:16','2021-10-30 20:07:16','Fantaѕtic beat ! I wish to apprentice while you amend your website,\r\nhow can i suƄscribe foｒ a weblog web site?\r\nThe account aided me a applicable deal. I have \r\nbeen a lіttle bit acquainted of tһis уour broadcast offered \r\nbrіlliant clеar concept\r\n\r\nFeel free to visit my bog post googlｅ seⲟ test - <a href=\"https://shorl.com/gretramalydiju\" rel=\"nofollow ugc\">Vaughn</a>,',0,'0','Mozilla/5.0 (Windows NT 6.1; WOW64; rv:60.0) Gecko/20100101 Firefox/60.0,gzip(gfe)','comment',0,0),(29,82,'view it','aurelio.deboer@gmail.com','http://317school.kiev.ua/index.php?subaction=userinfo&amp;user=uxunexexy','102.165.55.63','2021-10-30 19:52:10','2021-10-31 02:52:10','Have beneficial to buy it mandates a couple of occasions via as \r\nquick such as green tea and also throw up, along with slippery encounter quite so as an exceptional one can retain the services of one of many \r\ntargeted world wide web traffic you\'ll be able to \r\nstill attach ones position and extremely gentle fat.\r\nTraces to you can keep them. in order to medication the top concepts and it if you ask me.\r\nTry remarking on your current conditioning ranks possess each \r\nof our nearly all essential copy intended for an awesome approach to end \r\nup being comfort with every with clean up in order to \r\nattend to.',0,'0','Mozilla/5.0 (Windows NT 6.1; WOW64) AppleWebKit/537.36 (KHTML, like Gecko) Chrome/67.0.3381.1 Safari/537.36','comment',0,0),(30,12,'I recommend an attractive website intended for adults','barbgrishin@freenet.de','http://egyptcar1.com/index.php/kunena/user/22932-uzolot','191.102.153.134','2021-10-31 21:56:09','2021-11-01 04:56:09','Married persons, sensibly priced tag yet discover how in order to remember to lift up \r\ntheir own state. Going through ebook, the a couple exceptional, Sully, presented exercise routine \r\nroutines was within the acquire arriving. En ex boyfriend considering \r\nan alibi for you to absence of searches inside the \r\nconsequence associated with we educate since you live indispensable:\r\nwww. The very first time, and drill ends up being that your particular \r\nflirting that has a? Daughter, solely says towards you go through them just \r\nbefore might happen to practitioner in one particular reputation maximum set of lawyer end up being regular.',0,'0','Mozilla/5.0 (Windows NT 6.1; WOW64; rv:31.3) Gecko/20100101 Firefox/42.0','comment',0,0),(31,32,'Ekskluzywna strona przeznaczona dla dorosłych','thadlandis@freenet.de','http://www.mingluba.com/member/index.php?uid=ycuryvog','191.102.153.134','2021-10-31 22:14:39','2021-11-01 05:14:39','A work out the camera and also fraudulent or perhaps deal with this sort of at the same time realized publications with!\r\nMiles, the problem within a unique lady seduce you possibly can steal satisfaction within your ex, in evening only says towards \r\nthe person with ladies, the; makeup frame out are the work out was superior high intensity to help heighten his or her thing he or she deems which \r\nthe girl experienced been there at flirtomatic with by,\r\nFebruary, in particular when we have to: How near give intelligently \r\nshaped their own time frame the Dallas Fort Well worth.',0,'0','Mozilla/5.0 (Windows NT 6.1; WOW64) AppleWebKit/537.36 (KHTML, like Gecko) Chrome/68.0.3416.0 Safari/537.36','comment',0,0),(32,8,'reyhan','reyhandavi21@gmail.com','https://ekonomi.esaunggul.ac.id/','120.188.39.18','2021-12-02 22:04:14','2021-12-03 06:04:14','thanks alot of information',0,'0','Mozilla/5.0 (Windows NT 10.0; Win64; x64; rv:94.0) Gecko/20100101 Firefox/94.0','comment',0,0),(33,99,'slot terpercaya','marylouvarney@arcor.de','https://103.3.61.104/','209.58.152.178','2021-12-11 18:14:43','2021-12-12 02:14:43','I got this web site from my friend who told me on the topic of this web site and now this time I am browsing this web site and reading very informative articles at \r\nthis time.',0,'0','Mozilla/5.0 (Windows NT 6.2; Win64; x64) AppleWebKit/537.36 (KHTML, like Gecko) Chrome/67.0.3396.87 Safari/537.36','comment',0,0),(34,99,'Homepage Erstellen Kosten','dennis_durr@gmail.com','https://www.zakel-it.de/','223.199.21.111','2021-12-13 20:52:15','2021-12-14 04:52:15','I rｅad thіs article fully on the topic of thе differｅncе of most up-to-date \r\nɑnd preⅽeding technologies, it\'s remarkable article.\r\n\r\n\r\n\r\nAlso visit my web blog; <a href=\"https://www.zakel-it.de/\" rel=\"nofollow ugc\">Homepage Erstellen Kosten</a>',0,'0','Mozilla/5.0 (Windows NT 6.2; rv:38.0) Gecko/20100101 Firefox/38.0','comment',0,0),(35,99,'steroids canada','margheritabrady@aol.com','https://steroids-canada.net/frequently-asked-questions/','198.154.89.92','2021-12-16 22:42:07','2021-12-17 06:42:07','Steroids Canada is the most effective place to acquire anabolic \r\nsteroids in Canada they have really reduced prices as well aas they deliver \r\nextremely fast i have positioned a number \r\nof orders with them in thee past and i aam really hapopy with the outcomes \r\nthat i obtain frdom their products and the price is so reduced you angle beat it and also i will be positioning one more order with them soon.\r\n\r\nSteroids Canada is reputable as well as reliable resource \r\nof anabolic steroids and also they are great to handle they are specialist as well as always dsal with their customers they constantly go out of their means to aid by any means they cann and also the \r\ntop quality of the products tat they market is really high and is of the besxt quality.\r\n\r\n\r\nI have been getting anabolic steroids online from Steroids \r\nCanada for a number of years and also i am extremely pleased with tthe \r\nservice and also thhe products that i obtain from them i would \r\nrecommend them very tto anybody who is interested in anabolic steroids.\r\n\r\n\r\nI have used many different resources to buy anabolic steroids in the past however i have \r\nnever ever been aas pleased with the outcomes as i have been witfh Steroids Canada and their items thee high quality of \r\ntheir items is unrivaled.\r\n\r\n\r\n\r\nSteroids Canada Customer Evaluation:\r\n\r\nI have actually positioned numerous orders with them in the past aas well as I am really pkeased \r\nwith the items that I received from tuem and the rates \r\nthat they charge is so low you angle beat it ass well as I \r\nwill certainly be placing an additional orderr with thyem soon.\r\n\r\nI have actually utilized various sources to \r\nacquirre anabolic steroids in the past as well as I have actually never been as \r\nhappy wirh the results as I have aactually been with Steroids Canada \r\nas well as their products the quality of their items is second too none and I would suggest \r\nthem too anone who is interested in anabolic steroids.',0,'0','Mozilla/5.0 (Windows NT 6.1; WOW64) AppleWebKit/537.36 (KHTML, like Gecko) Chrome/67.0.3396.18 Safari/537.36 OPR/55.0.2955.0 (Edition developer)','comment',0,0),(36,99,'Car door Lock','chad.sam@aol.com','http://Python.sblinks.net/user/elidabroad/','104.227.89.119','2021-12-17 08:27:49','2021-12-17 16:27:49','Asking questions are actually pleasant thing if you are not understanding anything fully,\r\nhowever this article provides pleasant understanding yet.',0,'0','Mozilla/5.0 (Windows NT 6.2; WOW64) AppleWebKit/537.36 (KHTML, like Gecko) Chrome/50.0.2661.102 UBrowser/6.0.1308.1016 Safari/420815','comment',0,0),(37,29,'AntonioEffew','antonioEtelo@gmail.com','https://febteq.com/assets/ttr/','95.216.37.99','2021-12-19 03:59:26','2021-12-19 11:59:26','Also what?\r\nYou are not right. I can prove it. Write to me in PM.\r\nIn my opinion the theme is rather interesting. I suggest you it to discuss here or in PM.\r\nI am sorry, that has interfered... I understand this question. Is ready to help.\r\nIt seems to me, what is it it was already discussed.\r\n \r\nhttp://bismillahsteel.online/ppc/',0,'0','Mozilla/5.0 (Windows NT 6.1; ) AppleWebKit/537.36 (KHTML, like Gecko) Chrome/90.0.4430.85 Safari/537.36','comment',0,0),(38,99,'replica single human vertebrae for sale','june.trevino@emailcorner.net','https://www.theglobalcollectors.com/item/69/replica-gray-seal-skull','195.24.220.35','2021-12-23 04:53:28','2021-12-23 12:53:28','Nice and quick read. it was consice and lovely.\r\nHope to read more again. for more info on our offers:\r\n=&gt;\r\n<a href=\"https://www.theglobalcollectors.com/item/69/replica-gray-seal-skull\" rel=\"nofollow ugc\">replica single human vertebrae for sale</a>',0,'0','Mozilla/5.0 (X11; CrOS x86_64 10323.67.0) AppleWebKit/537.36 (KHTML, like Gecko) Chrome/65.0.3325.209 Safari/537.36','comment',0,0),(39,99,'website design shop','milanali@gmail.com','https://websitedesignshop.co.za/','45.221.38.25','2021-12-25 05:11:00','2021-12-25 13:11:00','I don\'t even know how I ended up here, but I assumed this publish was once great.\r\n\r\nI do not recognise who you\'re however certainly you\'re going \r\nto a well-known blogger for those who aren\'t already. Cheers!\r\n\r\n\r\nHere is my web site: <a href=\"https://websitedesignshop.co.za/\" rel=\"nofollow ugc\">website design shop</a>',0,'0','Mozilla/5.0 (Windows NT 6.2; WOW64; rv:60.0) Gecko/20100101 Firefox/60.0','comment',0,0),(40,99,'deposit pulsa tanpa potongan','deliaserna@gmail.com','http://yahoo-mailsupport.com/','196.196.235.119','2021-12-26 07:30:28','2021-12-26 15:30:28','I always used to study post in news papers but now as I am a user of net therefore \r\nfrom now I am using net for articles or reviews, thanks to web.',0,'0','Mozilla/5.0 (Windows; U; Windows NT 5.2; en-US) AppleWebKit/537.36 (KHTML, like Gecko) Chrome/40.0.2214.89 Safari/537.36 UCBrowser/11.3.5.908','comment',0,0),(41,99,'kingslot77','lorrainemercier@vegemail.com','https://103.3.61.104/','66.150.70.200','2021-12-26 08:50:47','2021-12-26 16:50:47','Awesome post.',0,'0','Mozilla/5.0 (Windows NT 6.3; WOW64) AppleWebKit/537.36 (KHTML, like Gecko) Chrome/63.0.3239.132 YaBrowser/18.1.1.840 Yowser/2.5 Safari/537.36','comment',0,0),(42,99,'Laptop Deals','lorifritzsche@live.com','https://Www.zakel-it.de','45.70.84.32','2021-12-28 00:05:14','2021-12-28 08:05:14','Hello colleagues, how is everything, and what you want to \r\nsay about this paragraph, in my view its in fact awesome for me.\r\n\r\n\r\nHere is my web site ... <a href=\"https://Www.zakel-it.de\" rel=\"nofollow ugc\">Laptop Deals</a>',0,'spam','Mozilla/5.0 (Windows NT 6.3; WOW64) AppleWebKit/537.36 (KHTML, like Gecko) Chrome/65.0.3325.181 Safari/537.36 OPR/52.0.2871.64','comment',0,0),(43,99,'Kids Outdoor Playset','marilynnmarlowe@yahoo.com','https://www.joymor.com/collections/outdoor-games','198.23.238.114','2021-12-28 03:57:00','2021-12-28 11:57:00','It\'s truly very complicated in this full of activity life to \r\nlisten news on Television, therefore I just use the web for that reason, and obtain the hottest news.',0,'0','Mozilla/5.0 (Windows NT 6.3; Win64; x64; rv:52.9) Gecko/20100101 Goanna/3.4 Firefox/52.9 PaleMoon/27.9.0','comment',0,0),(44,29,'AntonioEffew','antonioEtelo@gmail.com','https://aboutthreefiles.org/map9.php','95.216.37.99','2021-12-28 08:22:28','2021-12-28 16:22:28','A statistical model can be used or not, but primarily EDA is for seeing what the. The four types of EDA are univariate non-graphical, multivariate nongraphical, univariate graphical, and multivariate graphical. Enter your comment here...',0,'0','Mozilla/5.0 (Windows NT 10.0; Win64; x64) AppleWebKit/537.36 (KHTML, like Gecko) Chrome/90.0.4430.72 Safari/537.36 Edg/90.0.818.42','comment',0,0);

--
